{"id":217,"date":"2019-03-12T10:29:06","date_gmt":"2019-03-12T13:29:06","guid":{"rendered":"http:\/\/www.professores.uff.br\/marcosateixeira\/?page_id=217"},"modified":"2021-01-28T15:01:57","modified_gmt":"2021-01-28T18:01:57","slug":"ter00076-alternativas-energeticas","status":"publish","type":"page","link":"https:\/\/www.professores.uff.br\/marcosateixeira\/ter00076-alternativas-energeticas\/","title":{"rendered":"TER00076 &#8211; Alternativas-Energ\u00e9ticas"},"content":{"rendered":"<p><strong>TER00076 &#8211; Alternativas Energ\u00e9ticas \u2013 2018 &#8211; Atual<\/strong><\/p>\n<table>\n<tbody>\n<tr>\n<td width=\"171\">\n<p><div id=\"attachment_432\" style=\"width: 310px\" class=\"wp-caption alignnone\"><img loading=\"lazy\" decoding=\"async\" aria-describedby=\"caption-attachment-432\" class=\"size-medium wp-image-432\" src=\"http:\/\/www.professores.uff.br\/marcosateixeira\/wp-content\/uploads\/sites\/193\/2019\/09\/20190828_155549-e1567680465787-300x138.jpg\" alt=\"\" width=\"300\" height=\"138\" srcset=\"https:\/\/www.professores.uff.br\/marcosateixeira\/wp-content\/uploads\/sites\/193\/2019\/09\/20190828_155549-e1567680465787-300x138.jpg 300w, https:\/\/www.professores.uff.br\/marcosateixeira\/wp-content\/uploads\/sites\/193\/2019\/09\/20190828_155549-e1567680465787-768x354.jpg 768w, https:\/\/www.professores.uff.br\/marcosateixeira\/wp-content\/uploads\/sites\/193\/2019\/09\/20190828_155549-e1567680465787-1024x472.jpg 1024w\" sizes=\"auto, (max-width: 300px) 100vw, 300px\" \/><p id=\"caption-attachment-432\" class=\"wp-caption-text\">Visita ao quartel dos Bombeiros de Itaip\u00fa (2019-02)<\/p><\/div><\/td>\n<td width=\"411\">Numa \u00f3tica de aprendizagem comprometida com o meio em que o aluno e a UFF se insere, buscando operacionalizar uma metodologia de \u201cLearning by Doing\u201d, a disciplina TER00076-Alternativas Energ\u00e9ticas busca apresentar ao aluno o desafio de levar a diante uma experi\u00eancia de campo de \u2013 sob a tutela do Prof. respons\u00e1vel pela disciplina \u2013 desenvolver um trabalho a campo, aplicando os conhecimentos abordados durante o curso. A cada semestre, a turma \u00e9 apresentada \u00e0 um pr\u00e9dio (de prefer\u00eancia p\u00fablico, ou de uso da popula\u00e7\u00e3o), em que os pr\u00f3prios alunos devem \u2013 com base em visita ao local \u2013 identificar possibilidade de interven\u00e7\u00e3o e propor \u2013 com a elabora\u00e7\u00e3o de pr\u00e9-projetos \u2013 a\u00e7\u00f5es de inser\u00e7\u00e3o de energias renov\u00e1veis e\/ou alternativas que visem a redu\u00e7\u00e3o no consumo de energia e aumento da sustentabilidade no uso da edifica\u00e7\u00e3o. Como resultado, os projetos gerados, s\u00e3o apresentados aos respons\u00e1veis que passam, desta forma, a poder contar com um conjunto de estudos que possam subsidiar futuras a\u00e7\u00f5es e\/ou planejamento de reformas e adapta\u00e7\u00f5es. Esta vis\u00e3o busca adequar uma nova abordagem did\u00e1tica, assim como aproximar o aluno \u00e0s possibilidades de a\u00e7\u00f5es de extens\u00e3o universit\u00e1ria<\/td>\n<\/tr>\n<\/tbody>\n<\/table>\n<p><strong>Resultados<\/strong><\/p>\n<p><u>2019<\/u> &#8211; SIGProj N\u00b0: 320502.1779.220199.18012019<\/p>\n<p>Segundo Semestre &#8211; Quartel dos Bombeiros de Itaip\u00fa<br \/>\n(quartel de bombeiros de Itaip\u00fa, estrada Francisco da Cruz Nunes, S\/n &#8211; Itaipu, Niter\u00f3i &#8211; RJ, 24320-330)<\/p>\n<p>Trabalhos desenvolvidos:<\/p>\n<p style=\"padding-left: 40px\">Sistema de reuso de \u00e1gua para a esta\u00e7\u00e3o ado\u00e7\u00e3o das motos aqu\u00e1ticas<br \/>\nEficientiza\u00e7\u00e3o da unidade<br \/>\nIncorpora\u00e7\u00e3o de biodigestor como fonte de energia para cozinha<br \/>\nEstudo para inser\u00e7\u00e3o de energia e\u00f3lica no quartel<br \/>\nSistema fotovoltaico com back-up para as atividades da sala de monitoramento<\/p>\n<p>Primeiro Semestre &#8211; Escola Estadual Jos\u00e9 Bonif\u00e1cio<br \/>\n(R Carlos Maximiano, 20 &#8211; Fonseca, Niter\u00f3i, RJ &#8211; CEP: 24120-000)<\/p>\n<p><img loading=\"lazy\" decoding=\"async\" class=\"alignnone size-medium wp-image-451\" src=\"http:\/\/www.professores.uff.br\/marcosateixeira\/wp-content\/uploads\/sites\/193\/2019\/10\/Ext_TER076_Alt_002-300x169.jpg\" alt=\"\" width=\"300\" height=\"169\" srcset=\"https:\/\/www.professores.uff.br\/marcosateixeira\/wp-content\/uploads\/sites\/193\/2019\/10\/Ext_TER076_Alt_002-300x169.jpg 300w, https:\/\/www.professores.uff.br\/marcosateixeira\/wp-content\/uploads\/sites\/193\/2019\/10\/Ext_TER076_Alt_002-768x432.jpg 768w, https:\/\/www.professores.uff.br\/marcosateixeira\/wp-content\/uploads\/sites\/193\/2019\/10\/Ext_TER076_Alt_002-1024x576.jpg 1024w\" sizes=\"auto, (max-width: 300px) 100vw, 300px\" \/><\/p>\n<p>Trabalho desenvolvidos:<\/p>\n<p style=\"padding-left: 40px\">Desenvolvimento de bicicleta estacion\u00e1ria de 5 lugares para carregamento de Celulares &#8211; <a href=\"https:\/\/www.professores.uff.br\/marcosateixeira\/?ddownload=461\" title=\"Download\" rel=\"nofollow\" class=\"ddownload-button button-blue id-461 ext-pdf\">Download<\/a><br \/>\nEficientiza\u00e7\u00e3o da unidade<br \/>\nIncorpora\u00e7\u00e3o de biodigestor como fonte de energia para cozinha<br \/>\nSistema fotovoltaico<\/p>\n<p><u>2018<\/u><\/p>\n<p>Segundo Semestre &#8211; Escola Municipal Helena Antipoff<\/p>\n<p><img loading=\"lazy\" decoding=\"async\" class=\"alignnone size-medium wp-image-454\" src=\"http:\/\/www.professores.uff.br\/marcosateixeira\/wp-content\/uploads\/sites\/193\/2019\/10\/Ext_TER076_Alt_004-300x186.jpg\" alt=\"\" width=\"300\" height=\"186\" srcset=\"https:\/\/www.professores.uff.br\/marcosateixeira\/wp-content\/uploads\/sites\/193\/2019\/10\/Ext_TER076_Alt_004-300x186.jpg 300w, https:\/\/www.professores.uff.br\/marcosateixeira\/wp-content\/uploads\/sites\/193\/2019\/10\/Ext_TER076_Alt_004-768x476.jpg 768w, https:\/\/www.professores.uff.br\/marcosateixeira\/wp-content\/uploads\/sites\/193\/2019\/10\/Ext_TER076_Alt_004.jpg 840w\" sizes=\"auto, (max-width: 300px) 100vw, 300px\" \/><\/p>\n<p>Projeto da Disciplina Diminui\u00e7\u00e3o Radia\u00e7\u00e3o Direta &#8211; <a href=\"https:\/\/www.professores.uff.br\/marcosateixeira\/?ddownload=463\" title=\"Download\" rel=\"nofollow\" class=\"ddownload-button button-blue id-463 ext-pdf\">Download<\/a><br \/>\nTCC &#8211; Com c\u00e1lculo de reuso de \u00e1gua de chuva e caixa sep. de \u00f3leo &#8211; <a href=\"https:\/\/app.uff.br\/riuff\/handle\/1\/2128\" target=\"_blank\" rel=\"noopener noreferrer\">Rep.<\/a><\/p>\n<p>Primeiro Semestre &#8211; Restaurante municipal de Niter\u00f3i<\/p>\n<p><img loading=\"lazy\" decoding=\"async\" class=\"size-medium wp-image-452\" src=\"http:\/\/www.professores.uff.br\/marcosateixeira\/wp-content\/uploads\/sites\/193\/2019\/10\/Ext_TER076_Alt_003-300x225.jpg\" alt=\"\" width=\"300\" height=\"225\" srcset=\"https:\/\/www.professores.uff.br\/marcosateixeira\/wp-content\/uploads\/sites\/193\/2019\/10\/Ext_TER076_Alt_003-300x225.jpg 300w, https:\/\/www.professores.uff.br\/marcosateixeira\/wp-content\/uploads\/sites\/193\/2019\/10\/Ext_TER076_Alt_003.jpg 671w\" sizes=\"auto, (max-width: 300px) 100vw, 300px\" \/><\/p>\n<p>TCC &#8211; C\u00e1lculo de Pain\u00e9is solares para aquecer \u00e1gua para cozinha industrial &#8211; <a href=\"https:\/\/app.uff.br\/riuff\/handle\/1\/5487\" target=\"_blank\" rel=\"noopener noreferrer\">Rep.<\/a><\/p>\n<p><u>2017<\/u><\/p>\n<p>Segundo Semestre &#8211; Refeit\u00f3rio &#8211; Base de Hidrografia da Marinha em Niter\u00f3i<\/p>\n<p><img loading=\"lazy\" decoding=\"async\" class=\"alignnone size-medium wp-image-455\" src=\"http:\/\/www.professores.uff.br\/marcosateixeira\/wp-content\/uploads\/sites\/193\/2019\/10\/Ext_TER076_Alt_005-300x169.jpg\" alt=\"\" width=\"300\" height=\"169\" srcset=\"https:\/\/www.professores.uff.br\/marcosateixeira\/wp-content\/uploads\/sites\/193\/2019\/10\/Ext_TER076_Alt_005-300x169.jpg 300w, https:\/\/www.professores.uff.br\/marcosateixeira\/wp-content\/uploads\/sites\/193\/2019\/10\/Ext_TER076_Alt_005-768x432.jpg 768w, https:\/\/www.professores.uff.br\/marcosateixeira\/wp-content\/uploads\/sites\/193\/2019\/10\/Ext_TER076_Alt_005.jpg 882w\" sizes=\"auto, (max-width: 300px) 100vw, 300px\" \/><\/p>\n<p>TCC Maquete eletr\u00f4nica e c\u00e1lculo envolt\u00f3ria e estudo de ambi\u00eancia &#8211; <a href=\"https:\/\/www.professores.uff.br\/marcosateixeira\/?ddownload=457\" title=\"Download\" rel=\"nofollow\" class=\"ddownload-button button-blue id-457 ext-pdf\">Download<\/a>&nbsp; \/&nbsp; <code><a href=\"https:\/\/www.professores.uff.br\/marcosateixeira\/?ddownload=459\" title=\"Download\" rel=\"nofollow\" class=\"ddownload-button button-blue id-459 ext-pdf\">Download<\/a><\/code><\/p>\n<p>Primeiro Semestre &#8211; POIT &#8211; Ilha de Trindade<\/p>\n","protected":false},"excerpt":{"rendered":"<p>TER00076 &#8211; Alternativas Energ\u00e9ticas \u2013 2018 &#8211; Atual Numa \u00f3tica de aprendizagem comprometida com o meio em que o aluno e a UFF se insere, buscando operacionalizar uma metodologia de \u201cLearning by Doing\u201d, a disciplina TER00076-Alternativas Energ\u00e9ticas busca apresentar ao aluno o desafio de levar a diante uma experi\u00eancia de campo de \u2013 sob a [&hellip;]<\/p>\n","protected":false},"author":211,"featured_media":0,"parent":0,"menu_order":0,"comment_status":"closed","ping_status":"closed","template":"","meta":{"_exactmetrics_skip_tracking":false,"_exactmetrics_sitenote_active":false,"_exactmetrics_sitenote_note":"","_exactmetrics_sitenote_category":0,"footnotes":""},"categories":[],"tags":[16,13,14,12,10],"class_list":["post-217","page","type-page","status-publish","hentry","tag-extensao","tag-marcos-uff","tag-marcosateixeira","tag-marcosteixeira581","tag-uff"],"_links":{"self":[{"href":"https:\/\/www.professores.uff.br\/marcosateixeira\/wp-json\/wp\/v2\/pages\/217","targetHints":{"allow":["GET"]}}],"collection":[{"href":"https:\/\/www.professores.uff.br\/marcosateixeira\/wp-json\/wp\/v2\/pages"}],"about":[{"href":"https:\/\/www.professores.uff.br\/marcosateixeira\/wp-json\/wp\/v2\/types\/page"}],"author":[{"embeddable":true,"href":"https:\/\/www.professores.uff.br\/marcosateixeira\/wp-json\/wp\/v2\/users\/211"}],"replies":[{"embeddable":true,"href":"https:\/\/www.professores.uff.br\/marcosateixeira\/wp-json\/wp\/v2\/comments?post=217"}],"version-history":[{"count":16,"href":"https:\/\/www.professores.uff.br\/marcosateixeira\/wp-json\/wp\/v2\/pages\/217\/revisions"}],"predecessor-version":[{"id":955,"href":"https:\/\/www.professores.uff.br\/marcosateixeira\/wp-json\/wp\/v2\/pages\/217\/revisions\/955"}],"wp:attachment":[{"href":"https:\/\/www.professores.uff.br\/marcosateixeira\/wp-json\/wp\/v2\/media?parent=217"}],"wp:term":[{"taxonomy":"category","embeddable":true,"href":"https:\/\/www.professores.uff.br\/marcosateixeira\/wp-json\/wp\/v2\/categories?post=217"},{"taxonomy":"post_tag","embeddable":true,"href":"https:\/\/www.professores.uff.br\/marcosateixeira\/wp-json\/wp\/v2\/tags?post=217"}],"curies":[{"name":"wp","href":"https:\/\/api.w.org\/{rel}","templated":true}]}}

TER00076 &#8211; Alternativas-Energéticas

<p><strong>TER00076 &#8211; Alternativas Energéticas – 2018 &#8211; Atual</strong></p>
<table>
<tbody>
<tr>
<td width="171">
<p><div id="attachment_432" style="width: 310px" class="wp-caption alignnone"><img loading="lazy" decoding="async" aria-describedby="caption-attachment-432" class="size-medium wp-image-432" src="http://www.professores.uff.br/marcosateixeira/wp-content/uploads/sites/193/2019/09/20190828_155549-e1567680465787-300x138.jpg" alt="" width="300" height="138" srcset="https://www.professores.uff.br/marcosateixeira/wp-content/uploads/sites/193/2019/09/20190828_155549-e1567680465787-300x138.jpg 300w, https://www.professores.uff.br/marcosateixeira/wp-content/uploads/sites/193/2019/09/20190828_155549-e1567680465787-768x354.jpg 768w, https://www.professores.uff.br/marcosateixeira/wp-content/uploads/sites/193/2019/09/20190828_155549-e1567680465787-1024x472.jpg 1024w" sizes="auto, (max-width: 300px) 100vw, 300px" /><p id="caption-attachment-432" class="wp-caption-text">Visita ao quartel dos Bombeiros de Itaipú (2019-02)</p></div></td>
<td width="411">Numa ótica de aprendizagem comprometida com o meio em que o aluno e a UFF se insere, buscando operacionalizar uma metodologia de “Learning by Doing”, a disciplina TER00076-Alternativas Energéticas busca apresentar ao aluno o desafio de levar a diante uma experiência de campo de – sob a tutela do Prof. responsável pela disciplina – desenvolver um trabalho a campo, aplicando os conhecimentos abordados durante o curso. A cada semestre, a turma é apresentada à um prédio (de preferência público, ou de uso da população), em que os próprios alunos devem – com base em visita ao local – identificar possibilidade de intervenção e propor – com a elaboração de pré-projetos – ações de inserção de energias renováveis e/ou alternativas que visem a redução no consumo de energia e aumento da sustentabilidade no uso da edificação. Como resultado, os projetos gerados, são apresentados aos responsáveis que passam, desta forma, a poder contar com um conjunto de estudos que possam subsidiar futuras ações e/ou planejamento de reformas e adaptações. Esta visão busca adequar uma nova abordagem didática, assim como aproximar o aluno às possibilidades de ações de extensão universitária</td>
</tr>
</tbody>
</table>
<p><strong>Resultados</strong></p>
<p><u>2019</u> &#8211; SIGProj N°: 320502.1779.220199.18012019</p>
<p>Segundo Semestre &#8211; Quartel dos Bombeiros de Itaipú<br />
(quartel de bombeiros de Itaipú, estrada Francisco da Cruz Nunes, S/n &#8211; Itaipu, Niterói &#8211; RJ, 24320-330)</p>
<p>Trabalhos desenvolvidos:</p>
<p style="padding-left: 40px">Sistema de reuso de água para a estação adoção das motos aquáticas<br />
Eficientização da unidade<br />
Incorporação de biodigestor como fonte de energia para cozinha<br />
Estudo para inserção de energia eólica no quartel<br />
Sistema fotovoltaico com back-up para as atividades da sala de monitoramento</p>
<p>Primeiro Semestre &#8211; Escola Estadual José Bonifácio<br />
(R Carlos Maximiano, 20 &#8211; Fonseca, Niterói, RJ &#8211; CEP: 24120-000)</p>
<p><img loading="lazy" decoding="async" class="alignnone size-medium wp-image-451" src="http://www.professores.uff.br/marcosateixeira/wp-content/uploads/sites/193/2019/10/Ext_TER076_Alt_002-300x169.jpg" alt="" width="300" height="169" srcset="https://www.professores.uff.br/marcosateixeira/wp-content/uploads/sites/193/2019/10/Ext_TER076_Alt_002-300x169.jpg 300w, https://www.professores.uff.br/marcosateixeira/wp-content/uploads/sites/193/2019/10/Ext_TER076_Alt_002-768x432.jpg 768w, https://www.professores.uff.br/marcosateixeira/wp-content/uploads/sites/193/2019/10/Ext_TER076_Alt_002-1024x576.jpg 1024w" sizes="auto, (max-width: 300px) 100vw, 300px" /></p>
<p>Trabalho desenvolvidos:</p>
<p style="padding-left: 40px">Desenvolvimento de bicicleta estacionária de 5 lugares para carregamento de Celulares &#8211; <a href="https://www.professores.uff.br/marcosateixeira/?ddownload=461" title="Download" rel="nofollow" class="ddownload-button button-blue id-461 ext-pdf">Download</a><br />
Eficientização da unidade<br />
Incorporação de biodigestor como fonte de energia para cozinha<br />
Sistema fotovoltaico</p>
<p><u>2018</u></p>
<p>Segundo Semestre &#8211; Escola Municipal Helena Antipoff</p>
<p><img loading="lazy" decoding="async" class="alignnone size-medium wp-image-454" src="http://www.professores.uff.br/marcosateixeira/wp-content/uploads/sites/193/2019/10/Ext_TER076_Alt_004-300x186.jpg" alt="" width="300" height="186" srcset="https://www.professores.uff.br/marcosateixeira/wp-content/uploads/sites/193/2019/10/Ext_TER076_Alt_004-300x186.jpg 300w, https://www.professores.uff.br/marcosateixeira/wp-content/uploads/sites/193/2019/10/Ext_TER076_Alt_004-768x476.jpg 768w, https://www.professores.uff.br/marcosateixeira/wp-content/uploads/sites/193/2019/10/Ext_TER076_Alt_004.jpg 840w" sizes="auto, (max-width: 300px) 100vw, 300px" /></p>
<p>Projeto da Disciplina Diminuição Radiação Direta &#8211; <a href="https://www.professores.uff.br/marcosateixeira/?ddownload=463" title="Download" rel="nofollow" class="ddownload-button button-blue id-463 ext-pdf">Download</a><br />
TCC &#8211; Com cálculo de reuso de água de chuva e caixa sep. de óleo &#8211; <a href="https://app.uff.br/riuff/handle/1/2128" target="_blank" rel="noopener noreferrer">Rep.</a></p>
<p>Primeiro Semestre &#8211; Restaurante municipal de Niterói</p>
<p><img loading="lazy" decoding="async" class="size-medium wp-image-452" src="http://www.professores.uff.br/marcosateixeira/wp-content/uploads/sites/193/2019/10/Ext_TER076_Alt_003-300x225.jpg" alt="" width="300" height="225" srcset="https://www.professores.uff.br/marcosateixeira/wp-content/uploads/sites/193/2019/10/Ext_TER076_Alt_003-300x225.jpg 300w, https://www.professores.uff.br/marcosateixeira/wp-content/uploads/sites/193/2019/10/Ext_TER076_Alt_003.jpg 671w" sizes="auto, (max-width: 300px) 100vw, 300px" /></p>
<p>TCC &#8211; Cálculo de Painéis solares para aquecer água para cozinha industrial &#8211; <a href="https://app.uff.br/riuff/handle/1/5487" target="_blank" rel="noopener noreferrer">Rep.</a></p>
<p><u>2017</u></p>
<p>Segundo Semestre &#8211; Refeitório &#8211; Base de Hidrografia da Marinha em Niterói</p>
<p><img loading="lazy" decoding="async" class="alignnone size-medium wp-image-455" src="http://www.professores.uff.br/marcosateixeira/wp-content/uploads/sites/193/2019/10/Ext_TER076_Alt_005-300x169.jpg" alt="" width="300" height="169" srcset="https://www.professores.uff.br/marcosateixeira/wp-content/uploads/sites/193/2019/10/Ext_TER076_Alt_005-300x169.jpg 300w, https://www.professores.uff.br/marcosateixeira/wp-content/uploads/sites/193/2019/10/Ext_TER076_Alt_005-768x432.jpg 768w, https://www.professores.uff.br/marcosateixeira/wp-content/uploads/sites/193/2019/10/Ext_TER076_Alt_005.jpg 882w" sizes="auto, (max-width: 300px) 100vw, 300px" /></p>
<p>TCC Maquete eletrônica e cálculo envoltória e estudo de ambiência &#8211; <a href="https://www.professores.uff.br/marcosateixeira/?ddownload=457" title="Download" rel="nofollow" class="ddownload-button button-blue id-457 ext-pdf">Download</a>&nbsp; /&nbsp; <code><a href="https://www.professores.uff.br/marcosateixeira/?ddownload=459" title="Download" rel="nofollow" class="ddownload-button button-blue id-459 ext-pdf">Download</a></code></p>
<p>Primeiro Semestre &#8211; POIT &#8211; Ilha de Trindade</p>

<p>TER00076 &#8211; Alternativas Energéticas – 2018 &#8211; Atual Numa ótica de aprendizagem comprometida com o meio em que o aluno e a UFF se insere, buscando operacionalizar uma metodologia de “Learning by Doing”, a disciplina TER00076-Alternativas Energéticas busca apresentar ao aluno o desafio de levar a diante uma experiência de campo de – sob a [&hellip;]</p>
