{"id":335,"date":"2017-08-07T12:07:03","date_gmt":"2017-08-07T15:07:03","guid":{"rendered":"http:\/\/www.professores.uff.br\/marlenedieguez\/?page_id=335"},"modified":"2017-08-07T12:07:03","modified_gmt":"2017-08-07T15:07:03","slug":"calculo-iii-a-2015-1-textos-e-bibliografia","status":"publish","type":"page","link":"https:\/\/www.professores.uff.br\/marlenedieguez\/calculo-iii-a-2015-1-textos-e-bibliografia\/","title":{"rendered":"C\u00e1lculo III-A 2015-1 Textos e Bibliografia"},"content":{"rendered":"\n<table id=\"tablepress-8\" class=\"tablepress tablepress-id-8\">\n<thead>\n<tr class=\"row-1\">\n\t<th class=\"column-1\">TEXTOS E BIBLIOGRAFIA<br \/>\n<br \/>\n<\/th>\n<\/tr>\n<\/thead>\n<tbody class=\"row-striping row-hover\">\n<tr class=\"row-2\">\n\t<td class=\"column-1\">Texto de Notas de Aula de Ensino Semipresencial, Rioco K. Barreto e M. Lucia S. Menezes, UFF\/GMA<br \/>\n(para acessar, clique em cada m\u00f3dulo)<br \/>\n <br \/>\nM\u00f3dulo 1:    <a href=\"http:\/\/www.professores.uff.br\/marlenedieguez\/wp-content\/uploads\/sites\/53\/2017\/08\/M01_aluno.pdf\">Integrais Duplas. C\u00e1lculo de Integrais Duplas em Regi\u00f5es mais Gerais.<\/a><br \/>\n <br \/>\nM\u00f3dulo 2:  <a href=\"http:\/\/www.professores.uff.br\/marlenedieguez\/wp-content\/uploads\/sites\/53\/2017\/08\/M02_aluno.pdf\"> Mudan\u00e7a de Vari\u00e1veis na Integral Dupla. Integral Dupla em coordenadas Polares.<\/a><br \/>\n <br \/>\nM\u00f3dulo 3:  <a href=\"http:\/\/www.professores.uff.br\/marlenedieguez\/wp-content\/uploads\/sites\/53\/2017\/08\/M03_aluno_1.pdf\"> Aplica\u00e7\u00f5es das Integrais Duplas. Simetria em Integral Dupla.<\/a><br \/>\n <br \/>\nM\u00f3dulo 4:   <a href=\"http:\/\/www.professores.uff.br\/marlenedieguez\/wp-content\/uploads\/sites\/53\/2017\/08\/M04_aluno.pdf\">Integrais Triplas. Redu\u00e7\u00e3o do C\u00e1lculo da Integral Tripla a uma Integral Dupla.<\/a><br \/>\n <br \/>\n <br \/>\nM\u00f3dulo 5:   <a href=\"http:\/\/www.professores.uff.br\/marlenedieguez\/wp-content\/uploads\/sites\/53\/2017\/08\/M05_aluno.pdf\">Mudan\u00e7a de Vari\u00e1veis na Integral. Integral Tripla em Coordenadas Cil\u00edndrica e Esf\u00e9ricas.<\/a><br \/>\n <br \/>\nM\u00f3dulo 6:   <a href=\"http:\/\/www.professores.uff.br\/marlenedieguez\/wp-content\/uploads\/sites\/53\/2017\/08\/M06_aluno_1.pdf\">Curvas Parametrizadas. Integral de Linha em Campo Escalar.<\/a><br \/>\n <br \/>\nM\u00f3dulo 7:  <a href=\"http:\/\/www.professores.uff.br\/marlenedieguez\/wp-content\/uploads\/sites\/53\/2017\/08\/M07_aluno.pdf\"> Aplica\u00e7\u00f5es da Integral de Linha em Campo Escalar. Campos Vetoriais.<\/a><br \/>\n <br \/>\nM\u00f3dulo 8:  <a href=\"http:\/\/www.professores.uff.br\/marlenedieguez\/wp-content\/uploads\/sites\/53\/2017\/08\/M08_aluno_1.pdf\"> Aplica\u00e7\u00f5es da Integral de Linha de Campo Vetorial. Campos conservativos.<\/a><br \/>\n <br \/>\nM\u00f3dulo 9:   <a href=\"http:\/\/www.professores.uff.br\/marlenedieguez\/wp-content\/uploads\/sites\/53\/2017\/08\/M09_aluno.pdf\">Teorema de Green. Teorema das Quatro Equival\u00eancias<\/a>.<br \/>\n <br \/>\nM\u00f3dulo 10:  <a href=\"http:\/\/www.professores.uff.br\/marlenedieguez\/wp-content\/uploads\/sites\/53\/2017\/08\/M10_aluno.pdf\"> Superf\u00edcies parametrizadas. \u00c1rea de Superf\u00edcie.<\/a><br \/>\n <br \/>\nM\u00f3dulo 11:   <a href=\"http:\/\/www.professores.uff.br\/marlenedieguez\/wp-content\/uploads\/sites\/53\/2017\/08\/M11_aluno.pdf\">Integral de Superf\u00edcie de um Campo Escalar. Aplica\u00e7\u00f5es \u00e0 F\u00edsica<\/a>.<br \/>\n <br \/>\nM\u00f3dulo 12:   <a href=\"http:\/\/www.professores.uff.br\/marlenedieguez\/wp-content\/uploads\/sites\/53\/2017\/08\/M12_aluno.pdf\">Integral de Superf\u00edcie de um Campo Vetorial<\/a>.<br \/>\n <br \/>\nM\u00f3dulo 13:  <a href=\"http:\/\/www.professores.uff.br\/marlenedieguez\/wp-content\/uploads\/sites\/53\/2017\/08\/M13_aluno.pdf\"> Teorema de Gauss. <\/a><br \/>\n<br \/>\nM\u00f3dulo 14:  <a href=\"http:\/\/www.professores.uff.br\/marlenedieguez\/wp-content\/uploads\/sites\/53\/2017\/08\/M14_aluno.pdf\"> Teorema de Stokes.<\/a><\/td>\n<\/tr>\n<tr class=\"row-3\">\n\t<td class=\"column-1\">Pinto, Diomara e Morgado, Maria C\u00e2ndida Ferreira. C\u00e1lculo Diferencial e Integral de Fun\u00e7\u00f5es de V\u00e1rias Vari\u00e1veis, Editora UFRJ<br \/>\n<br \/>\n<\/td>\n<\/tr>\n<tr class=\"row-4\">\n\t<td class=\"column-1\">Stewart, James; C\u00e1lculo; Vol. II; Editora Pioneira.<br \/>\n<br \/>\n<\/td>\n<\/tr>\n<\/tbody>\n<\/table>\n<!-- #tablepress-8 from cache -->\n","protected":false},"excerpt":{"rendered":"","protected":false},"author":22,"featured_media":0,"parent":0,"menu_order":0,"comment_status":"closed","ping_status":"closed","template":"","meta":{"_exactmetrics_skip_tracking":false,"_exactmetrics_sitenote_active":false,"_exactmetrics_sitenote_note":"","_exactmetrics_sitenote_category":0,"footnotes":""},"categories":[5],"tags":[],"class_list":["post-335","page","type-page","status-publish","hentry","category-tabelas"],"_links":{"self":[{"href":"https:\/\/www.professores.uff.br\/marlenedieguez\/wp-json\/wp\/v2\/pages\/335","targetHints":{"allow":["GET"]}}],"collection":[{"href":"https:\/\/www.professores.uff.br\/marlenedieguez\/wp-json\/wp\/v2\/pages"}],"about":[{"href":"https:\/\/www.professores.uff.br\/marlenedieguez\/wp-json\/wp\/v2\/types\/page"}],"author":[{"embeddable":true,"href":"https:\/\/www.professores.uff.br\/marlenedieguez\/wp-json\/wp\/v2\/users\/22"}],"replies":[{"embeddable":true,"href":"https:\/\/www.professores.uff.br\/marlenedieguez\/wp-json\/wp\/v2\/comments?post=335"}],"version-history":[{"count":1,"href":"https:\/\/www.professores.uff.br\/marlenedieguez\/wp-json\/wp\/v2\/pages\/335\/revisions"}],"predecessor-version":[{"id":336,"href":"https:\/\/www.professores.uff.br\/marlenedieguez\/wp-json\/wp\/v2\/pages\/335\/revisions\/336"}],"wp:attachment":[{"href":"https:\/\/www.professores.uff.br\/marlenedieguez\/wp-json\/wp\/v2\/media?parent=335"}],"wp:term":[{"taxonomy":"category","embeddable":true,"href":"https:\/\/www.professores.uff.br\/marlenedieguez\/wp-json\/wp\/v2\/categories?post=335"},{"taxonomy":"post_tag","embeddable":true,"href":"https:\/\/www.professores.uff.br\/marlenedieguez\/wp-json\/wp\/v2\/tags?post=335"}],"curies":[{"name":"wp","href":"https:\/\/api.w.org\/{rel}","templated":true}]}}