{"id":52,"date":"2017-09-28T13:03:37","date_gmt":"2017-09-28T16:03:37","guid":{"rendered":"http:\/\/www.professores.uff.br\/mitre\/?page_id=52"},"modified":"2026-04-02T19:46:12","modified_gmt":"2026-04-02T22:46:12","slug":"engenharia-de-reservatorios","status":"publish","type":"page","link":"https:\/\/www.professores.uff.br\/mitre\/engenharia-de-reservatorios\/","title":{"rendered":"Engenharia de Reservat\u00f3rios"},"content":{"rendered":"\n<h3 class=\"wp-block-heading\">Material complementar<\/h3>\n\n\n\n<ul class=\"wp-block-list\">\n<li><a href=\"https:\/\/drive.google.com\/file\/d\/1LLG-7QiDqAieFcIzalNePXxTZVzeKbYP\/view?usp=sharing\" target=\"_blank\" rel=\"noreferrer noopener\">Ementa e Bibliografia<\/a><\/li>\n\n\n\n<li>Video: <a href=\"https:\/\/www.youtube.com\/watch?v=MMRB0ZVFcMI\" target=\"_blank\" rel=\"noreferrer noopener\">ALP &#8211; Gerenciamento de Reservat\u00f3rio: Entrevista com Serugue Santiago<\/a><\/li>\n\n\n\n<li><a href=\"https:\/\/drive.google.com\/file\/d\/1fwWl3ol7ZnTbO8JVgzNywKlxFH9wg4rF\/view?usp=sharing\" target=\"_blank\" rel=\"noreferrer noopener\">01. Introdu\u00e7\u00e3o<\/a><\/li>\n\n\n\n<li><a href=\"https:\/\/drive.google.com\/file\/d\/1Il4o_FKzHFatn6e8-uqMx-o6KEPl9IVn\/view?usp=sharing\" data-type=\"link\" data-id=\"https:\/\/drive.google.com\/file\/d\/1Il4o_FKzHFatn6e8-uqMx-o6KEPl9IVn\/view?usp=sharing\" target=\"_blank\" rel=\"noreferrer noopener\">02. Mecanismos de Produ\u00e7\u00e3o<\/a><\/li>\n\n\n\n<li><a href=\"https:\/\/drive.google.com\/file\/d\/1RA86nIkDHN_oVnPuhW72A9HH7iPiiiZd\/view?usp=sharing\" target=\"_blank\" rel=\"noreferrer noopener\">03. Lei de Darcy e Equa\u00e7\u00e3o da Difusividade Hidr\u00e1ulica<\/a><\/li>\n\n\n\n<li><a href=\"https:\/\/drive.google.com\/file\/d\/1mYSlbDd1CzLAtyVtteFaJdgupsNpLq13\/view?usp=sharing\" target=\"_blank\" rel=\"noreferrer noopener\">04. Solu\u00e7\u00f5es Anal\u00edticas da Equa\u00e7\u00e3o da Difusividade Hidr\u00e1ulica e Superposi\u00e7\u00e3o de Efeitos<\/a><\/li>\n\n\n\n<li><a href=\"https:\/\/drive.google.com\/file\/d\/1i2fKatWmOCEtu8by19mIxsPVBTs3t1PO\/view?usp=sharing\" target=\"_blank\" rel=\"noreferrer noopener\">05. Equa\u00e7\u00e3o da Difusividade e suas Solu\u00e7\u00f5es para reservat\u00f3rios de g\u00e1s<\/a><\/li>\n\n\n\n<li><a href=\"https:\/\/drive.google.com\/file\/d\/1nHh3WtNr8LqdlKz8ujl_SW27RtyTXE2X\/view?usp=sharing\" target=\"_blank\" rel=\"noreferrer noopener\">06. Dano, Est\u00edmulo, \u00cdndice de Produtividade, Cones de \u00c1gua e G\u00e1s e outros t\u00f3picos<\/a><\/li>\n\n\n\n<li><a href=\"https:\/\/drive.google.com\/file\/d\/1iS27cdOBR9559Z7tgymq2yGY08SZnW-F\/view?usp=sharing\" target=\"_blank\" rel=\"noreferrer noopener\">07. Influxo de \u00c1gua<\/a><\/li>\n\n\n\n<li><a href=\"https:\/\/drive.google.com\/file\/d\/1Ovpvz8M-nOKavr3b3v2OATkB20MlSxg7\/view?usp=sharing\">Modelos de Press\u00e3o Adimensional de Aqu\u00edferos<\/a><\/li>\n\n\n\n<li><a href=\"https:\/\/drive.google.com\/file\/d\/12LYuNXzWquCXXzEiqBbGHBNYr9kywrVa\/view?usp=sharing\" target=\"_blank\" rel=\"noreferrer noopener\">08. Algoritmos de Regress\u00e3o<\/a><\/li>\n\n\n\n<li><a href=\"https:\/\/drive.google.com\/file\/d\/1FRr-nap5mUKmilWT6lx_9aqKZRD2MeY1\/view?usp=sharing\">09. Balan\u00e7o de Massa em Reservat\u00f3rios de G\u00e1s<\/a><\/li>\n\n\n\n<li><a href=\"https:\/\/drive.google.com\/file\/d\/1TmTQhSsqygWSofLQUbyhBqKdspeYQWQM\/view?usp=sharing\">10. Balan\u00e7o de Massa em Reservat\u00f3rios de \u00d3leo<\/a><\/li>\n\n\n\n<li><a href=\"https:\/\/drive.google.com\/file\/d\/18stfHwJCdVsc__uDZYpCs5qHLBMp5lOQ\/view?usp=sharing\">11. Decl\u00ednio de Produ\u00e7\u00e3o em Reservat\u00f3rios<\/a><\/li>\n<\/ul>\n\n\n\n<h3 class=\"wp-block-heading\">&nbsp;Lista de exerc\u00edcios<\/h3>\n\n\n\n<p>A entrega n\u00e3o \u00e9 obrigat\u00f3ria<\/p>\n\n\n\n<ul class=\"wp-block-list\">\n<li><a href=\"https:\/\/drive.google.com\/file\/d\/18l1UDB2VudaqGcesXL542D8aBWm3ur3d\/view?usp=sharing\" target=\"_blank\" rel=\"noreferrer noopener\"><strong>Lista 1<\/strong><\/a><\/li>\n\n\n\n<li><strong>Lista 2<\/strong>: Exerc\u00edcios do <strong>cap\u00edtulo 2<\/strong>: 2.6, 2.10 at\u00e9 2.19 e <strong>cap. 3<\/strong>: 3.1 at\u00e9 3.11<\/li>\n\n\n\n<li><strong>Lista 3<\/strong>: Todos os exerc\u00edcios do <strong>cap\u00edtulos 3 e 4<\/strong> &#8211; Lista extra em <a href=\"https:\/\/drive.google.com\/file\/d\/1_UhJNVocD17zTVKRqivLqHp6qSVe6ezz\/view?usp=sharing\" target=\"_blank\" rel=\"noreferrer noopener\">PDF<\/a><\/li>\n\n\n\n<li><strong>Lista 4<\/strong>: Exerc\u00edcios do <strong>cap\u00edtulo 6<\/strong>: todos<\/li>\n\n\n\n<li><strong>Lista 5<\/strong>: Exerc\u00edcios do <strong>cap\u00edtulo 7<\/strong>:&nbsp; 7.1 at\u00e9 7.5<\/li>\n\n\n\n<li><strong>Lista 6<\/strong>: Exerc\u00edcios do <strong>cap\u00edtulo 8 e 9<\/strong>: todos<\/li>\n\n\n\n<li><strong>Lista 7<\/strong>: Exerc\u00edcios do <strong>cap\u00edtulo 10:<\/strong> 10.1 at\u00e9 10.10 e <strong>cap. 11<\/strong>: 11.1 at\u00e9 11.4. &#8211; Lista extra em <a href=\"https:\/\/drive.google.com\/file\/d\/1NWA7DA2h5LR-CBIU5NSqHI4nb6-8N05b\/view?usp=sharing\" target=\"_blank\" rel=\"noreferrer noopener\">PDF<\/a><\/li>\n<\/ul>\n\n\n\n<h3 class=\"wp-block-heading\">Trabalhos<\/h3>\n\n\n\n<ul class=\"wp-block-list\">\n<li>Ser\u00e3o informados em sala no momento adequado<\/li>\n\n\n\n<li>V\u00eddeos no YouTube para nosso canal: <a href=\"https:\/\/www.youtube.com\/@mundoengquipetro\">https:\/\/www.youtube.com\/@mundoengquipetro<\/a><\/li>\n<\/ul>\n\n\n\n<h3 class=\"wp-block-heading\">Sala de aula<\/h3>\n\n\n\n<ul class=\"wp-block-list\">\n<li><strong>Dia<\/strong>: Sexta &#8211; Feira<\/li>\n\n\n\n<li><strong>Hor\u00e1rio<\/strong>: 09-13h<\/li>\n\n\n\n<li><strong>Sala:<\/strong> 307-A. Bloco D<\/li>\n<\/ul>\n\n\n\n<h3 class=\"wp-block-heading\">Agenda da disciplina<\/h3>\n\n\n\n<ul class=\"wp-block-list\">\n<li><strong>Entrega dos trabalhos:<\/strong> 26\/06\/2026 &#8212; 03\/07\/2026<\/li>\n\n\n\n<li><strong>Prova 1<\/strong>: 15\/05\/2026<\/li>\n\n\n\n<li><strong>Prova 2<\/strong>: 26\/06\/2026<\/li>\n\n\n\n<li><strong>VR<\/strong>: 03\/07\/2026<\/li>\n\n\n\n<li><strong>VS:<\/strong> 10\/07\/2026<\/li>\n<\/ul>\n\n\n\n<h3 class=\"wp-block-heading\">Nota Final:   NF = (P1*2 + P2*3 + NT)\/6<\/h3>\n","protected":false},"excerpt":{"rendered":"<p>Material complementar &nbsp;Lista de exerc\u00edcios A entrega n\u00e3o \u00e9 obrigat\u00f3ria Trabalhos Sala de aula Agenda da disciplina Nota Final: NF = (P1*2 + P2*3 + NT)\/6<\/p>\n","protected":false},"author":152,"featured_media":0,"parent":0,"menu_order":0,"comment_status":"closed","ping_status":"closed","template":"","meta":{"_exactmetrics_skip_tracking":false,"_exactmetrics_sitenote_active":false,"_exactmetrics_sitenote_note":"","_exactmetrics_sitenote_category":0,"footnotes":""},"categories":[],"tags":[],"class_list":["post-52","page","type-page","status-publish","hentry"],"_links":{"self":[{"href":"https:\/\/www.professores.uff.br\/mitre\/wp-json\/wp\/v2\/pages\/52","targetHints":{"allow":["GET"]}}],"collection":[{"href":"https:\/\/www.professores.uff.br\/mitre\/wp-json\/wp\/v2\/pages"}],"about":[{"href":"https:\/\/www.professores.uff.br\/mitre\/wp-json\/wp\/v2\/types\/page"}],"author":[{"embeddable":true,"href":"https:\/\/www.professores.uff.br\/mitre\/wp-json\/wp\/v2\/users\/152"}],"replies":[{"embeddable":true,"href":"https:\/\/www.professores.uff.br\/mitre\/wp-json\/wp\/v2\/comments?post=52"}],"version-history":[{"count":66,"href":"https:\/\/www.professores.uff.br\/mitre\/wp-json\/wp\/v2\/pages\/52\/revisions"}],"predecessor-version":[{"id":452,"href":"https:\/\/www.professores.uff.br\/mitre\/wp-json\/wp\/v2\/pages\/52\/revisions\/452"}],"wp:attachment":[{"href":"https:\/\/www.professores.uff.br\/mitre\/wp-json\/wp\/v2\/media?parent=52"}],"wp:term":[{"taxonomy":"category","embeddable":true,"href":"https:\/\/www.professores.uff.br\/mitre\/wp-json\/wp\/v2\/categories?post=52"},{"taxonomy":"post_tag","embeddable":true,"href":"https:\/\/www.professores.uff.br\/mitre\/wp-json\/wp\/v2\/tags?post=52"}],"curies":[{"name":"wp","href":"https:\/\/api.w.org\/{rel}","templated":true}]}}