{"id":55,"date":"2021-10-29T16:29:59","date_gmt":"2021-10-29T19:29:59","guid":{"rendered":"http:\/\/www.professores.uff.br\/monclarlopes\/?page_id=55"},"modified":"2025-11-04T05:02:53","modified_gmt":"2025-11-04T08:02:53","slug":"55-2","status":"publish","type":"page","link":"https:\/\/www.professores.uff.br\/monclarlopes\/","title":{"rendered":"home"},"content":{"rendered":"<p>[et_pb_section fb_built=&#8221;1&#8243; fullwidth=&#8221;on&#8221; admin_label=&#8221;Header&#8221; _builder_version=&#8221;4.16&#8243; background_image=&#8221;http:\/\/www.professores.uff.br\/monclarlopes\/wp-content\/uploads\/sites\/225\/2021\/10\/Captura-de-Tela-2021-10-29-a\u0300s-16.23.30.png&#8221; parallax=&#8221;on&#8221; custom_padding=&#8221;0|0px|0|0px|false|false&#8221; global_colors_info=&#8221;{}&#8221;][et_pb_fullwidth_header title=&#8221;Monclar Lopes&#8221; button_one_text=&#8221;Contato&#8221; button_one_url=&#8221;mailto:monclarlopes@id.uff.br&#8221; button_two_text=&#8221;Curr\u00edculo Lattes&#8221; button_two_url=&#8221;http:\/\/lattes.cnpq.br\/8006632395264752&#8243; content_max_width=&#8221;650px&#8221; content_max_width_tablet=&#8221;480px&#8221; content_max_width_phone=&#8221;&#8221; content_max_width_last_edited=&#8221;on|tablet&#8221; _builder_version=&#8221;4.16&#8243; title_font=&#8221;Abril Fatface||||||||&#8221; title_font_size=&#8221;72px&#8221; title_line_height=&#8221;1.2em&#8221; content_font=&#8221;Cabin||||||||&#8221; content_font_size=&#8221;18px&#8221; content_line_height=&#8221;1.8em&#8221; background_color=&#8221;rgba(255,255,255,0)&#8221; use_background_color_gradient=&#8221;on&#8221; background_color_gradient_type=&#8221;circular&#8221; background_color_gradient_direction_radial=&#8221;right&#8221; background_color_gradient_stops=&#8221;rgba(255,255,255,0) 0%|#ffffff 89%&#8221; background_color_gradient_start=&#8221;rgba(255,255,255,0)&#8221; background_color_gradient_end=&#8221;#ffffff&#8221; background_color_gradient_end_position=&#8221;89%&#8221; background_position=&#8221;center_left&#8221; custom_button_one=&#8221;on&#8221; button_one_text_size=&#8221;16px&#8221; button_one_text_color=&#8221;#ffffff&#8221; button_one_bg_color=&#8221;#ff6d4a&#8221; button_one_border_width=&#8221;15px&#8221; button_one_border_color=&#8221;#ff6d4a&#8221; button_one_border_radius=&#8221;4px&#8221; button_one_letter_spacing=&#8221;3px&#8221; button_one_font=&#8221;Cabin|700||on|||||&#8221; custom_button_two=&#8221;on&#8221; button_two_text_size=&#8221;16px&#8221; button_two_text_color=&#8221;#ffffff&#8221; button_two_bg_color=&#8221;#ff6d4a&#8221; button_two_border_width=&#8221;15px&#8221; button_two_border_color=&#8221;#ff6d4a&#8221; button_two_border_radius=&#8221;4px&#8221; button_two_letter_spacing=&#8221;3px&#8221; button_two_font=&#8221;Cabin|700||on|||||&#8221; background_layout=&#8221;light&#8221; custom_margin=&#8221;|||&#8221; custom_padding=&#8221;100px|435px|100px||true|&#8221; link_option_url_new_window=&#8221;on&#8221; title_font_size_tablet=&#8221;&#8221; title_font_size_phone=&#8221;40px&#8221; title_font_size_last_edited=&#8221;on|phone&#8221; title_line_height_tablet=&#8221;&#8221; title_line_height_phone=&#8221;1.2em&#8221; title_line_height_last_edited=&#8221;on|phone&#8221; box_shadow_style_image=&#8221;preset5&#8243; button_one_border_radius_hover=&#8221;4px&#8221; button_two_border_radius_hover=&#8221;4px&#8221; button_one_letter_spacing_hover=&#8221;3px&#8221; button_two_letter_spacing_hover=&#8221;3px&#8221; global_colors_info=&#8221;{}&#8221; button_one_text_size__hover_enabled=&#8221;off&#8221; button_two_text_size__hover_enabled=&#8221;off&#8221; button_one_text_color__hover_enabled=&#8221;off&#8221; button_two_text_color__hover_enabled=&#8221;off&#8221; button_one_border_width__hover_enabled=&#8221;off&#8221; button_two_border_width__hover_enabled=&#8221;off&#8221; button_one_border_color__hover_enabled=&#8221;off&#8221; button_two_border_color__hover_enabled=&#8221;off&#8221; button_one_border_radius__hover_enabled=&#8221;on&#8221; button_one_border_radius__hover=&#8221;4px&#8221; button_two_border_radius__hover_enabled=&#8221;on&#8221; button_two_border_radius__hover=&#8221;4px&#8221; button_one_letter_spacing__hover_enabled=&#8221;on&#8221; button_one_letter_spacing__hover=&#8221;3px&#8221; button_two_letter_spacing__hover_enabled=&#8221;on&#8221; button_two_letter_spacing__hover=&#8221;3px&#8221; button_one_bg_color__hover_enabled=&#8221;off&#8221; button_two_bg_color__hover_enabled=&#8221;off&#8221; button_one_text__hover_enabled=&#8221;off|desktop&#8221;]<\/p>\n<p>Professor de L\u00edngua Portuguesa do Departamento de Letras Cl\u00e1ssicas e Vern\u00e1culas e do Programa de P\u00f3s-Gradua\u00e7\u00e3o em Estudos de Linguagem da UFF<\/p>\n<p>[\/et_pb_fullwidth_header][\/et_pb_section][et_pb_section fb_built=&#8221;1&#8243; admin_label=&#8221;About&#8221; _builder_version=&#8221;4.16&#8243; locked=&#8221;off&#8221; global_colors_info=&#8221;{}&#8221;][et_pb_row column_structure=&#8221;1_3,1_3,1_3&#8243; _builder_version=&#8221;4.16&#8243; _module_preset=&#8221;default&#8221; width=&#8221;100%&#8221; global_colors_info=&#8221;{}&#8221;][et_pb_column type=&#8221;1_3&#8243; _builder_version=&#8221;4.16&#8243; _module_preset=&#8221;default&#8221; global_colors_info=&#8221;{}&#8221;][et_pb_text _builder_version=&#8221;4.16&#8243; _module_preset=&#8221;default&#8221; width=&#8221;50.3%&#8221; custom_margin=&#8221;|148px||||&#8221; custom_padding=&#8221;|4px||||&#8221; global_colors_info=&#8221;{}&#8221;]<\/p>\n<h2><strong>MENU\u00a0<\/strong><\/h2>\n<p><strong><\/strong><\/p>\n<h3><\/h3>\n<h3><\/h3>\n<h3><\/h3>\n<h3><a href=\"https:\/\/aware-printer-e7d.notion.site\/Conte-dos-e21eee5753934eaf975bbe8b662df577\">Conte\u00fados<\/a><\/h3>\n<h3><a href=\"https:\/\/aware-printer-e7d.notion.site\/Eventos-600f6c1061be4d0f81ff59de3cc13d12\">Eventos<\/a><\/h3>\n<h3><a href=\"https:\/\/aware-printer-e7d.notion.site\/Extens-o-628d5a13c9d8461ca864a7f68b17c21a\">Extens\u00e3o<\/a><\/h3>\n<h3><a href=\"https:\/\/aware-printer-e7d.notion.site\/Orienta-es-364e8c76d13d4fa1bfc23d5efde36b9e\">Orienta\u00e7\u00f5es<\/a><\/h3>\n<h3><a href=\"https:\/\/aware-printer-e7d.notion.site\/Pesquisa-fd88a70f33444eaead9bb8ba9c23e0dc\">Pesquisas<\/a><\/h3>\n<h3><a href=\"https:\/\/aware-printer-e7d.notion.site\/Publica-es-8da840189e254177bf19f0e8c76e18a6\">Publica\u00e7\u00f5es<\/a><\/h3>\n<p>&nbsp;<\/p>\n<p><a href=\"https:\/\/www.youtube.com\/channel\/UCjhXz_4iZF23o1uYtm5VM0g\" target=\"_blank\" rel=\"noopener noreferrer\">Canal do YouTube<\/a><\/p>\n<p><a href=\"https:\/\/www.facebook.com\/monclar.lopes\" target=\"_blank\" rel=\"noopener noreferrer\">Facebook<\/a><\/p>\n<p><a href=\"http:\/\/deg.uff.br\/\" target=\"_blank\" rel=\"noopener noreferrer\">Grupo de Estudos D&amp;G<\/a><\/p>\n<p><a href=\"http:\/\/cco.sites.uff.br\/\" target=\"_blank\" rel=\"noopener noreferrer\">Grupo de Pesquisa CCO<\/a><\/p>\n<p>&nbsp;<\/p>\n<p>&nbsp;<\/p>\n<p>[\/et_pb_text][\/et_pb_column][et_pb_column type=&#8221;1_3&#8243; _builder_version=&#8221;4.16&#8243; _module_preset=&#8221;default&#8221; global_colors_info=&#8221;{}&#8221;][et_pb_image src=&#8221;http:\/\/www.professores.uff.br\/monclarlopes\/wp-content\/uploads\/sites\/225\/2025\/11\/Captura-de-Tela-2025-09-08-a\u0300s-10.48.56.png&#8221; title_text=&#8221;Captura de Tela 2025-09-08 a\u0300s 10.48.56&#8243; _builder_version=&#8221;4.21.0&#8243; _module_preset=&#8221;default&#8221; width=&#8221;99.5%&#8221; min_height=&#8221;357px&#8221; custom_margin=&#8221;|||-57px||&#8221; custom_padding=&#8221;|||0px||&#8221; hover_enabled=&#8221;0&#8243; global_colors_info=&#8221;{}&#8221; sticky_enabled=&#8221;0&#8243;][\/et_pb_image][\/et_pb_column][et_pb_column type=&#8221;1_3&#8243; _builder_version=&#8221;4.16&#8243; _module_preset=&#8221;default&#8221; global_colors_info=&#8221;{}&#8221;][et_pb_text _builder_version=&#8221;4.16&#8243; _module_preset=&#8221;default&#8221; custom_margin=&#8221;|-16px||-54px||&#8221; custom_padding=&#8221;|||0px||&#8221; inline_fonts=&#8221;Angkor&#8221; global_colors_info=&#8221;{}&#8221;]<\/p>\n<p><span style=\"font-family: Angkor;font-weight: normal;font-size: x-large\">Biografia:<\/span><\/p>\n<p>&nbsp;<\/p>\n<p style=\"text-align: justify\"><span>Docente e pesquisador na \u00e1rea de Lingu\u00edstica e Ensino de L\u00edngua Portuguesa, com \u00eanfase em Lingu\u00edstica Funcional Centrada no Uso (LFCU). Atua como Professor permanente do Programa de P\u00f3s-Gradua\u00e7\u00e3o em Estudos de Linguagem da Universidade Federal Fluminense, vinculado \u00e0 Linha 1 (Teoria e An\u00e1lise Lingu\u00edstica), e como professor adjunto do Departamento de Letras Cl\u00e1ssicas e Vern\u00e1culas do Instituto de Letras da UFF, onde tamb\u00e9m exerce a fun\u00e7\u00e3o de coordenador de gradua\u00e7\u00e3o. \u00c9 l\u00edder do Grupo de Estudos Discurso e Gram\u00e1tica da UFF e pesquisador do Grupo de Pesquisa Conectivos e Conex\u00e3o de Ora\u00e7\u00f5es. \u00c9 membro da Comiss\u00e3o de Sintaxe da Abralin, do Projeto 4 (Gram\u00e1tica do Portugu\u00eas) da Associa\u00e7\u00e3o de Lingu\u00edstica e Filologia da America Latina (ALFAL). Coordenou, no bi\u00eanio de 2024-2025, o Grupo de Trabalho &#8220;Descri\u00e7\u00e3o do Portugu\u00eas&#8221; da Associa\u00e7\u00e3o Nacional de P\u00f3s-Gradua\u00e7\u00e3o e Pesquisa em Letras e Lingu\u00edstica. \u00c9 doutor em Lingu\u00edstica, mestre em L\u00edngua Portuguesa (ambos pela UFF), especialista em L\u00edngua Portuguesa e Literatura Brasileira e licenciado em Letras-Ingl\u00eas pela FERLAGOS. Realizou est\u00e1gio p\u00f3s-doutoral na UFRJ, sob a supervis\u00e3o da Profa. Dra. Karen Sampaio Braga Alonso (UFRJ\/CNPq). \u00c9 Autor de livros, cap\u00edtulos e dezenas de artigos cient\u00edficos publicados em peri\u00f3dicos de relev\u00e2ncia nacional e internacional.<\/span><\/p>\n<p>[\/et_pb_text][\/et_pb_column][\/et_pb_row][\/et_pb_section]<\/p>\n","protected":false},"excerpt":{"rendered":"<p>Professor de L\u00edngua Portuguesa do Departamento de Letras Cl\u00e1ssicas e Vern\u00e1culas e do Programa de P\u00f3s-Gradua\u00e7\u00e3o em Estudos de Linguagem da UFFMENU\u00a0 Conte\u00fados Eventos Extens\u00e3o Orienta\u00e7\u00f5es Pesquisas Publica\u00e7\u00f5es &nbsp; Canal do YouTube Facebook Grupo de Estudos D&amp;G Grupo de Pesquisa CCO &nbsp; &nbsp;Biografia: &nbsp; Docente e pesquisador na \u00e1rea de Lingu\u00edstica e Ensino de L\u00edngua [&hellip;]<\/p>\n","protected":false},"author":258,"featured_media":0,"parent":0,"menu_order":0,"comment_status":"closed","ping_status":"closed","template":"","meta":{"_et_pb_use_builder":"on","_et_pb_old_content":"","_et_gb_content_width":"","_exactmetrics_skip_tracking":false,"_exactmetrics_sitenote_active":false,"_exactmetrics_sitenote_note":"","_exactmetrics_sitenote_category":0,"footnotes":""},"categories":[],"tags":[],"class_list":["post-55","page","type-page","status-publish","hentry"],"_links":{"self":[{"href":"https:\/\/www.professores.uff.br\/monclarlopes\/wp-json\/wp\/v2\/pages\/55","targetHints":{"allow":["GET"]}}],"collection":[{"href":"https:\/\/www.professores.uff.br\/monclarlopes\/wp-json\/wp\/v2\/pages"}],"about":[{"href":"https:\/\/www.professores.uff.br\/monclarlopes\/wp-json\/wp\/v2\/types\/page"}],"author":[{"embeddable":true,"href":"https:\/\/www.professores.uff.br\/monclarlopes\/wp-json\/wp\/v2\/users\/258"}],"replies":[{"embeddable":true,"href":"https:\/\/www.professores.uff.br\/monclarlopes\/wp-json\/wp\/v2\/comments?post=55"}],"version-history":[{"count":16,"href":"https:\/\/www.professores.uff.br\/monclarlopes\/wp-json\/wp\/v2\/pages\/55\/revisions"}],"predecessor-version":[{"id":107,"href":"https:\/\/www.professores.uff.br\/monclarlopes\/wp-json\/wp\/v2\/pages\/55\/revisions\/107"}],"wp:attachment":[{"href":"https:\/\/www.professores.uff.br\/monclarlopes\/wp-json\/wp\/v2\/media?parent=55"}],"wp:term":[{"taxonomy":"category","embeddable":true,"href":"https:\/\/www.professores.uff.br\/monclarlopes\/wp-json\/wp\/v2\/categories?post=55"},{"taxonomy":"post_tag","embeddable":true,"href":"https:\/\/www.professores.uff.br\/monclarlopes\/wp-json\/wp\/v2\/tags?post=55"}],"curies":[{"name":"wp","href":"https:\/\/api.w.org\/{rel}","templated":true}]}}

<p>[et_pb_section fb_built=&#8221;1&#8243; fullwidth=&#8221;on&#8221; admin_label=&#8221;Header&#8221; _builder_version=&#8221;4.16&#8243; background_image=&#8221;http://www.professores.uff.br/monclarlopes/wp-content/uploads/sites/225/2021/10/Captura-de-Tela-2021-10-29-às-16.23.30.png&#8221; parallax=&#8221;on&#8221; custom_padding=&#8221;0|0px|0|0px|false|false&#8221; global_colors_info=&#8221;{}&#8221;][et_pb_fullwidth_header title=&#8221;Monclar Lopes&#8221; button_one_text=&#8221;Contato&#8221; button_one_url=&#8221;mailto:monclarlopes@id.uff.br&#8221; button_two_text=&#8221;Currículo Lattes&#8221; button_two_url=&#8221;http://lattes.cnpq.br/8006632395264752&#8243; content_max_width=&#8221;650px&#8221; content_max_width_tablet=&#8221;480px&#8221; content_max_width_phone=&#8221;&#8221; content_max_width_last_edited=&#8221;on|tablet&#8221; _builder_version=&#8221;4.16&#8243; title_font=&#8221;Abril Fatface||||||||&#8221; title_font_size=&#8221;72px&#8221; title_line_height=&#8221;1.2em&#8221; content_font=&#8221;Cabin||||||||&#8221; content_font_size=&#8221;18px&#8221; content_line_height=&#8221;1.8em&#8221; background_color=&#8221;rgba(255,255,255,0)&#8221; use_background_color_gradient=&#8221;on&#8221; background_color_gradient_type=&#8221;circular&#8221; background_color_gradient_direction_radial=&#8221;right&#8221; background_color_gradient_stops=&#8221;rgba(255,255,255,0) 0%|#ffffff 89%&#8221; background_color_gradient_start=&#8221;rgba(255,255,255,0)&#8221; background_color_gradient_end=&#8221;#ffffff&#8221; background_color_gradient_end_position=&#8221;89%&#8221; background_position=&#8221;center_left&#8221; custom_button_one=&#8221;on&#8221; button_one_text_size=&#8221;16px&#8221; button_one_text_color=&#8221;#ffffff&#8221; button_one_bg_color=&#8221;#ff6d4a&#8221; button_one_border_width=&#8221;15px&#8221; button_one_border_color=&#8221;#ff6d4a&#8221; button_one_border_radius=&#8221;4px&#8221; button_one_letter_spacing=&#8221;3px&#8221; button_one_font=&#8221;Cabin|700||on|||||&#8221; custom_button_two=&#8221;on&#8221; button_two_text_size=&#8221;16px&#8221; button_two_text_color=&#8221;#ffffff&#8221; button_two_bg_color=&#8221;#ff6d4a&#8221; button_two_border_width=&#8221;15px&#8221; button_two_border_color=&#8221;#ff6d4a&#8221; button_two_border_radius=&#8221;4px&#8221; button_two_letter_spacing=&#8221;3px&#8221; button_two_font=&#8221;Cabin|700||on|||||&#8221; background_layout=&#8221;light&#8221; custom_margin=&#8221;|||&#8221; custom_padding=&#8221;100px|435px|100px||true|&#8221; link_option_url_new_window=&#8221;on&#8221; title_font_size_tablet=&#8221;&#8221; title_font_size_phone=&#8221;40px&#8221; title_font_size_last_edited=&#8221;on|phone&#8221; title_line_height_tablet=&#8221;&#8221; title_line_height_phone=&#8221;1.2em&#8221; title_line_height_last_edited=&#8221;on|phone&#8221; box_shadow_style_image=&#8221;preset5&#8243; button_one_border_radius_hover=&#8221;4px&#8221; button_two_border_radius_hover=&#8221;4px&#8221; button_one_letter_spacing_hover=&#8221;3px&#8221; button_two_letter_spacing_hover=&#8221;3px&#8221; global_colors_info=&#8221;{}&#8221; button_one_text_size__hover_enabled=&#8221;off&#8221; button_two_text_size__hover_enabled=&#8221;off&#8221; button_one_text_color__hover_enabled=&#8221;off&#8221; button_two_text_color__hover_enabled=&#8221;off&#8221; button_one_border_width__hover_enabled=&#8221;off&#8221; button_two_border_width__hover_enabled=&#8221;off&#8221; button_one_border_color__hover_enabled=&#8221;off&#8221; button_two_border_color__hover_enabled=&#8221;off&#8221; button_one_border_radius__hover_enabled=&#8221;on&#8221; button_one_border_radius__hover=&#8221;4px&#8221; button_two_border_radius__hover_enabled=&#8221;on&#8221; button_two_border_radius__hover=&#8221;4px&#8221; button_one_letter_spacing__hover_enabled=&#8221;on&#8221; button_one_letter_spacing__hover=&#8221;3px&#8221; button_two_letter_spacing__hover_enabled=&#8221;on&#8221; button_two_letter_spacing__hover=&#8221;3px&#8221; button_one_bg_color__hover_enabled=&#8221;off&#8221; button_two_bg_color__hover_enabled=&#8221;off&#8221; button_one_text__hover_enabled=&#8221;off|desktop&#8221;]</p>
<p>Professor de Língua Portuguesa do Departamento de Letras Clássicas e Vernáculas e do Programa de Pós-Graduação em Estudos de Linguagem da UFF</p>
<p>[/et_pb_fullwidth_header][/et_pb_section][et_pb_section fb_built=&#8221;1&#8243; admin_label=&#8221;About&#8221; _builder_version=&#8221;4.16&#8243; locked=&#8221;off&#8221; global_colors_info=&#8221;{}&#8221;][et_pb_row column_structure=&#8221;1_3,1_3,1_3&#8243; _builder_version=&#8221;4.16&#8243; _module_preset=&#8221;default&#8221; width=&#8221;100%&#8221; global_colors_info=&#8221;{}&#8221;][et_pb_column type=&#8221;1_3&#8243; _builder_version=&#8221;4.16&#8243; _module_preset=&#8221;default&#8221; global_colors_info=&#8221;{}&#8221;][et_pb_text _builder_version=&#8221;4.16&#8243; _module_preset=&#8221;default&#8221; width=&#8221;50.3%&#8221; custom_margin=&#8221;|148px||||&#8221; custom_padding=&#8221;|4px||||&#8221; global_colors_info=&#8221;{}&#8221;]</p>
<h2><strong>MENU </strong></h2>
<p><strong></strong></p>
<h3></h3>
<h3></h3>
<h3></h3>
<h3><a href="https://aware-printer-e7d.notion.site/Conte-dos-e21eee5753934eaf975bbe8b662df577">Conteúdos</a></h3>
<h3><a href="https://aware-printer-e7d.notion.site/Eventos-600f6c1061be4d0f81ff59de3cc13d12">Eventos</a></h3>
<h3><a href="https://aware-printer-e7d.notion.site/Extens-o-628d5a13c9d8461ca864a7f68b17c21a">Extensão</a></h3>
<h3><a href="https://aware-printer-e7d.notion.site/Orienta-es-364e8c76d13d4fa1bfc23d5efde36b9e">Orientações</a></h3>
<h3><a href="https://aware-printer-e7d.notion.site/Pesquisa-fd88a70f33444eaead9bb8ba9c23e0dc">Pesquisas</a></h3>
<h3><a href="https://aware-printer-e7d.notion.site/Publica-es-8da840189e254177bf19f0e8c76e18a6">Publicações</a></h3>
<p>&nbsp;</p>
<p><a href="https://www.youtube.com/channel/UCjhXz_4iZF23o1uYtm5VM0g" target="_blank" rel="noopener noreferrer">Canal do YouTube</a></p>
<p><a href="https://www.facebook.com/monclar.lopes" target="_blank" rel="noopener noreferrer">Facebook</a></p>
<p><a href="http://deg.uff.br/" target="_blank" rel="noopener noreferrer">Grupo de Estudos D&amp;G</a></p>
<p><a href="http://cco.sites.uff.br/" target="_blank" rel="noopener noreferrer">Grupo de Pesquisa CCO</a></p>
<p>&nbsp;</p>
<p>&nbsp;</p>
<p>[/et_pb_text][/et_pb_column][et_pb_column type=&#8221;1_3&#8243; _builder_version=&#8221;4.16&#8243; _module_preset=&#8221;default&#8221; global_colors_info=&#8221;{}&#8221;][et_pb_image src=&#8221;http://www.professores.uff.br/monclarlopes/wp-content/uploads/sites/225/2025/11/Captura-de-Tela-2025-09-08-às-10.48.56.png&#8221; title_text=&#8221;Captura de Tela 2025-09-08 às 10.48.56&#8243; _builder_version=&#8221;4.21.0&#8243; _module_preset=&#8221;default&#8221; width=&#8221;99.5%&#8221; min_height=&#8221;357px&#8221; custom_margin=&#8221;|||-57px||&#8221; custom_padding=&#8221;|||0px||&#8221; hover_enabled=&#8221;0&#8243; global_colors_info=&#8221;{}&#8221; sticky_enabled=&#8221;0&#8243;][/et_pb_image][/et_pb_column][et_pb_column type=&#8221;1_3&#8243; _builder_version=&#8221;4.16&#8243; _module_preset=&#8221;default&#8221; global_colors_info=&#8221;{}&#8221;][et_pb_text _builder_version=&#8221;4.16&#8243; _module_preset=&#8221;default&#8221; custom_margin=&#8221;|-16px||-54px||&#8221; custom_padding=&#8221;|||0px||&#8221; inline_fonts=&#8221;Angkor&#8221; global_colors_info=&#8221;{}&#8221;]</p>
<p><span style="font-family: Angkor;font-weight: normal;font-size: x-large">Biografia:</span></p>
<p>&nbsp;</p>
<p style="text-align: justify"><span>Docente e pesquisador na área de Linguística e Ensino de Língua Portuguesa, com ênfase em Linguística Funcional Centrada no Uso (LFCU). Atua como Professor permanente do Programa de Pós-Graduação em Estudos de Linguagem da Universidade Federal Fluminense, vinculado à Linha 1 (Teoria e Análise Linguística), e como professor adjunto do Departamento de Letras Clássicas e Vernáculas do Instituto de Letras da UFF, onde também exerce a função de coordenador de graduação. É líder do Grupo de Estudos Discurso e Gramática da UFF e pesquisador do Grupo de Pesquisa Conectivos e Conexão de Orações. É membro da Comissão de Sintaxe da Abralin, do Projeto 4 (Gramática do Português) da Associação de Linguística e Filologia da America Latina (ALFAL). Coordenou, no biênio de 2024-2025, o Grupo de Trabalho &#8220;Descrição do Português&#8221; da Associação Nacional de Pós-Graduação e Pesquisa em Letras e Linguística. É doutor em Linguística, mestre em Língua Portuguesa (ambos pela UFF), especialista em Língua Portuguesa e Literatura Brasileira e licenciado em Letras-Inglês pela FERLAGOS. Realizou estágio pós-doutoral na UFRJ, sob a supervisão da Profa. Dra. Karen Sampaio Braga Alonso (UFRJ/CNPq). É Autor de livros, capítulos e dezenas de artigos científicos publicados em periódicos de relevância nacional e internacional.</span></p>
<p>[/et_pb_text][/et_pb_column][/et_pb_row][/et_pb_section]</p>

<p>Professor de Língua Portuguesa do Departamento de Letras Clássicas e Vernáculas e do Programa de Pós-Graduação em Estudos de Linguagem da UFFMENU  Conteúdos Eventos Extensão Orientações Pesquisas Publicações &nbsp; Canal do YouTube Facebook Grupo de Estudos D&amp;G Grupo de Pesquisa CCO &nbsp; &nbsp;Biografia: &nbsp; Docente e pesquisador na área de Linguística e Ensino de Língua [&hellip;]</p>
