{"id":215,"date":"2017-08-07T10:40:35","date_gmt":"2017-08-07T13:40:35","guid":{"rendered":"http:\/\/www.professores.uff.br\/ninoska\/?page_id=215"},"modified":"2017-08-07T10:40:35","modified_gmt":"2017-08-07T13:40:35","slug":"monitoramento-e-controle-de-processos","status":"publish","type":"page","link":"https:\/\/www.professores.uff.br\/ninoska\/monitoramento-e-controle-de-processos\/","title":{"rendered":"Monitoramento e Controle de Processos"},"content":{"rendered":"<p><strong>Turmas:<\/strong><br \/>\nDisciplina do Curso de P\u00f3sgradua\u00e7\u00e3o<br \/>\n<strong>Material utilizado nas aulas:<\/strong><br \/>\nEm Constru\u00e7\u00e3o<\/p>\n<p><strong>Links interessantes:<\/strong><\/p>\n","protected":false},"excerpt":{"rendered":"<p>Turmas: Disciplina do Curso de P\u00f3sgradua\u00e7\u00e3o Material utilizado nas aulas: Em Constru\u00e7\u00e3o Links interessantes:<\/p>\n","protected":false},"author":2,"featured_media":0,"parent":0,"menu_order":0,"comment_status":"closed","ping_status":"closed","template":"","meta":{"_exactmetrics_skip_tracking":false,"_exactmetrics_sitenote_active":false,"_exactmetrics_sitenote_note":"","_exactmetrics_sitenote_category":0,"footnotes":""},"categories":[],"tags":[],"class_list":["post-215","page","type-page","status-publish","hentry"],"_links":{"self":[{"href":"https:\/\/www.professores.uff.br\/ninoska\/wp-json\/wp\/v2\/pages\/215","targetHints":{"allow":["GET"]}}],"collection":[{"href":"https:\/\/www.professores.uff.br\/ninoska\/wp-json\/wp\/v2\/pages"}],"about":[{"href":"https:\/\/www.professores.uff.br\/ninoska\/wp-json\/wp\/v2\/types\/page"}],"author":[{"embeddable":true,"href":"https:\/\/www.professores.uff.br\/ninoska\/wp-json\/wp\/v2\/users\/2"}],"replies":[{"embeddable":true,"href":"https:\/\/www.professores.uff.br\/ninoska\/wp-json\/wp\/v2\/comments?post=215"}],"version-history":[{"count":1,"href":"https:\/\/www.professores.uff.br\/ninoska\/wp-json\/wp\/v2\/pages\/215\/revisions"}],"predecessor-version":[{"id":216,"href":"https:\/\/www.professores.uff.br\/ninoska\/wp-json\/wp\/v2\/pages\/215\/revisions\/216"}],"wp:attachment":[{"href":"https:\/\/www.professores.uff.br\/ninoska\/wp-json\/wp\/v2\/media?parent=215"}],"wp:term":[{"taxonomy":"category","embeddable":true,"href":"https:\/\/www.professores.uff.br\/ninoska\/wp-json\/wp\/v2\/categories?post=215"},{"taxonomy":"post_tag","embeddable":true,"href":"https:\/\/www.professores.uff.br\/ninoska\/wp-json\/wp\/v2\/tags?post=215"}],"curies":[{"name":"wp","href":"https:\/\/api.w.org\/{rel}","templated":true}]}}