{"id":50,"date":"2017-08-25T19:40:42","date_gmt":"2017-08-25T22:40:42","guid":{"rendered":"http:\/\/www.professores.uff.br\/paulab\/?page_id=50"},"modified":"2017-08-29T20:11:28","modified_gmt":"2017-08-29T23:11:28","slug":"2016-ii-calculo-ii-b","status":"publish","type":"page","link":"https:\/\/www.professores.uff.br\/paulab\/2016-ii-calculo-ii-b\/","title":{"rendered":"2016 II &#8211; Calculo II B"},"content":{"rendered":"<p><center><b>Professora: Paula Balseiro <\/b><\/center><\/p>\n<ul>\n<li><b> Aulas:<\/b>\n<ul>\n<li>Turma B1: <i> Ter\u00e7as\/Quintas 07:00 &#8211; 09:00 (Sala IMH 207 -Gragoat\u00e1- ) <\/i>.<\/li>\n<li>Turma C1 + C2: <i> Ter\u00e7as\/Quintas 09:00 &#8211; 11:00 (Sala IMH 207 -Gragoat\u00e1- ) <\/i>.<\/li>\n<\/ul>\n<\/li>\n<li><b> Observa\u00e7\u00f5es: <\/b>\n<ul>\n<li>Quinta 23\/06 e Ter\u00e7a 28\/06 e n\u00e3o haver\u00e1 aulas<\/li>\n<li><b> Importante: <\/b> Na ter\u00e7a 02\/08 as 15:30 come\u00e7a passar a tocha ol\u00edmpica por Niteroi. Pe\u00e7o para quem puder, vir fazer a VS no horario das 7am para corrigir o mais r\u00e1pido poss\u00edvel e poder estar saindo do Campus por volta do meio-dia. Obrigada.<\/li>\n<\/ul>\n<\/li>\n<li><b> Monitorias: <\/b> (Sala 101\/102 &#8211; UFASA H)\n<ul>\n<li>Segunda: 16h-18h (Matheus M. Pereira), 17:30-19:00 (Leandro P. Bernardo)<\/li>\n<li>Ter\u00e7a: 17:30-19:00 (Leandro)<\/li>\n<li>Quarta: 13-14h (Joice Azeredo Silva), 16h-18h (Matheus)<\/li>\n<li>Quinta: 13-15h (Joice)<\/li>\n<li>Sexta: 11h-13h (Matheus), 13-16h (Joice e Leandro)<\/li>\n<li><b> Sexta 29\/09: 11h <\/b> Aula de exerc\u00edcios, prepara\u00e7\u00e3o para a VS. (Joice, Matheus e Leandro).<\/li>\n<\/ul>\n<\/li>\n<li><b> Ementa e Bibliografia <a href=\"http:\/\/www.meusiteantigo.uff.br\/paulab\/Calculo%20II%20-B-%20Programa.pdf\"> [<\/a><a href=\"http:\/\/www.professores.uff.br\/paulab\/wp-content\/uploads\/sites\/109\/2017\/08\/Calculo-II-B-Programa.pdf\">pdf<\/a><a href=\"http:\/\/www.meusiteantigo.uff.br\/paulab\/Calculo%20II%20-B-%20Programa.pdf\">] <\/a>.<\/b><\/li>\n<li><b>Avalia\u00e7\u00f5es: <\/b>\n<ul>\n<li>1VE: 07 \/ 06<\/li>\n<li>2VE: 21\/07<\/li>\n<li>VR (fechada): 26\/07<\/li>\n<li><b> VS: 02\/08 <\/b>\n<ul>\n<li>Resultados: Turma B1<\/li>\n<li>Resultados: Turma C1 + C2<br \/>\n&#8230; e boas ferias \ud83d\ude42<\/li>\n<\/ul>\n<\/li>\n<\/ul>\n<\/li>\n<li><b> Listas de Exercicios:<\/b>\n<ul>\n<li>VE1:\n<ul>\n<li><a href=\"http:\/\/www.professores.uff.br\/paulab\/wp-content\/uploads\/sites\/109\/2017\/08\/lista-01-calc-02-B-2012-1.pdf\">Lista 01<\/a>.<\/li>\n<li><a href=\"http:\/\/www.professores.uff.br\/paulab\/wp-content\/uploads\/sites\/109\/2017\/08\/lista-02-calc-02-B-2012-1.pdf\">Lista 02<\/a>.<\/li>\n<li><a href=\"http:\/\/www.professores.uff.br\/paulab\/wp-content\/uploads\/sites\/109\/2017\/08\/lista-03-calc-02-B-2012-1.pdf\">Lista 03<\/a>.<\/li>\n<li><a href=\"http:\/\/www.professores.uff.br\/paulab\/wp-content\/uploads\/sites\/109\/2017\/08\/lista-04-calc-02-B-2012-1.pdf\">Lista 04<\/a>.<\/li>\n<li><a href=\"http:\/\/www.professores.uff.br\/paulab\/wp-content\/uploads\/sites\/109\/2017\/08\/lista-05-calc-02-B-2012-1.pdf\">Lista 05<\/a>.<\/li>\n<li><a href=\"http:\/\/www.professores.uff.br\/paulab\/wp-content\/uploads\/sites\/109\/2017\/08\/lista-06-calc-02-B-2012-1.pdf\">Lista 06<\/a>.<\/li>\n<li><a href=\"http:\/\/www.professores.uff.br\/paulab\/wp-content\/uploads\/sites\/109\/2017\/08\/lista-07-calc-02-B-2012-1.pdf\">Lista 07<\/a>.<\/li>\n<\/ul>\n<\/li>\n<li>VE2:\n<ul>\n<li><a href=\"http:\/\/www.professores.uff.br\/paulab\/wp-content\/uploads\/sites\/109\/2017\/08\/lista-08-calc-02-B-2012-1.pdf\">Lista 08<\/a>.<\/li>\n<li><a href=\"http:\/\/www.professores.uff.br\/paulab\/wp-content\/uploads\/sites\/109\/2017\/08\/lista-09-calc-02-B-2012-1.pdf\">Lista 09<\/a>.<\/li>\n<li><a href=\"http:\/\/www.professores.uff.br\/paulab\/wp-content\/uploads\/sites\/109\/2017\/08\/lista-10-calc-02-B-2012-1.pdf\">Lista 10<\/a>.<\/li>\n<li><a href=\"http:\/\/www.professores.uff.br\/paulab\/wp-content\/uploads\/sites\/109\/2017\/08\/lista-11-calc-02-B-2012-1.pdf\">Lista 11<\/a>.<\/li>\n<li><a href=\"http:\/\/www.professores.uff.br\/paulab\/wp-content\/uploads\/sites\/109\/2017\/08\/lista-12-calc-02-B-2012-1.pdf\">Lista 12<\/a>.<\/li>\n<\/ul>\n<\/li>\n<\/ul>\n<hr \/>\n<p><small><a href=\"http:\/\/www.professores.uff.br\/paulab\/\">Back to the main page<\/a><\/small><\/li>\n<\/ul>\n<p>&nbsp;<\/p>\n","protected":false},"excerpt":{"rendered":"<p>Professora: Paula Balseiro Aulas: Turma B1: Ter\u00e7as\/Quintas 07:00 &#8211; 09:00 (Sala IMH 207 -Gragoat\u00e1- ) . Turma C1 + C2: Ter\u00e7as\/Quintas 09:00 &#8211; 11:00 (Sala IMH 207 -Gragoat\u00e1- ) . Observa\u00e7\u00f5es: Quinta 23\/06 e Ter\u00e7a 28\/06 e n\u00e3o haver\u00e1 aulas Importante: Na ter\u00e7a 02\/08 as 15:30 come\u00e7a passar a tocha ol\u00edmpica por Niteroi. Pe\u00e7o para [&hellip;]<\/p>\n","protected":false},"author":46,"featured_media":0,"parent":0,"menu_order":0,"comment_status":"closed","ping_status":"closed","template":"","meta":{"_exactmetrics_skip_tracking":false,"_exactmetrics_sitenote_active":false,"_exactmetrics_sitenote_note":"","_exactmetrics_sitenote_category":0,"footnotes":""},"categories":[],"tags":[],"class_list":["post-50","page","type-page","status-publish","hentry"],"_links":{"self":[{"href":"https:\/\/www.professores.uff.br\/paulab\/wp-json\/wp\/v2\/pages\/50","targetHints":{"allow":["GET"]}}],"collection":[{"href":"https:\/\/www.professores.uff.br\/paulab\/wp-json\/wp\/v2\/pages"}],"about":[{"href":"https:\/\/www.professores.uff.br\/paulab\/wp-json\/wp\/v2\/types\/page"}],"author":[{"embeddable":true,"href":"https:\/\/www.professores.uff.br\/paulab\/wp-json\/wp\/v2\/users\/46"}],"replies":[{"embeddable":true,"href":"https:\/\/www.professores.uff.br\/paulab\/wp-json\/wp\/v2\/comments?post=50"}],"version-history":[{"count":6,"href":"https:\/\/www.professores.uff.br\/paulab\/wp-json\/wp\/v2\/pages\/50\/revisions"}],"predecessor-version":[{"id":170,"href":"https:\/\/www.professores.uff.br\/paulab\/wp-json\/wp\/v2\/pages\/50\/revisions\/170"}],"wp:attachment":[{"href":"https:\/\/www.professores.uff.br\/paulab\/wp-json\/wp\/v2\/media?parent=50"}],"wp:term":[{"taxonomy":"category","embeddable":true,"href":"https:\/\/www.professores.uff.br\/paulab\/wp-json\/wp\/v2\/categories?post=50"},{"taxonomy":"post_tag","embeddable":true,"href":"https:\/\/www.professores.uff.br\/paulab\/wp-json\/wp\/v2\/tags?post=50"}],"curies":[{"name":"wp","href":"https:\/\/api.w.org\/{rel}","templated":true}]}}

<p><center><b>Professora: Paula Balseiro </b></center></p>
<ul>
<li><b> Aulas:</b>
<ul>
<li>Turma B1: <i> Terças/Quintas 07:00 &#8211; 09:00 (Sala IMH 207 -Gragoatá- ) </i>.</li>
<li>Turma C1 + C2: <i> Terças/Quintas 09:00 &#8211; 11:00 (Sala IMH 207 -Gragoatá- ) </i>.</li>
</ul>
</li>
<li><b> Observações: </b>
<ul>
<li>Quinta 23/06 e Terça 28/06 e não haverá aulas</li>
<li><b> Importante: </b> Na terça 02/08 as 15:30 começa passar a tocha olímpica por Niteroi. Peço para quem puder, vir fazer a VS no horario das 7am para corrigir o mais rápido possível e poder estar saindo do Campus por volta do meio-dia. Obrigada.</li>
</ul>
</li>
<li><b> Monitorias: </b> (Sala 101/102 &#8211; UFASA H)
<ul>
<li>Segunda: 16h-18h (Matheus M. Pereira), 17:30-19:00 (Leandro P. Bernardo)</li>
<li>Terça: 17:30-19:00 (Leandro)</li>
<li>Quarta: 13-14h (Joice Azeredo Silva), 16h-18h (Matheus)</li>
<li>Quinta: 13-15h (Joice)</li>
<li>Sexta: 11h-13h (Matheus), 13-16h (Joice e Leandro)</li>
<li><b> Sexta 29/09: 11h </b> Aula de exercícios, preparação para a VS. (Joice, Matheus e Leandro).</li>
</ul>
</li>
<li><b> Ementa e Bibliografia <a href="http://www.meusiteantigo.uff.br/paulab/Calculo%20II%20-B-%20Programa.pdf"> [</a><a href="http://www.professores.uff.br/paulab/wp-content/uploads/sites/109/2017/08/Calculo-II-B-Programa.pdf">pdf</a><a href="http://www.meusiteantigo.uff.br/paulab/Calculo%20II%20-B-%20Programa.pdf">] </a>.</b></li>
<li><b>Avaliações: </b>
<ul>
<li>1VE: 07 / 06</li>
<li>2VE: 21/07</li>
<li>VR (fechada): 26/07</li>
<li><b> VS: 02/08 </b>
<ul>
<li>Resultados: Turma B1</li>
<li>Resultados: Turma C1 + C2<br />
&#8230; e boas ferias 🙂</li>
</ul>
</li>
</ul>
</li>
<li><b> Listas de Exercicios:</b>
<ul>
<li>VE1:
<ul>
<li><a href="http://www.professores.uff.br/paulab/wp-content/uploads/sites/109/2017/08/lista-01-calc-02-B-2012-1.pdf">Lista 01</a>.</li>
<li><a href="http://www.professores.uff.br/paulab/wp-content/uploads/sites/109/2017/08/lista-02-calc-02-B-2012-1.pdf">Lista 02</a>.</li>
<li><a href="http://www.professores.uff.br/paulab/wp-content/uploads/sites/109/2017/08/lista-03-calc-02-B-2012-1.pdf">Lista 03</a>.</li>
<li><a href="http://www.professores.uff.br/paulab/wp-content/uploads/sites/109/2017/08/lista-04-calc-02-B-2012-1.pdf">Lista 04</a>.</li>
<li><a href="http://www.professores.uff.br/paulab/wp-content/uploads/sites/109/2017/08/lista-05-calc-02-B-2012-1.pdf">Lista 05</a>.</li>
<li><a href="http://www.professores.uff.br/paulab/wp-content/uploads/sites/109/2017/08/lista-06-calc-02-B-2012-1.pdf">Lista 06</a>.</li>
<li><a href="http://www.professores.uff.br/paulab/wp-content/uploads/sites/109/2017/08/lista-07-calc-02-B-2012-1.pdf">Lista 07</a>.</li>
</ul>
</li>
<li>VE2:
<ul>
<li><a href="http://www.professores.uff.br/paulab/wp-content/uploads/sites/109/2017/08/lista-08-calc-02-B-2012-1.pdf">Lista 08</a>.</li>
<li><a href="http://www.professores.uff.br/paulab/wp-content/uploads/sites/109/2017/08/lista-09-calc-02-B-2012-1.pdf">Lista 09</a>.</li>
<li><a href="http://www.professores.uff.br/paulab/wp-content/uploads/sites/109/2017/08/lista-10-calc-02-B-2012-1.pdf">Lista 10</a>.</li>
<li><a href="http://www.professores.uff.br/paulab/wp-content/uploads/sites/109/2017/08/lista-11-calc-02-B-2012-1.pdf">Lista 11</a>.</li>
<li><a href="http://www.professores.uff.br/paulab/wp-content/uploads/sites/109/2017/08/lista-12-calc-02-B-2012-1.pdf">Lista 12</a>.</li>
</ul>
</li>
</ul>
<hr />
<p><small><a href="http://www.professores.uff.br/paulab/">Back to the main page</a></small></li>
</ul>
<p>&nbsp;</p>

<p>Professora: Paula Balseiro Aulas: Turma B1: Terças/Quintas 07:00 &#8211; 09:00 (Sala IMH 207 -Gragoatá- ) . Turma C1 + C2: Terças/Quintas 09:00 &#8211; 11:00 (Sala IMH 207 -Gragoatá- ) . Observações: Quinta 23/06 e Terça 28/06 e não haverá aulas Importante: Na terça 02/08 as 15:30 começa passar a tocha olímpica por Niteroi. Peço para [&hellip;]</p>
