{"id":58,"date":"2017-08-25T19:41:56","date_gmt":"2017-08-25T22:41:56","guid":{"rendered":"http:\/\/www.professores.uff.br\/paulab\/?page_id=58"},"modified":"2017-08-30T18:36:48","modified_gmt":"2017-08-30T21:36:48","slug":"2015-i-calculo-ii-b","status":"publish","type":"page","link":"https:\/\/www.professores.uff.br\/paulab\/2015-i-calculo-ii-b\/","title":{"rendered":"2015 I &#8211; Calculo II B"},"content":{"rendered":"<p><center><b>Professora: Paula Balseiro <\/b><\/center><\/p>\n<ul>\n<li><b> Aulas:<\/b>\n<ul>\n<li>Turma C1 e C2: <i> Ter\u00e7as\/Quintas 09:00 &#8211; 11:00 (Sala IM108) <\/i>.<\/li>\n<\/ul>\n<\/li>\n<li><b> Observa\u00e7\u00f5es: <\/b><\/li>\n<li><b> Monitorias: <\/b> (no GMA, Valonguinho)\n<ul>\n<li>Ter\u00e7as: 9:00-12:00, 14:00-17:00, 15:00-17:00<\/li>\n<li>Quartas: 8:30- ? , 16:30-19:30 ,<\/li>\n<li>Quintas 15:00-17:30,<\/li>\n<li>Sexta: 9:00-12:00<\/li>\n<\/ul>\n<\/li>\n<li><b> Ementa e Bibliografia\u00a0<a href=\"http:\/\/www.meusiteantigo.uff.br\/paulab\/Calculo%20II%20-B-%20Programa.pdf\">[<\/a><a href=\"http:\/\/www.professores.uff.br\/paulab\/wp-content\/uploads\/sites\/109\/2017\/08\/Calculo-II-B-Programa.pdf\">pdf<\/a><a href=\"http:\/\/www.meusiteantigo.uff.br\/paulab\/Calculo%20II%20-B-%20Programa.pdf\">]<\/a>. <\/b><\/li>\n<li><b>Avalia\u00e7\u00e3o: <\/b>\n<ul>\n<li>1VE: 28\/04<\/li>\n<li>2VE: 18\/06<\/li>\n<li>VR (fechada): 23\/06<\/li>\n<li>VS: 30\/06 <b> &#8211; Resultados &#8211; <\/b><b> <\/b><\/li>\n<\/ul>\n<\/li>\n<\/ul>\n<p>&nbsp;<\/p>\n<ul>\n<li><b> Listas de Exercicios:<\/b>\n<ul>\n<li>VE1:\n<ul>\n<li><a href=\"http:\/\/www.professores.uff.br\/paulab\/wp-content\/uploads\/sites\/109\/2017\/08\/lista-01-calc-02-B-2012-1.pdf\">Lista 01<\/a>.<\/li>\n<li><a href=\"http:\/\/www.professores.uff.br\/paulab\/wp-content\/uploads\/sites\/109\/2017\/08\/lista-02-calc-02-B-2012-1.pdf\">Lista 02<\/a>.<\/li>\n<li><a href=\"http:\/\/www.professores.uff.br\/paulab\/wp-content\/uploads\/sites\/109\/2017\/08\/lista-03-calc-02-B-2012-1.pdf\">Lista 03<\/a>.<\/li>\n<li><a href=\"http:\/\/www.professores.uff.br\/paulab\/wp-content\/uploads\/sites\/109\/2017\/08\/lista-04-calc-02-B-2012-1.pdf\">Lista 04<\/a>.<\/li>\n<li><a href=\"http:\/\/www.professores.uff.br\/paulab\/wp-content\/uploads\/sites\/109\/2017\/08\/lista-05-calc-02-B-2012-1.pdf\">Lista 05<\/a>.<\/li>\n<li><a href=\"http:\/\/www.professores.uff.br\/paulab\/wp-content\/uploads\/sites\/109\/2017\/08\/lista-06-calc-02-B-2012-1.pdf\">Lista 06<\/a>.<\/li>\n<li><a href=\"http:\/\/www.professores.uff.br\/paulab\/wp-content\/uploads\/sites\/109\/2017\/08\/lista-07-calc-02-B-2012-1.pdf\">Lista 07<\/a>.<\/li>\n<li><b> Lista preparatoria para a primeira prova <\/b> Apresenta\u00e7\u00e3o dos exercicios no quadro: come\u00e7amos Quinta 16\/04 e continuamos Quinta 23\/04.<\/li>\n<\/ul>\n<\/li>\n<li>VE2:\n<ul>\n<li><a href=\"http:\/\/www.professores.uff.br\/paulab\/wp-content\/uploads\/sites\/109\/2017\/08\/lista-08-calc-02-B-2012-1.pdf\">Lista 08<\/a>.<\/li>\n<li><a href=\"http:\/\/www.professores.uff.br\/paulab\/wp-content\/uploads\/sites\/109\/2017\/08\/lista-09-calc-02-B-2012-1.pdf\">Lista 09<\/a>.<\/li>\n<li><a href=\"http:\/\/www.professores.uff.br\/paulab\/wp-content\/uploads\/sites\/109\/2017\/08\/lista-10-calc-02-B-2012-1.pdf\">Lista 10<\/a>.<\/li>\n<li><a href=\"http:\/\/www.professores.uff.br\/paulab\/wp-content\/uploads\/sites\/109\/2017\/08\/lista-11-calc-02-B-2012-1.pdf\">Lista 11<\/a>.<\/li>\n<li><a href=\"http:\/\/www.professores.uff.br\/paulab\/wp-content\/uploads\/sites\/109\/2017\/08\/lista-12-calc-02-B-2012-1.pdf\">Lista 12<\/a>.<\/li>\n<li><b><a href=\"http:\/\/www.professores.uff.br\/paulab\/wp-content\/uploads\/sites\/109\/2017\/08\/Calculo-II-B-2014-II-Calc2B-PreparacaoV2-.pdf\">Lista preparatoria para a segunda prova<\/a> <\/b>Apresenta\u00e7\u00e3o dos exercicios no quadro: come\u00e7amos Quinta 11\/06 e continuamos Ter\u00e7a 16\/06.<\/li>\n<\/ul>\n<\/li>\n<\/ul>\n<hr \/>\n<p><small><a href=\"http:\/\/www.professores.uff.br\/paulab\/\">Back to the main page<\/a><\/small><\/li>\n<\/ul>\n<p>&nbsp;<\/p>\n","protected":false},"excerpt":{"rendered":"<p>Professora: Paula Balseiro Aulas: Turma C1 e C2: Ter\u00e7as\/Quintas 09:00 &#8211; 11:00 (Sala IM108) . Observa\u00e7\u00f5es: Monitorias: (no GMA, Valonguinho) Ter\u00e7as: 9:00-12:00, 14:00-17:00, 15:00-17:00 Quartas: 8:30- ? , 16:30-19:30 , Quintas 15:00-17:30, Sexta: 9:00-12:00 Ementa e Bibliografia\u00a0[pdf]. Avalia\u00e7\u00e3o: 1VE: 28\/04 2VE: 18\/06 VR (fechada): 23\/06 VS: 30\/06 &#8211; Resultados &#8211; &nbsp; Listas de Exercicios: VE1: [&hellip;]<\/p>\n","protected":false},"author":46,"featured_media":0,"parent":0,"menu_order":0,"comment_status":"closed","ping_status":"closed","template":"","meta":{"_exactmetrics_skip_tracking":false,"_exactmetrics_sitenote_active":false,"_exactmetrics_sitenote_note":"","_exactmetrics_sitenote_category":0,"footnotes":""},"categories":[],"tags":[],"class_list":["post-58","page","type-page","status-publish","hentry"],"_links":{"self":[{"href":"https:\/\/www.professores.uff.br\/paulab\/wp-json\/wp\/v2\/pages\/58","targetHints":{"allow":["GET"]}}],"collection":[{"href":"https:\/\/www.professores.uff.br\/paulab\/wp-json\/wp\/v2\/pages"}],"about":[{"href":"https:\/\/www.professores.uff.br\/paulab\/wp-json\/wp\/v2\/types\/page"}],"author":[{"embeddable":true,"href":"https:\/\/www.professores.uff.br\/paulab\/wp-json\/wp\/v2\/users\/46"}],"replies":[{"embeddable":true,"href":"https:\/\/www.professores.uff.br\/paulab\/wp-json\/wp\/v2\/comments?post=58"}],"version-history":[{"count":3,"href":"https:\/\/www.professores.uff.br\/paulab\/wp-json\/wp\/v2\/pages\/58\/revisions"}],"predecessor-version":[{"id":187,"href":"https:\/\/www.professores.uff.br\/paulab\/wp-json\/wp\/v2\/pages\/58\/revisions\/187"}],"wp:attachment":[{"href":"https:\/\/www.professores.uff.br\/paulab\/wp-json\/wp\/v2\/media?parent=58"}],"wp:term":[{"taxonomy":"category","embeddable":true,"href":"https:\/\/www.professores.uff.br\/paulab\/wp-json\/wp\/v2\/categories?post=58"},{"taxonomy":"post_tag","embeddable":true,"href":"https:\/\/www.professores.uff.br\/paulab\/wp-json\/wp\/v2\/tags?post=58"}],"curies":[{"name":"wp","href":"https:\/\/api.w.org\/{rel}","templated":true}]}}