{"id":64,"date":"2017-08-25T20:38:18","date_gmt":"2017-08-25T23:38:18","guid":{"rendered":"http:\/\/www.professores.uff.br\/paulab\/?page_id=64"},"modified":"2017-08-30T19:35:03","modified_gmt":"2017-08-30T22:35:03","slug":"2014-i-calculo-iii-a","status":"publish","type":"page","link":"https:\/\/www.professores.uff.br\/paulab\/2014-i-calculo-iii-a\/","title":{"rendered":"2014 I &#8211; Calculo III-A"},"content":{"rendered":"<p><center><b>Professora: Paula Balseiro <\/b><\/center><\/p>\n<ul>\n<li><b> Aulas:<\/b>\n<ul>\n<li>Turma F1: <i> Ter\u00e7as\/Quintas 14:00 &#8211; 16:00 (Sala H201) <\/i>.<\/li>\n<\/ul>\n<\/li>\n<li><b> Monitorias: <\/b> (no GMA, Valonguinho)\n<ul>\n<li>Segunda: 16:00-20:00,<\/li>\n<li>Quinta: 9:00-11:00<\/li>\n<\/ul>\n<\/li>\n<li><b> Ementa e Bibliografia [<a href=\"http:\/\/www.professores.uff.br\/paulab\/wp-content\/uploads\/sites\/109\/2017\/08\/ProgramaCALCULOIII.pdf\">pdf<\/a>] . <\/b><\/li>\n<li><b>Avalia\u00e7\u00e3o: <\/b>\n<ul>\n<li>1VE: 03\/04<\/li>\n<li>2VE: 29\/05\n<ul>\n<li>Gabarito da VE2 .<\/li>\n<\/ul>\n<\/li>\n<li>VR (fechada): 05\/06<\/li>\n<li>VS: 10\/06\n<ul>\n<li>Resultados .<\/li>\n<\/ul>\n<\/li>\n<\/ul>\n<\/li>\n<li><b> Observa\u00e7\u00f5es: <\/b> Os dias 08\/04 e 10\/04 n\u00e3o haver\u00e1 aula.<\/li>\n<li><b> Listas de Exercicios:<\/b>\n<ul>\n<li>VE1:\n<ul>\n<li><a href=\"http:\/\/www.professores.uff.br\/paulab\/wp-content\/uploads\/sites\/109\/2017\/08\/lista-01-calc-03-A-2013-1.pdf\">Lista 01<\/a>.<\/li>\n<li><a href=\"http:\/\/www.professores.uff.br\/paulab\/wp-content\/uploads\/sites\/109\/2017\/08\/lista-02-calc-03-A-2013-1.pdf\">Lista 02<\/a>.<\/li>\n<li><a href=\"http:\/\/www.professores.uff.br\/paulab\/wp-content\/uploads\/sites\/109\/2017\/08\/lista-03-calc-03-A-2013-1.pdf\">Lista 03<\/a>.<\/li>\n<li><b> Lista preparat\u00f3ria para a primeira prova <\/b> Apresenta\u00e7\u00e3o dos exerc\u00edcios no quadro: come\u00e7amos Quinta 27\/03 e continuamos Ter\u00e7a 01\/04.<\/li>\n<\/ul>\n<\/li>\n<li>VE2:\n<ul>\n<li><a href=\"http:\/\/www.professores.uff.br\/paulab\/wp-content\/uploads\/sites\/109\/2017\/08\/lista-04-calc-03-A-2013-1.pdf\">Lista 04<\/a>.<\/li>\n<li><a href=\"http:\/\/www.professores.uff.br\/paulab\/wp-content\/uploads\/sites\/109\/2017\/08\/lista-05-calc-03-A-2013-1.pdf\">Lista 05<\/a>.<\/li>\n<li><a href=\"http:\/\/www.professores.uff.br\/paulab\/wp-content\/uploads\/sites\/109\/2017\/08\/lista-06-calc-03-A-2013-1.pdf\">Lista 06<\/a>.<\/li>\n<li><b> Lista preparat\u00f3ria para a segunda prova <\/b> Apresenta\u00e7\u00e3o dos exerc\u00edcios no quadro: come\u00e7amos Quinta 22\/05 e continuamos Ter\u00e7a 27\/05.<\/li>\n<\/ul>\n<\/li>\n<\/ul>\n<\/li>\n<li><b>Outras listas com exerc\u00edcios resolvidos:<\/b><br \/>\n<table border=\"0\">\n<tbody>\n<tr>\n<td>\n<ul>\n<li>VE1:\n<ul>\n<li><a href=\"http:\/\/www.professores.uff.br\/paulab\/wp-content\/uploads\/sites\/109\/2017\/08\/Outras-Listas-Calc-III-A-lista01.pdf\">Lista 01<\/a>.<\/li>\n<li>Lista 02.<\/li>\n<li><a href=\"http:\/\/www.professores.uff.br\/paulab\/wp-content\/uploads\/sites\/109\/2017\/08\/Outras-Listas-Calc-III-A-lista03.pdf\">Lista 03<\/a>.<\/li>\n<li><a href=\"http:\/\/www.professores.uff.br\/paulab\/wp-content\/uploads\/sites\/109\/2017\/08\/Outras-Listas-Calc-III-A-lista04-1.pdf\">Lista 04<\/a>.<\/li>\n<li><a href=\"http:\/\/www.professores.uff.br\/paulab\/wp-content\/uploads\/sites\/109\/2017\/08\/Outras-Listas-Calc-III-A-lista05.pdf\">Lista 05<\/a>.<\/li>\n<li><a href=\"http:\/\/www.professores.uff.br\/paulab\/wp-content\/uploads\/sites\/109\/2017\/08\/Outras-Listas-Calc-III-A-lista06.pdf\">Lista 06<\/a> .<\/li>\n<li><a href=\"http:\/\/www.professores.uff.br\/paulab\/wp-content\/uploads\/sites\/109\/2017\/08\/Outras-Listas-Calc-III-A-lista07.pdf\">Lista 07<\/a> .<\/li>\n<\/ul>\n<\/li>\n<\/ul>\n<\/td>\n<td><\/td>\n<td>\n<ul>\n<li>VE2:\n<ul>\n<li><a href=\"http:\/\/www.professores.uff.br\/paulab\/wp-content\/uploads\/sites\/109\/2017\/08\/Outras-Listas-Calc-III-A-lista08.pdf\">Lista 08<\/a>.<\/li>\n<li><a href=\"http:\/\/www.professores.uff.br\/paulab\/wp-content\/uploads\/sites\/109\/2017\/08\/Outras-Listas-Calc-III-A-lista09.pdf\">Lista 09<\/a>.<\/li>\n<li><a href=\"http:\/\/www.professores.uff.br\/paulab\/wp-content\/uploads\/sites\/109\/2017\/08\/Outras-Listas-Calc-III-A-lista10.pdf\">Lista 10<\/a>.<\/li>\n<li><a href=\"http:\/\/www.professores.uff.br\/paulab\/wp-content\/uploads\/sites\/109\/2017\/08\/Outras-Listas-Calc-III-A-lista11.pdf\">Lista 11<\/a>.<\/li>\n<li><a href=\"http:\/\/www.professores.uff.br\/paulab\/wp-content\/uploads\/sites\/109\/2017\/08\/Outras-Listas-Calc-III-A-lista12.pdf\">Lista 12<\/a>.<\/li>\n<li><a href=\"http:\/\/www.professores.uff.br\/paulab\/wp-content\/uploads\/sites\/109\/2017\/08\/Outras-Listas-Calc-III-A-lista13.pdf\">Lista 13<\/a>.<\/li>\n<li><a href=\"http:\/\/www.professores.uff.br\/paulab\/wp-content\/uploads\/sites\/109\/2017\/08\/Outras-Listas-Calc-III-A-lista14.pdf\">Lista 14<\/a>.<\/li>\n<\/ul>\n<\/li>\n<\/ul>\n<\/td>\n<\/tr>\n<\/tbody>\n<\/table>\n<\/li>\n<li><b> Apresenta\u00e7\u00e3o resumida do conte\u00fado e proposta de problemas simples:<\/b>\n<ul>\n<li><a href=\"http:\/\/www.professores.uff.br\/paulab\/wp-content\/uploads\/sites\/109\/2017\/08\/Calculo-III-A-M01_aluno.pdf\">Modulo 01<\/a>. \/ <a href=\"http:\/\/www.professores.uff.br\/paulab\/wp-content\/uploads\/sites\/109\/2017\/08\/Calculo-III-A-M01_tutor.pdf\">Gabarito 01<\/a>.<\/li>\n<li><a href=\"http:\/\/www.professores.uff.br\/paulab\/wp-content\/uploads\/sites\/109\/2017\/08\/Calculo-III-A-M02_aluno.pdf\">Modulo 02<\/a>. \/ <a href=\"http:\/\/www.professores.uff.br\/paulab\/wp-content\/uploads\/sites\/109\/2017\/08\/Calculo-III-A-M02_tutor.pdf\">Gabarito 02<\/a>.<\/li>\n<li><a href=\"http:\/\/www.professores.uff.br\/paulab\/wp-content\/uploads\/sites\/109\/2017\/08\/Calculo-III-A-M03_aluno.pdf\">Modulo 03<\/a>. \/ <a href=\"http:\/\/www.professores.uff.br\/paulab\/wp-content\/uploads\/sites\/109\/2017\/08\/Calculo-III-A-M03_tutor.pdf\">Gabarito 03<\/a>.<\/li>\n<li><a href=\"http:\/\/www.professores.uff.br\/paulab\/wp-content\/uploads\/sites\/109\/2017\/08\/Calculo-III-A-M04_aluno.pdf\">Modulo 04<\/a>. \/ <a href=\"http:\/\/www.professores.uff.br\/paulab\/wp-content\/uploads\/sites\/109\/2017\/08\/Calculo-III-A-M04_tutor.pdf\">Gabarito 04<\/a>.<\/li>\n<li><a href=\"http:\/\/www.professores.uff.br\/paulab\/wp-content\/uploads\/sites\/109\/2017\/08\/Calculo-III-A-M05_aluno.pdf\">Modulo 05<\/a>. \/ <a href=\"http:\/\/www.professores.uff.br\/paulab\/wp-content\/uploads\/sites\/109\/2017\/08\/Calculo-III-A-M05_tutor.pdf\">Gabarito 05<\/a>.<\/li>\n<li><a href=\"http:\/\/www.professores.uff.br\/paulab\/wp-content\/uploads\/sites\/109\/2017\/08\/Calculo-III-A-M06_aluno.pdf\">Modulo 06<\/a>. \/ <a href=\"http:\/\/www.professores.uff.br\/paulab\/wp-content\/uploads\/sites\/109\/2017\/08\/Calculo-III-A-M06_tutor.pdf\">Gabarito 06<\/a>.<\/li>\n<li><a href=\"http:\/\/www.professores.uff.br\/paulab\/wp-content\/uploads\/sites\/109\/2017\/08\/Calculo-III-A-M07_aluno.pdf\">Modulo 07<\/a>. \/ <a href=\"http:\/\/www.professores.uff.br\/paulab\/wp-content\/uploads\/sites\/109\/2017\/08\/Calculo-III-A-M07_tutor.pdf\">Gabarito 07<\/a>.<\/li>\n<li><a href=\"http:\/\/www.professores.uff.br\/paulab\/wp-content\/uploads\/sites\/109\/2017\/08\/Calculo-III-A-M08_aluno.pdf\">Modulo 08<\/a>. \/ <a href=\"http:\/\/www.professores.uff.br\/paulab\/wp-content\/uploads\/sites\/109\/2017\/08\/Calculo-III-A-M08_tutor.pdf\">Gabarito 08<\/a>.<\/li>\n<li><a href=\"http:\/\/www.professores.uff.br\/paulab\/wp-content\/uploads\/sites\/109\/2017\/08\/Calculo-III-A-M09_aluno.pdf\">Modulo 09<\/a>. \/ <a href=\"http:\/\/www.professores.uff.br\/paulab\/wp-content\/uploads\/sites\/109\/2017\/08\/Calculo-III-A-M09_tutor.pdf\">Gabarito 09<\/a>.<\/li>\n<li><a href=\"http:\/\/www.professores.uff.br\/paulab\/wp-content\/uploads\/sites\/109\/2017\/08\/Calculo-III-A-M10_aluno.pdf\">Modulo 10<\/a>. \/ <a href=\"http:\/\/www.professores.uff.br\/paulab\/wp-content\/uploads\/sites\/109\/2017\/08\/Calculo-III-A-M10_tutor.pdf\">Gabarito 10<\/a>.<\/li>\n<li><a href=\"http:\/\/www.professores.uff.br\/paulab\/wp-content\/uploads\/sites\/109\/2017\/08\/Calculo-III-A-M11_aluno.pdf\">Modulo 11<\/a>. \/ <a href=\"http:\/\/www.professores.uff.br\/paulab\/wp-content\/uploads\/sites\/109\/2017\/08\/Calculo-III-A-M11_tutor.pdf\">Gabarito 11<\/a>.<\/li>\n<li><a href=\"http:\/\/www.professores.uff.br\/paulab\/wp-content\/uploads\/sites\/109\/2017\/08\/Calculo-III-A-M12_aluno.pdf\">Modulo 12<\/a>. \/ <a href=\"http:\/\/www.professores.uff.br\/paulab\/wp-content\/uploads\/sites\/109\/2017\/08\/Calculo-III-A-M12_tutor.pdf\">Gabarito 12<\/a>.<\/li>\n<li><a href=\"http:\/\/www.professores.uff.br\/paulab\/wp-content\/uploads\/sites\/109\/2017\/08\/Calculo-III-A-M13_aluno.pdf\">Modulo 13<\/a>. \/ <a href=\"http:\/\/www.professores.uff.br\/paulab\/wp-content\/uploads\/sites\/109\/2017\/08\/Calculo-III-A-M13_tutor.pdf\">Gabarito 13<\/a>.<\/li>\n<li><a href=\"http:\/\/www.professores.uff.br\/paulab\/wp-content\/uploads\/sites\/109\/2017\/08\/Calculo-III-A-M14_aluno.pdf\">Modulo 14<\/a>. \/ <a href=\"http:\/\/www.professores.uff.br\/paulab\/wp-content\/uploads\/sites\/109\/2017\/08\/Calculo-III-A-M14_tutor.pdf\">Gabarito 14<\/a>.<\/li>\n<\/ul>\n<\/li>\n<\/ul>\n<hr \/>\n<p><span style=\"font-family: arial,helvetica,sans serif;\"><small><a href=\"http:\/\/www.professores.uff.br\/paulab\/\">Back to the main page<\/a><\/small><\/span><\/p>\n","protected":false},"excerpt":{"rendered":"<p>Professora: Paula Balseiro Aulas: Turma F1: Ter\u00e7as\/Quintas 14:00 &#8211; 16:00 (Sala H201) . Monitorias: (no GMA, Valonguinho) Segunda: 16:00-20:00, Quinta: 9:00-11:00 Ementa e Bibliografia [pdf] . Avalia\u00e7\u00e3o: 1VE: 03\/04 2VE: 29\/05 Gabarito da VE2 . VR (fechada): 05\/06 VS: 10\/06 Resultados . Observa\u00e7\u00f5es: Os dias 08\/04 e 10\/04 n\u00e3o haver\u00e1 aula. Listas de Exercicios: VE1: [&hellip;]<\/p>\n","protected":false},"author":46,"featured_media":0,"parent":0,"menu_order":0,"comment_status":"closed","ping_status":"closed","template":"","meta":{"_exactmetrics_skip_tracking":false,"_exactmetrics_sitenote_active":false,"_exactmetrics_sitenote_note":"","_exactmetrics_sitenote_category":0,"footnotes":""},"categories":[],"tags":[],"class_list":["post-64","page","type-page","status-publish","hentry"],"_links":{"self":[{"href":"https:\/\/www.professores.uff.br\/paulab\/wp-json\/wp\/v2\/pages\/64","targetHints":{"allow":["GET"]}}],"collection":[{"href":"https:\/\/www.professores.uff.br\/paulab\/wp-json\/wp\/v2\/pages"}],"about":[{"href":"https:\/\/www.professores.uff.br\/paulab\/wp-json\/wp\/v2\/types\/page"}],"author":[{"embeddable":true,"href":"https:\/\/www.professores.uff.br\/paulab\/wp-json\/wp\/v2\/users\/46"}],"replies":[{"embeddable":true,"href":"https:\/\/www.professores.uff.br\/paulab\/wp-json\/wp\/v2\/comments?post=64"}],"version-history":[{"count":9,"href":"https:\/\/www.professores.uff.br\/paulab\/wp-json\/wp\/v2\/pages\/64\/revisions"}],"predecessor-version":[{"id":242,"href":"https:\/\/www.professores.uff.br\/paulab\/wp-json\/wp\/v2\/pages\/64\/revisions\/242"}],"wp:attachment":[{"href":"https:\/\/www.professores.uff.br\/paulab\/wp-json\/wp\/v2\/media?parent=64"}],"wp:term":[{"taxonomy":"category","embeddable":true,"href":"https:\/\/www.professores.uff.br\/paulab\/wp-json\/wp\/v2\/categories?post=64"},{"taxonomy":"post_tag","embeddable":true,"href":"https:\/\/www.professores.uff.br\/paulab\/wp-json\/wp\/v2\/tags?post=64"}],"curies":[{"name":"wp","href":"https:\/\/api.w.org\/{rel}","templated":true}]}}