{"id":7,"date":"2017-08-25T18:35:35","date_gmt":"2017-08-25T21:35:35","guid":{"rendered":"http:\/\/www.professores.uff.br\/paulab\/?page_id=7"},"modified":"2022-03-28T14:13:00","modified_gmt":"2022-03-28T17:13:00","slug":"research","status":"publish","type":"page","link":"https:\/\/www.professores.uff.br\/paulab\/research\/","title":{"rendered":"Seminars"},"content":{"rendered":"\n<p>&nbsp;<\/p>\n<ul>\n<li style=\"list-style-type: none\">\n<ul>\n\n<li>  <a href=\"https:\/\/events.math.unipd.it\/GDMSeminar\/\">  Geometry, Dynamics and Mechanics Seminar, \n<br>\nA series of online seminars <\/a> (2020 &#8211; )<\/li>\n\n<br>\n\n<li>  Thematic Semester at IMPA: <a href=\"http:\/\/semestretematico.impa.br\/\"> Symplectic and Poisson Geometry 2019 <\/a><\/li>\n\n<br>\n\n<li><a href=\"https:\/\/sites.google.com\/site\/geosimpuff\/seminarios\">\nSemin\u00e1rio Simpl\u00e9tico da UFF-IME <\/a>\n<\/li>\n \n<br>\n\n<li><a href=\"http:\/\/w3.impa.br\/~semsimp\/\">  Semin\u00e1rio Simpl\u00e9tico Conjunto no Rio (IMPA-UFRJ-UFF-PUC) <\/a> <\/li>\n\n<br>\n\n<li><a href=\"http:\/\/www.meusiteantigo.uff.br\/paulab\/Seminar.html\"> Geometric Mechanics Working Seminar in Rio <\/a><\/li>\n<\/ul>\n<\/li>\n<\/ul>\n","protected":false},"excerpt":{"rendered":"<p>&nbsp; Geometry, Dynamics and Mechanics Seminar, A series of online seminars (2020 &#8211; ) Thematic Semester at IMPA: Symplectic and Poisson Geometry 2019 Semin\u00e1rio Simpl\u00e9tico da UFF-IME Semin\u00e1rio Simpl\u00e9tico Conjunto no Rio (IMPA-UFRJ-UFF-PUC) Geometric Mechanics Working Seminar in Rio<\/p>\n","protected":false},"author":46,"featured_media":0,"parent":0,"menu_order":0,"comment_status":"closed","ping_status":"closed","template":"","meta":{"_exactmetrics_skip_tracking":false,"_exactmetrics_sitenote_active":false,"_exactmetrics_sitenote_note":"","_exactmetrics_sitenote_category":0,"footnotes":""},"categories":[],"tags":[],"class_list":["post-7","page","type-page","status-publish","hentry"],"_links":{"self":[{"href":"https:\/\/www.professores.uff.br\/paulab\/wp-json\/wp\/v2\/pages\/7","targetHints":{"allow":["GET"]}}],"collection":[{"href":"https:\/\/www.professores.uff.br\/paulab\/wp-json\/wp\/v2\/pages"}],"about":[{"href":"https:\/\/www.professores.uff.br\/paulab\/wp-json\/wp\/v2\/types\/page"}],"author":[{"embeddable":true,"href":"https:\/\/www.professores.uff.br\/paulab\/wp-json\/wp\/v2\/users\/46"}],"replies":[{"embeddable":true,"href":"https:\/\/www.professores.uff.br\/paulab\/wp-json\/wp\/v2\/comments?post=7"}],"version-history":[{"count":11,"href":"https:\/\/www.professores.uff.br\/paulab\/wp-json\/wp\/v2\/pages\/7\/revisions"}],"predecessor-version":[{"id":712,"href":"https:\/\/www.professores.uff.br\/paulab\/wp-json\/wp\/v2\/pages\/7\/revisions\/712"}],"wp:attachment":[{"href":"https:\/\/www.professores.uff.br\/paulab\/wp-json\/wp\/v2\/media?parent=7"}],"wp:term":[{"taxonomy":"category","embeddable":true,"href":"https:\/\/www.professores.uff.br\/paulab\/wp-json\/wp\/v2\/categories?post=7"},{"taxonomy":"post_tag","embeddable":true,"href":"https:\/\/www.professores.uff.br\/paulab\/wp-json\/wp\/v2\/tags?post=7"}],"curies":[{"name":"wp","href":"https:\/\/api.w.org\/{rel}","templated":true}]}}

<p>&nbsp;</p>
<ul>
<li style="list-style-type: none">
<ul>

<li>  <a href="https://events.math.unipd.it/GDMSeminar/">  Geometry, Dynamics and Mechanics Seminar, 
<br>
A series of online seminars </a> (2020 &#8211; )</li>

<br>

<li>  Thematic Semester at IMPA: <a href="http://semestretematico.impa.br/"> Symplectic and Poisson Geometry 2019 </a></li>

<br>

<li><a href="https://sites.google.com/site/geosimpuff/seminarios">
Seminário Simplético da UFF-IME </a>
</li>
 
<br>

<li><a href="http://w3.impa.br/~semsimp/">  Seminário Simplético Conjunto no Rio (IMPA-UFRJ-UFF-PUC) </a> </li>

<br>

<li><a href="http://www.meusiteantigo.uff.br/paulab/Seminar.html"> Geometric Mechanics Working Seminar in Rio </a></li>
</ul>
</li>
</ul>

<p>&nbsp; Geometry, Dynamics and Mechanics Seminar, A series of online seminars (2020 &#8211; ) Thematic Semester at IMPA: Symplectic and Poisson Geometry 2019 Seminário Simplético da UFF-IME Seminário Simplético Conjunto no Rio (IMPA-UFRJ-UFF-PUC) Geometric Mechanics Working Seminar in Rio</p>
