{"id":75,"date":"2017-08-25T20:41:00","date_gmt":"2017-08-25T23:41:00","guid":{"rendered":"http:\/\/www.professores.uff.br\/paulab\/?page_id=75"},"modified":"2017-09-01T19:36:33","modified_gmt":"2017-09-01T22:36:33","slug":"2012-ii-calculo-ii-a","status":"publish","type":"page","link":"https:\/\/www.professores.uff.br\/paulab\/2012-ii-calculo-ii-a\/","title":{"rendered":"2012 II &#8211; Calculo II-A"},"content":{"rendered":"<p><center><b>Professor: Paula Balseiro <\/b><\/center><\/p>\n<ul>\n<li><b> Aulas:<\/b>\n<ul>\n<li>Turma GMA00109-F1 <i> Seg\/Qua 16:00 &#8211; 18:00 <\/i> (Sala H401\/H202 ),<\/li>\n<li>Turma GMA00109-G1 <i> Seg\/Qua 18:00 &#8211; 20:00 <\/i> (Sala H404\/H502).<\/li>\n<\/ul>\n<\/li>\n<li><b> Listas de Exercicios:<\/b>\n<ul>\n<li>VE1:\n<ul>\n<li><a href=\"http:\/\/www.professores.uff.br\/paulab\/wp-content\/uploads\/sites\/109\/2017\/08\/lista-02-calc-02A-2011-1.pdf\">Lista 02<\/a>.<\/li>\n<li><a href=\"http:\/\/www.professores.uff.br\/paulab\/wp-content\/uploads\/sites\/109\/2017\/08\/lista-03-calc-02A-2011-1.pdf\">Lista 03<\/a>.<\/li>\n<li><a href=\"http:\/\/www.professores.uff.br\/paulab\/wp-content\/uploads\/sites\/109\/2017\/08\/lista-04-calc-02A-2011-1.pdf\">Lista 04<\/a>.<\/li>\n<li><a href=\"http:\/\/www.professores.uff.br\/paulab\/wp-content\/uploads\/sites\/109\/2017\/08\/lista-05-calc-02A-2011-1.pdf\">Lista 05<\/a>.<\/li>\n<li><a href=\"http:\/\/www.professores.uff.br\/paulab\/wp-content\/uploads\/sites\/109\/2017\/08\/lista-06-calc-02A-2011-1.pdf\">Lista 06<\/a>.<\/li>\n<li><a href=\"http:\/\/www.professores.uff.br\/paulab\/wp-content\/uploads\/sites\/109\/2017\/08\/lista-07-calc-02A-2011-1.pdf\">Lista 07<\/a>.<\/li>\n<li><a href=\"http:\/\/www.meusiteantigo.uff.br\/paulab\/IntegracaoImpropria.pdf\"> Exemplos de Integra\u00e7\u00e3o Impropia: criterio de compara\u00e7\u00e3o<\/a> (vamos estudar o criterio de compara\u00e7\u00e3o na Segunda 7 de Janeiro).<\/li>\n<li><a href=\"http:\/\/www.meusiteantigo.uff.br\/paulab\/Exercicios.pdf\"> Exercicios preparatorios para a primeira prova. <\/a> Apresenta\u00e7\u00e3o dos exercicios no quadro: come\u00e7amos Segunda 7 e continuamos Quarta 9 de Janeiro.<\/li>\n<\/ul>\n<\/li>\n<li>VE2:\n<ul>\n<li><a href=\"http:\/\/www.professores.uff.br\/paulab\/wp-content\/uploads\/sites\/109\/2017\/08\/lista-08-calc-02A-2011-1.pdf\">Lista 08<\/a>.<\/li>\n<li><a href=\"http:\/\/www.professores.uff.br\/paulab\/wp-content\/uploads\/sites\/109\/2017\/08\/lista-09-calc-02A-2011-1.pdf\">Lista 09<\/a>.<\/li>\n<li><a href=\"http:\/\/www.professores.uff.br\/paulab\/wp-content\/uploads\/sites\/109\/2017\/08\/lista-10-calc-02A-2011-1.pdf\">Lista 10<\/a>.<\/li>\n<li><a href=\"http:\/\/www.professores.uff.br\/paulab\/wp-content\/uploads\/sites\/109\/2017\/08\/lista-11-calc-02A-2011-1.pdf\">Lista 11<\/a>.<\/li>\n<li><a href=\"http:\/\/www.professores.uff.br\/paulab\/wp-content\/uploads\/sites\/109\/2017\/08\/lista-12_calc-02A-2011-1.pdf\">Lista 12<\/a>.<\/li>\n<li><a href=\"http:\/\/www.professores.uff.br\/paulab\/wp-content\/uploads\/sites\/109\/2017\/08\/lista-13_calc-02A-2011-1.pdf\">Lista 13<\/a>.<\/li>\n<li><a href=\"http:\/\/www.professores.uff.br\/paulab\/wp-content\/uploads\/sites\/109\/2017\/08\/lista-14_calc-02A-2011-1.pdf\">Lista 14<\/a>.<\/li>\n<li><a href=\"http:\/\/www.meusiteantigo.uff.br\/paulab\/praticaII.pdf\"> Exercicios preparatorios para a segunda prova. <\/a> Apresenta\u00e7\u00e3o dos exercicios no quadro: Quarta 27\/02 e continuamos Segunda 4\/03.<\/li>\n<\/ul>\n<\/li>\n<\/ul>\n<\/li>\n<li><b> Ementa e Bibliografia <a href=\"http:\/\/www.meusiteantigo.uff.br\/paulab\/ProgramaCALCULOII.pdf\"> [<\/a><a href=\"http:\/\/www.professores.uff.br\/paulab\/wp-content\/uploads\/sites\/109\/2017\/08\/ProgramaCALCULOII-A.pdf\">pdf<\/a><a href=\"http:\/\/www.meusiteantigo.uff.br\/paulab\/ProgramaCALCULOII.pdf\">] <\/a>. <\/b><\/li>\n<li><b>Avalia\u00e7\u00e3o: <\/b>\n<ul>\n<li>1VE: 14\/01\/2013<\/li>\n<li>2VE: 06\/03<\/li>\n<li><b> VR: 13\/03 <\/b>\n<ul>\n<li>Resultados Turma F1 .<\/li>\n<li>Resultados Turma G1 . Aos alunos da turma G1 (18-20): caso queiram, podem tomar a VS no horario das 16:00 (sala 401).<\/li>\n<li>Revis\u00e3o da prova: Segunda 18\/03 as 11:00am no GMA (Instituto de Matem\u00e1tica, Campus do Valonguinho, 5to andar).<\/li>\n<li>Gabarito VR (Turma F1) Folha1 , Folha2 , Folha3 , Folha4 .<\/li>\n<li>Gabarito VR (Turma G1) Folha1 , Folha2 , Folha3 , Folha4 .<\/li>\n<\/ul>\n<\/li>\n<li>VS: 18\/03<\/li>\n<\/ul>\n<\/li>\n<li><b> Observa\u00e7\u00f5es: <\/b> N\u00e3o vamos ter aula os dias:\n<ul>\n<li>24\/12, 26\/12, 31\/12 e 02\/01,<\/li>\n<li>11\/02, 13\/02 (carnaval).<\/li>\n<\/ul>\n<p>:<\/li>\n<\/ul>\n<hr \/>\n<p><span style=\"font-family: arial,helvetica,sans serif;\"><small><a href=\"http:\/\/www.professores.uff.br\/paulab\/\">Back to the main page<\/a><\/small><\/span><\/p>\n","protected":false},"excerpt":{"rendered":"<p>Professor: Paula Balseiro Aulas: Turma GMA00109-F1 Seg\/Qua 16:00 &#8211; 18:00 (Sala H401\/H202 ), Turma GMA00109-G1 Seg\/Qua 18:00 &#8211; 20:00 (Sala H404\/H502). Listas de Exercicios: VE1: Lista 02. Lista 03. Lista 04. Lista 05. Lista 06. Lista 07. Exemplos de Integra\u00e7\u00e3o Impropia: criterio de compara\u00e7\u00e3o (vamos estudar o criterio de compara\u00e7\u00e3o na Segunda 7 de Janeiro). [&hellip;]<\/p>\n","protected":false},"author":46,"featured_media":0,"parent":0,"menu_order":0,"comment_status":"closed","ping_status":"closed","template":"","meta":{"_exactmetrics_skip_tracking":false,"_exactmetrics_sitenote_active":false,"_exactmetrics_sitenote_note":"","_exactmetrics_sitenote_category":0,"footnotes":""},"categories":[],"tags":[],"class_list":["post-75","page","type-page","status-publish","hentry"],"_links":{"self":[{"href":"https:\/\/www.professores.uff.br\/paulab\/wp-json\/wp\/v2\/pages\/75","targetHints":{"allow":["GET"]}}],"collection":[{"href":"https:\/\/www.professores.uff.br\/paulab\/wp-json\/wp\/v2\/pages"}],"about":[{"href":"https:\/\/www.professores.uff.br\/paulab\/wp-json\/wp\/v2\/types\/page"}],"author":[{"embeddable":true,"href":"https:\/\/www.professores.uff.br\/paulab\/wp-json\/wp\/v2\/users\/46"}],"replies":[{"embeddable":true,"href":"https:\/\/www.professores.uff.br\/paulab\/wp-json\/wp\/v2\/comments?post=75"}],"version-history":[{"count":3,"href":"https:\/\/www.professores.uff.br\/paulab\/wp-json\/wp\/v2\/pages\/75\/revisions"}],"predecessor-version":[{"id":298,"href":"https:\/\/www.professores.uff.br\/paulab\/wp-json\/wp\/v2\/pages\/75\/revisions\/298"}],"wp:attachment":[{"href":"https:\/\/www.professores.uff.br\/paulab\/wp-json\/wp\/v2\/media?parent=75"}],"wp:term":[{"taxonomy":"category","embeddable":true,"href":"https:\/\/www.professores.uff.br\/paulab\/wp-json\/wp\/v2\/categories?post=75"},{"taxonomy":"post_tag","embeddable":true,"href":"https:\/\/www.professores.uff.br\/paulab\/wp-json\/wp\/v2\/tags?post=75"}],"curies":[{"name":"wp","href":"https:\/\/api.w.org\/{rel}","templated":true}]}}