{"id":755,"date":"2022-08-22T16:34:38","date_gmt":"2022-08-22T19:34:38","guid":{"rendered":"http:\/\/www.professores.uff.br\/paulab\/?page_id=755"},"modified":"2023-04-02T20:43:36","modified_gmt":"2023-04-02T23:43:36","slug":"2022-ii-calculo-2a","status":"publish","type":"page","link":"https:\/\/www.professores.uff.br\/paulab\/2022-ii-calculo-2a\/","title":{"rendered":"2022-II Calculo 2A"},"content":{"rendered":"\n<p><strong>Professor: Paula Balseiro<\/strong><\/p>\n\n\n\n<p><strong>Aulas:<\/strong><\/p>\n\n\n\n<ul><li>Turma L1&nbsp;<em>Seg\/Qua 9:00 \u2013 11:00&nbsp;<\/em>(Sala IMG 203, Gragoat\u00e1),<\/li><li><strong>Monitorias:<\/strong>&nbsp;&nbsp; &nbsp;[Horarios]<\/li><li><strong>Notas de aula:<\/strong>  <a href=\"http:\/\/gma.uff.br\/arquivos_antigos\/html\/informacoes%20disciplinas\/calc%2002%20-A-%202012-2\/cristiane\/CALCULOIIA_EAD(Versao%20Final)_correcao_%20aulas%2025%20a%2030.pdf\">Apostila do Profs: Cristiane Argento e Freddy Hernandez<\/a><\/li><li>\n\n<strong>Listas de Exercicios:<\/strong>\n\n<ul>\n\n<li>VE1:<ul>\n<li><a href=\"http:\/\/www.professores.uff.br\/paulab\/wp-content\/uploads\/sites\/109\/2017\/08\/lista-01-calc-02A-2013.pdf\">Lista 01<\/a>.<\/li>\n\n<li><a href=\"http:\/\/www.professores.uff.br\/paulab\/wp-content\/uploads\/sites\/109\/2017\/08\/lista-02-calc-02A-2011.pdf\">Lista 02<\/a>.<\/li>\n\n<li><a href=\"http:\/\/www.professores.uff.br\/paulab\/wp-content\/uploads\/sites\/109\/2017\/08\/lista-03-calc-02A-2011.pdf\">Lista 03<\/a>.<\/li>\n\n<li><a href=\"http:\/\/www.professores.uff.br\/paulab\/wp-content\/uploads\/sites\/109\/2017\/08\/lista-04-calc-02A-2011.pdf\">Lista 04<\/a>&nbsp;.<\/li>\n\n<li><a href=\"http:\/\/www.professores.uff.br\/paulab\/wp-content\/uploads\/sites\/109\/2017\/08\/lista-05-calc-02A-2011.pdf\">Lista 05<\/a>&nbsp;.<\/li>\n\n<li><a href=\"http:\/\/www.professores.uff.br\/paulab\/wp-content\/uploads\/sites\/109\/2017\/08\/lista-06-calc-02A-2011.pdf\"> Lista 06<\/a>&nbsp;.<\/li>  \n\n<li><a href=\"http:\/\/www.professores.uff.br\/paulab\/wp-content\/uploads\/sites\/109\/2017\/08\/lista-07-calc-02A-2011.pdf\"> Lista 07<\/a>.<\/li>\n\n<li>   Lista de exerc\u00edcios para a prova: Os exerc\u00edcios s\u00e3o apresentados no quadro pelos alunos. Come\u00e7amos Segunda 3\/10 e finalizamos Quarta 05\/10.        <\/li>\n\n<\/ul><\/li><\/ul>\n\n<ul><li>VE2:<ul><li><a href=\"http:\/\/www.professores.uff.br\/paulab\/wp-content\/uploads\/sites\/109\/2017\/08\/lista-08-calc-02A-2011.pdf\">Lista 08<\/a>&nbsp;.<\/li><li><a href=\"http:\/\/www.professores.uff.br\/paulab\/wp-content\/uploads\/sites\/109\/2017\/08\/lista-09-calc-02A-2011.pdf\">Lista 09<\/a>&nbsp;.<\/li><li><a href=\"http:\/\/www.professores.uff.br\/paulab\/wp-content\/uploads\/sites\/109\/2017\/08\/lista-10-calc-02A-2011.pdf\">Lista 10<\/a>&nbsp;.<\/li><li><a href=\"http:\/\/www.professores.uff.br\/paulab\/wp-content\/uploads\/sites\/109\/2017\/08\/lista-11-calc-02A-2011.pdf\">Lista 11<\/a>.<\/li><li><a href=\"http:\/\/www.professores.uff.br\/paulab\/wp-content\/uploads\/sites\/109\/2017\/08\/lista-12_calc-02A-2011.pdf\">Lista 12<\/a>.<\/li><li><a href=\"http:\/\/www.professores.uff.br\/paulab\/wp-content\/uploads\/sites\/109\/2017\/08\/lista-13_calc-02A-2011.pdf\">Lista 13<\/a>&nbsp;.<\/li>\n\n<li><a href=\"http:\/\/www.professores.uff.br\/paulab\/wp-content\/uploads\/sites\/109\/2017\/08\/lista-14_calc-02A-2011.pdf\">Lista 14<\/a>.<\/li>\n\n<li>Aula remota da Segunda 17\/10\/22  <ul>\n<li><a href=\"https:\/\/drive.google.com\/file\/d\/1HoJM9H_0_Bvd9on--oZzpx6TzvqVdafD\/view?usp=sharing\"> Grava\u00e7\u00e3o da aula <\/a><\/li>\n<li><a href=\"http:\/\/www.professores.uff.br\/paulab\/wp-content\/uploads\/sites\/109\/2022\/10\/Calculo2A-Quadro17-10-22.pdf\"> PDF do quadro<\/a>  <\/li>\n\n<\/ul><\/li>\n\n<li>Exercicios resolvidos: \n<\/li>\n\n\n\n\n\n<li> Aula remota da Segunda 28\/11\/22:  <a href=\"http:\/\/www.professores.uff.br\/paulab\/wp-content\/uploads\/sites\/109\/2022\/12\/Quadro2A\u2013-28-de-nov.-de-2022.pdf\"> PDF do quadro <\/a>     <\/li>\n\n<li>   Lista de exerc\u00edcios para a prova (VE2): Os exerc\u00edcios s\u00e3o apresentados no quadro pelos alunos. Come\u00e7amos Segunda 28\/11 e finalizamos Quarta 30\/11.        <\/li>\n\n\n<\/ul><\/li><\/ul><\/li>\n\n\n\n\n<li><strong>Datas das provas (datas a confirmar!):<\/strong>    <ul><li>1VE: 10\/10\/2022:   <\/li>\n\n<li>2VE: 05\/12\/2022:  <strong> Notas da 2VE e Medias <\/strong>    <\/li><li>VR:  7\/12\/2022    <\/li><\/ul><ul><li>VS: 19\/12\/2022 <\/li><\/ul><\/li><li><strong>Ementa e Bibliografia&nbsp;<a href=\"http:\/\/www.professores.uff.br\/paulab\/wp-content\/uploads\/sites\/109\/2017\/08\/ProgramaCALCULOII-A.pdf\">[pdf]<\/a>.<\/strong><\/li><li><strong>Observa\u00e7\u00f5es:<\/strong> <ul><li>As aulas ser\u00e3o presenciais, mas no caso de ter que passar ao modo remoto por algum imprevisto, deixo aqui o link:  https:\/\/meet.google.com\/tdn-qfrd-uey<\/li><li>Quarta 24\/08\/2022  n\u00e3o vamos ter aula.  <\/li><\/ul><\/li><\/ul>\n\n\n\n<p><\/p>\n","protected":false},"excerpt":{"rendered":"<p>Professor: Paula Balseiro Aulas: Turma L1&nbsp;Seg\/Qua 9:00 \u2013 11:00&nbsp;(Sala IMG 203, Gragoat\u00e1), Monitorias:&nbsp;&nbsp; &nbsp;[Horarios] Notas de aula: Apostila do Profs: Cristiane Argento e Freddy Hernandez Listas de Exercicios: VE1: Lista 01. Lista 02. Lista 03. Lista 04&nbsp;. Lista 05&nbsp;. Lista 06&nbsp;. Lista 07. Lista de exerc\u00edcios para a prova: Os exerc\u00edcios s\u00e3o apresentados no quadro [&hellip;]<\/p>\n","protected":false},"author":114,"featured_media":0,"parent":0,"menu_order":0,"comment_status":"closed","ping_status":"closed","template":"","meta":{"_exactmetrics_skip_tracking":false,"_exactmetrics_sitenote_active":false,"_exactmetrics_sitenote_note":"","_exactmetrics_sitenote_category":0,"footnotes":""},"categories":[],"tags":[],"class_list":["post-755","page","type-page","status-publish","hentry"],"_links":{"self":[{"href":"https:\/\/www.professores.uff.br\/paulab\/wp-json\/wp\/v2\/pages\/755","targetHints":{"allow":["GET"]}}],"collection":[{"href":"https:\/\/www.professores.uff.br\/paulab\/wp-json\/wp\/v2\/pages"}],"about":[{"href":"https:\/\/www.professores.uff.br\/paulab\/wp-json\/wp\/v2\/types\/page"}],"author":[{"embeddable":true,"href":"https:\/\/www.professores.uff.br\/paulab\/wp-json\/wp\/v2\/users\/114"}],"replies":[{"embeddable":true,"href":"https:\/\/www.professores.uff.br\/paulab\/wp-json\/wp\/v2\/comments?post=755"}],"version-history":[{"count":22,"href":"https:\/\/www.professores.uff.br\/paulab\/wp-json\/wp\/v2\/pages\/755\/revisions"}],"predecessor-version":[{"id":813,"href":"https:\/\/www.professores.uff.br\/paulab\/wp-json\/wp\/v2\/pages\/755\/revisions\/813"}],"wp:attachment":[{"href":"https:\/\/www.professores.uff.br\/paulab\/wp-json\/wp\/v2\/media?parent=755"}],"wp:term":[{"taxonomy":"category","embeddable":true,"href":"https:\/\/www.professores.uff.br\/paulab\/wp-json\/wp\/v2\/categories?post=755"},{"taxonomy":"post_tag","embeddable":true,"href":"https:\/\/www.professores.uff.br\/paulab\/wp-json\/wp\/v2\/tags?post=755"}],"curies":[{"name":"wp","href":"https:\/\/api.w.org\/{rel}","templated":true}]}}