{"id":79,"date":"2017-08-25T20:41:33","date_gmt":"2017-08-25T23:41:33","guid":{"rendered":"http:\/\/www.professores.uff.br\/paulab\/?page_id=79"},"modified":"2017-09-01T20:01:59","modified_gmt":"2017-09-01T23:01:59","slug":"2012-i-calculo-iii-a","status":"publish","type":"page","link":"https:\/\/www.professores.uff.br\/paulab\/2012-i-calculo-iii-a\/","title":{"rendered":"2012 I &#8211; Calculo III-A"},"content":{"rendered":"<p><center><b>Professora: Paula Balseiro <\/b><\/center><\/p>\n<ul>\n<li><b> Aulas:<\/b>\n<ul>\n<li>Turma B1 <i> Seg\/Qua 11:00 &#8211; 13:00 (Salas H501 \/ H505) <\/i>.<\/li>\n<\/ul>\n<\/li>\n<li><b> Apresenta\u00e7\u00e3o resumida do conte\u00fado e proposta de problemas simples:<\/b>\n<ul>\n<li><a href=\"http:\/\/www.professores.uff.br\/paulab\/wp-content\/uploads\/sites\/109\/2017\/08\/Calculo-III-A-M01_aluno.pdf\">Modulo 01<\/a>.\/\u00a0<a href=\"http:\/\/www.professores.uff.br\/paulab\/wp-content\/uploads\/sites\/109\/2017\/08\/Calculo-III-A-M01_tutor.pdf\">Gabarito 01<\/a>.<\/li>\n<li><a href=\"http:\/\/www.professores.uff.br\/paulab\/wp-content\/uploads\/sites\/109\/2017\/08\/Calculo-III-A-M02_aluno.pdf\">Modulo 02<\/a>.\/\u00a0<a href=\"http:\/\/www.professores.uff.br\/paulab\/wp-content\/uploads\/sites\/109\/2017\/08\/Calculo-III-A-M02_tutor.pdf\">Gabarito 02<\/a>.<\/li>\n<li><a href=\"http:\/\/www.professores.uff.br\/paulab\/wp-content\/uploads\/sites\/109\/2017\/08\/Calculo-III-A-M03_aluno.pdf\">Modulo 03<\/a>.\/\u00a0<a href=\"http:\/\/www.professores.uff.br\/paulab\/wp-content\/uploads\/sites\/109\/2017\/08\/Calculo-III-A-M03_tutor.pdf\">Gabarito 03<\/a>.<\/li>\n<li><a href=\"http:\/\/www.professores.uff.br\/paulab\/wp-content\/uploads\/sites\/109\/2017\/08\/Calculo-III-A-M04_aluno.pdf\">Modulo 04<\/a>.\/\u00a0<a href=\"http:\/\/www.professores.uff.br\/paulab\/wp-content\/uploads\/sites\/109\/2017\/08\/Calculo-III-A-M04_tutor.pdf\">Gabarito 04<\/a>.<\/li>\n<li><a href=\"http:\/\/www.professores.uff.br\/paulab\/wp-content\/uploads\/sites\/109\/2017\/08\/Calculo-III-A-M05_aluno.pdf\">Modulo 05<\/a>.\/\u00a0<a href=\"http:\/\/www.professores.uff.br\/paulab\/wp-content\/uploads\/sites\/109\/2017\/08\/Calculo-III-A-M05_tutor.pdf\">Gabarito 05<\/a>.<\/li>\n<li><a href=\"http:\/\/www.professores.uff.br\/paulab\/wp-content\/uploads\/sites\/109\/2017\/08\/Calculo-III-A-M06_aluno.pdf\">Modulo 06<\/a>.\/\u00a0<a href=\"http:\/\/www.professores.uff.br\/paulab\/wp-content\/uploads\/sites\/109\/2017\/08\/Calculo-III-A-M06_tutor.pdf\">Gabarito 06<\/a>.<\/li>\n<li><a href=\"http:\/\/www.professores.uff.br\/paulab\/wp-content\/uploads\/sites\/109\/2017\/08\/Calculo-III-A-M07_aluno.pdf\">Modulo 07<\/a>.\/\u00a0<a href=\"http:\/\/www.professores.uff.br\/paulab\/wp-content\/uploads\/sites\/109\/2017\/08\/Calculo-III-A-M07_tutor.pdf\">Gabarito 07<\/a>.<\/li>\n<li><a href=\"http:\/\/www.professores.uff.br\/paulab\/wp-content\/uploads\/sites\/109\/2017\/08\/Calculo-III-A-M08_aluno.pdf\">Modulo 08<\/a>.\/\u00a0<a href=\"http:\/\/www.professores.uff.br\/paulab\/wp-content\/uploads\/sites\/109\/2017\/08\/Calculo-III-A-M08_tutor.pdf\">Gabarito 08<\/a>.<\/li>\n<li><a href=\"http:\/\/www.professores.uff.br\/paulab\/wp-content\/uploads\/sites\/109\/2017\/08\/Calculo-III-A-M09_aluno.pdf\">Modulo 09<\/a>.\/\u00a0<a href=\"http:\/\/www.professores.uff.br\/paulab\/wp-content\/uploads\/sites\/109\/2017\/08\/Calculo-III-A-M09_tutor.pdf\">Gabarito 09<\/a>.<\/li>\n<li><a href=\"http:\/\/www.professores.uff.br\/paulab\/wp-content\/uploads\/sites\/109\/2017\/08\/Calculo-III-A-M10_aluno.pdf\">Modulo 10<\/a>.\/\u00a0<a href=\"http:\/\/www.professores.uff.br\/paulab\/wp-content\/uploads\/sites\/109\/2017\/08\/Calculo-III-A-M10_tutor.pdf\">Gabarito 10<\/a>.<\/li>\n<li><a href=\"http:\/\/www.professores.uff.br\/paulab\/wp-content\/uploads\/sites\/109\/2017\/08\/Calculo-III-A-M11_aluno.pdf\">Modulo 11<\/a>.\/\u00a0<a href=\"http:\/\/www.professores.uff.br\/paulab\/wp-content\/uploads\/sites\/109\/2017\/08\/Calculo-III-A-M11_tutor.pdf\">Gabarito 11<\/a>.<\/li>\n<li><a href=\"http:\/\/www.professores.uff.br\/paulab\/wp-content\/uploads\/sites\/109\/2017\/08\/Calculo-III-A-M12_aluno.pdf\">Modulo 12<\/a>.\/\u00a0<a href=\"http:\/\/www.professores.uff.br\/paulab\/wp-content\/uploads\/sites\/109\/2017\/08\/Calculo-III-A-M12_tutor.pdf\">Gabarito 12<\/a>.<\/li>\n<li><a href=\"http:\/\/www.professores.uff.br\/paulab\/wp-content\/uploads\/sites\/109\/2017\/08\/Calculo-III-A-M13_aluno.pdf\">Modulo 13<\/a>.\/\u00a0<a href=\"http:\/\/www.professores.uff.br\/paulab\/wp-content\/uploads\/sites\/109\/2017\/08\/Calculo-III-A-M13_tutor.pdf\">Gabarito 13<\/a>.<\/li>\n<li><a href=\"http:\/\/www.professores.uff.br\/paulab\/wp-content\/uploads\/sites\/109\/2017\/08\/Calculo-III-A-M14_aluno.pdf\">Modulo 14<\/a>.\/\u00a0<a href=\"http:\/\/www.professores.uff.br\/paulab\/wp-content\/uploads\/sites\/109\/2017\/08\/Calculo-III-A-M14_tutor.pdf\">Gabarito 14<\/a>.<\/li>\n<\/ul>\n<\/li>\n<\/ul>\n<ul>\n<li><b> Listas de Exercicios:<\/b>\n<ul>\n<li>VE1:\n<ul>\n<li><a href=\"http:\/\/www.professores.uff.br\/paulab\/wp-content\/uploads\/sites\/109\/2017\/08\/2012-I-Calculo-III-lista01.pdf\">Lista 01<\/a>.<\/li>\n<li><a href=\"http:\/\/www.professores.uff.br\/paulab\/wp-content\/uploads\/sites\/109\/2017\/08\/2012-I-Calculo-III-lista02.pdf\">Lista 02<\/a>.<\/li>\n<li><a href=\"http:\/\/www.professores.uff.br\/paulab\/wp-content\/uploads\/sites\/109\/2017\/08\/2012-I-Calculo-III-lista03.pdf\">Lista 03<\/a>.<\/li>\n<li><a href=\"http:\/\/www.professores.uff.br\/paulab\/wp-content\/uploads\/sites\/109\/2017\/08\/2012-I-Calculo-III-lista04.pdf\">Lista 04<\/a>.<\/li>\n<li><a href=\"http:\/\/www.professores.uff.br\/paulab\/wp-content\/uploads\/sites\/109\/2017\/08\/2012-I-Calculo-III-lista05.pdf\">Lista 05<\/a>.<\/li>\n<li><a href=\"http:\/\/www.professores.uff.br\/paulab\/wp-content\/uploads\/sites\/109\/2017\/08\/2012-I-Calculo-III-lista06.pdf\">Lista 06<\/a>.<\/li>\n<li><a href=\"http:\/\/www.professores.uff.br\/paulab\/wp-content\/uploads\/sites\/109\/2017\/08\/2012-I-Calculo-III-lista07.pdf\">Lista 07<\/a>.<\/li>\n<\/ul>\n<\/li>\n<li>VE2:\n<ul>\n<li><a href=\"http:\/\/www.professores.uff.br\/paulab\/wp-content\/uploads\/sites\/109\/2017\/08\/2012-I-Calculo-III-lista08.pdf\">Lista 08<\/a>.<\/li>\n<li><a href=\"http:\/\/www.professores.uff.br\/paulab\/wp-content\/uploads\/sites\/109\/2017\/08\/2012-I-Calculo-III-lista09.pdf\">Lista 09<\/a>.<\/li>\n<li><a href=\"http:\/\/www.professores.uff.br\/paulab\/wp-content\/uploads\/sites\/109\/2017\/08\/2012-I-Calculo-III-lista10.pdf\">Lista 10<\/a>.<\/li>\n<li><a href=\"http:\/\/www.professores.uff.br\/paulab\/wp-content\/uploads\/sites\/109\/2017\/08\/2012-I-Calculo-III-lista11.pdf\">Lista 11<\/a>.<\/li>\n<li><a href=\"http:\/\/www.professores.uff.br\/paulab\/wp-content\/uploads\/sites\/109\/2017\/08\/2012-I-Calculo-III-lista12.pdf\">Lista 12<\/a>.<\/li>\n<li><a href=\"http:\/\/www.professores.uff.br\/paulab\/wp-content\/uploads\/sites\/109\/2017\/08\/2012-I-Calculo-III-lista13.pdf\">Lista 13<\/a>.<\/li>\n<li><a href=\"http:\/\/www.professores.uff.br\/paulab\/wp-content\/uploads\/sites\/109\/2017\/08\/2012-I-Calculo-III-lista14.pdf\">Lista 14<\/a>.<\/li>\n<\/ul>\n<\/li>\n<\/ul>\n<\/li>\n<li><b> Ementa e Bibliografia <a href=\"http:\/\/www.meusiteantigo.uff.br\/paulab\/ProgramaCALCULOIII.pdf\"> [<\/a><a href=\"http:\/\/www.professores.uff.br\/paulab\/wp-content\/uploads\/sites\/109\/2017\/08\/ProgramaCALCULOIII.pdf\">pdf<\/a><a href=\"http:\/\/www.meusiteantigo.uff.br\/paulab\/ProgramaCALCULOIII.pdf\">] <\/a>. <\/b><\/li>\n<li><b>Avalia\u00e7\u00e3o: <\/b> (datas tentativas)\n<ul>\n<li>1VE: 18\/04 (confirmado)<\/li>\n<li>2VE: 18\/06 (confirmado)<\/li>\n<li>VR: 25\/06<\/li>\n<li>VS: 27\/06\n<ul>\n<li><b> Resultados <\/b> (mostra das provas: Quarta 27\/06 &#8211; 19:00 horas no GMA- Valonguinho).<\/li>\n<\/ul>\n<\/li>\n<\/ul>\n<\/li>\n<\/ul>\n<hr \/>\n<p><span style=\"font-family: arial,helvetica,sans serif;\"><small><a href=\"http:\/\/www.professores.uff.br\/paulab\/\">Back to the main page<\/a><\/small><\/span><\/p>\n","protected":false},"excerpt":{"rendered":"<p>Professora: Paula Balseiro Aulas: Turma B1 Seg\/Qua 11:00 &#8211; 13:00 (Salas H501 \/ H505) . Apresenta\u00e7\u00e3o resumida do conte\u00fado e proposta de problemas simples: Modulo 01.\/\u00a0Gabarito 01. Modulo 02.\/\u00a0Gabarito 02. Modulo 03.\/\u00a0Gabarito 03. Modulo 04.\/\u00a0Gabarito 04. Modulo 05.\/\u00a0Gabarito 05. Modulo 06.\/\u00a0Gabarito 06. Modulo 07.\/\u00a0Gabarito 07. Modulo 08.\/\u00a0Gabarito 08. Modulo 09.\/\u00a0Gabarito 09. Modulo 10.\/\u00a0Gabarito 10. Modulo [&hellip;]<\/p>\n","protected":false},"author":46,"featured_media":0,"parent":0,"menu_order":0,"comment_status":"closed","ping_status":"closed","template":"","meta":{"_exactmetrics_skip_tracking":false,"_exactmetrics_sitenote_active":false,"_exactmetrics_sitenote_note":"","_exactmetrics_sitenote_category":0,"footnotes":""},"categories":[],"tags":[],"class_list":["post-79","page","type-page","status-publish","hentry"],"_links":{"self":[{"href":"https:\/\/www.professores.uff.br\/paulab\/wp-json\/wp\/v2\/pages\/79","targetHints":{"allow":["GET"]}}],"collection":[{"href":"https:\/\/www.professores.uff.br\/paulab\/wp-json\/wp\/v2\/pages"}],"about":[{"href":"https:\/\/www.professores.uff.br\/paulab\/wp-json\/wp\/v2\/types\/page"}],"author":[{"embeddable":true,"href":"https:\/\/www.professores.uff.br\/paulab\/wp-json\/wp\/v2\/users\/46"}],"replies":[{"embeddable":true,"href":"https:\/\/www.professores.uff.br\/paulab\/wp-json\/wp\/v2\/comments?post=79"}],"version-history":[{"count":6,"href":"https:\/\/www.professores.uff.br\/paulab\/wp-json\/wp\/v2\/pages\/79\/revisions"}],"predecessor-version":[{"id":320,"href":"https:\/\/www.professores.uff.br\/paulab\/wp-json\/wp\/v2\/pages\/79\/revisions\/320"}],"wp:attachment":[{"href":"https:\/\/www.professores.uff.br\/paulab\/wp-json\/wp\/v2\/media?parent=79"}],"wp:term":[{"taxonomy":"category","embeddable":true,"href":"https:\/\/www.professores.uff.br\/paulab\/wp-json\/wp\/v2\/categories?post=79"},{"taxonomy":"post_tag","embeddable":true,"href":"https:\/\/www.professores.uff.br\/paulab\/wp-json\/wp\/v2\/tags?post=79"}],"curies":[{"name":"wp","href":"https:\/\/api.w.org\/{rel}","templated":true}]}}