{"id":87,"date":"2017-08-25T20:43:24","date_gmt":"2017-08-25T23:43:24","guid":{"rendered":"http:\/\/www.professores.uff.br\/paulab\/?page_id=87"},"modified":"2017-09-01T19:13:30","modified_gmt":"2017-09-01T22:13:30","slug":"2013-i-calculo-iii-a","status":"publish","type":"page","link":"https:\/\/www.professores.uff.br\/paulab\/2013-i-calculo-iii-a\/","title":{"rendered":"2013 I \u2013 Calculo III-A"},"content":{"rendered":"<p><center><b>Professora: Paula Balseiro <\/b><\/center><\/p>\n<ul>\n<li><b> Aulas:<\/b>\n<ul>\n<li>Turma A1 <i> Seg\/Qua 09:00 &#8211; 11:00 (Salas 402) <\/i>.<\/li>\n<\/ul>\n<\/li>\n<li><b> Monitorias: <\/b> (no GMA, Valonguinho)\n<ul>\n<li>Segunda: 14:00-17:00,<\/li>\n<li>Quarta: 16:30-18:00, 14:00-17:00, 16:00-19:00<\/li>\n<li>Quinta: 8:30-11:30<\/li>\n<li>Sexta: 8:30-12:30, 9:00-12:00, 13:00-16:00<\/li>\n<\/ul>\n<ul>\n<li><b> Listas de Exercicios:<\/b>\n<ul>\n<li>VE1:\n<ul>\n<li><a href=\"http:\/\/www.professores.uff.br\/paulab\/wp-content\/uploads\/sites\/109\/2017\/08\/lista-01-calc-03-A-2013-1-1.pdf\">Lista 01<\/a>.<\/li>\n<li><a href=\"http:\/\/www.professores.uff.br\/paulab\/wp-content\/uploads\/sites\/109\/2017\/08\/lista-02-calc-03-A-2013-1-1.pdf\">Lista 02<\/a>.<\/li>\n<li><a href=\"http:\/\/www.professores.uff.br\/paulab\/wp-content\/uploads\/sites\/109\/2017\/08\/lista-03-calc-03-A-2013-1-1.pdf\">Lista 03.<\/a><\/li>\n<li><a href=\"http:\/\/www.professores.uff.br\/paulab\/wp-content\/uploads\/sites\/109\/2017\/08\/lista-04-calc-03-A-2013-1-1.pdf\">Lista 04<\/a>.<\/li>\n<li><a href=\"http:\/\/www.professores.uff.br\/paulab\/wp-content\/uploads\/sites\/109\/2017\/08\/lista05-calc-03-A-2013-1.pdf\">Lista 05.<\/a><\/li>\n<li><a href=\"http:\/\/www.professores.uff.br\/paulab\/wp-content\/uploads\/sites\/109\/2017\/08\/lista06-calc-03-A-2013-1.pdf\">Lista 06<\/a>.<\/li>\n<li><a href=\"http:\/\/www.professores.uff.br\/paulab\/wp-content\/uploads\/sites\/109\/2017\/08\/lista07-calc-03-A-2013-1.pdf\">Lista 07<\/a>.<\/li>\n<\/ul>\n<\/li>\n<li><b> Lista preparatoria para a primeira prova <\/b> Apresenta\u00e7\u00e3o dos exercicios no quadro: come\u00e7amos Quarta 29\/05 e continuamos Segunda 3\/06.<\/li>\n<li>VE2:\n<ul>\n<li><a href=\"http:\/\/www.professores.uff.br\/paulab\/wp-content\/uploads\/sites\/109\/2017\/08\/lista08-calc-03-A-2013-1.pdf\">Lista 08<\/a>.<\/li>\n<li><a href=\"http:\/\/www.professores.uff.br\/paulab\/wp-content\/uploads\/sites\/109\/2017\/08\/lista09-calc-03-A-2013-1.pdf\">Lista 09<\/a>.<\/li>\n<li><a href=\"http:\/\/www.professores.uff.br\/paulab\/wp-content\/uploads\/sites\/109\/2017\/08\/lista10-calc-03-A-2013-1.pdf\">Lista 10<\/a>.<\/li>\n<li><a href=\"http:\/\/www.professores.uff.br\/paulab\/wp-content\/uploads\/sites\/109\/2017\/08\/lista11-calc-03-A-2013-1.pdf\">Lista 11<\/a>.<\/li>\n<li><a href=\"http:\/\/www.professores.uff.br\/paulab\/wp-content\/uploads\/sites\/109\/2017\/08\/lista12-calc-03-A-2013-1.pdf\">Lista 12<\/a>.<\/li>\n<li><a href=\"http:\/\/www.professores.uff.br\/paulab\/wp-content\/uploads\/sites\/109\/2017\/08\/lista13-calc-03-A-2013-1.pdf\">Lista 13<\/a>.<\/li>\n<li><a href=\"http:\/\/www.professores.uff.br\/paulab\/wp-content\/uploads\/sites\/109\/2017\/08\/lista14-calc-03-A-2013-1.pdf\">Lista 14<\/a>.<\/li>\n<\/ul>\n<\/li>\n<li><b> Lista preparatoria para a segunda prova <\/b><\/li>\n<li><b> Apresenta\u00e7\u00e3o resumida do conte\u00fado e proposta de problemas simples:<\/b>\n<ul>\n<li><a href=\"http:\/\/www.professores.uff.br\/paulab\/wp-content\/uploads\/sites\/109\/2017\/08\/Calculo-III-A-M01_aluno.pdf\">Modulo 01<\/a>. \/ <a href=\"http:\/\/www.professores.uff.br\/paulab\/wp-content\/uploads\/sites\/109\/2017\/08\/Calculo-III-A-M01_tutor.pdf\">Gabarito 01<\/a>.<\/li>\n<li><a href=\"http:\/\/www.professores.uff.br\/paulab\/wp-content\/uploads\/sites\/109\/2017\/08\/Calculo-III-A-M02_aluno.pdf\">Modulo 02<\/a>. \/ <a href=\"http:\/\/www.professores.uff.br\/paulab\/wp-content\/uploads\/sites\/109\/2017\/08\/Calculo-III-A-M02_tutor.pdf\">Gabarito 02<\/a>.<\/li>\n<li><a href=\"http:\/\/www.professores.uff.br\/paulab\/wp-content\/uploads\/sites\/109\/2017\/08\/Calculo-III-A-M03_aluno.pdf\">Modulo 03<\/a>. \/ <a href=\"http:\/\/www.professores.uff.br\/paulab\/wp-content\/uploads\/sites\/109\/2017\/08\/Calculo-III-A-M03_tutor.pdf\">Gabarito 03<\/a>.<\/li>\n<li><a href=\"http:\/\/www.professores.uff.br\/paulab\/wp-content\/uploads\/sites\/109\/2017\/08\/Calculo-III-A-M04_aluno.pdf\">Modulo 04<\/a>. \/ <a href=\"http:\/\/www.professores.uff.br\/paulab\/wp-content\/uploads\/sites\/109\/2017\/08\/Calculo-III-A-M04_tutor.pdf\">Gabarito 04<\/a>.<\/li>\n<li><a href=\"http:\/\/www.professores.uff.br\/paulab\/wp-content\/uploads\/sites\/109\/2017\/08\/Calculo-III-A-M05_aluno.pdf\">Modulo 05<\/a>. \/ <a href=\"http:\/\/www.professores.uff.br\/paulab\/wp-content\/uploads\/sites\/109\/2017\/08\/Calculo-III-A-M05_tutor.pdf\">Gabarito 05<\/a>.<\/li>\n<li><a href=\"http:\/\/www.professores.uff.br\/paulab\/wp-content\/uploads\/sites\/109\/2017\/08\/Calculo-III-A-M06_aluno.pdf\">Modulo 06<\/a>. \/ <a href=\"http:\/\/www.professores.uff.br\/paulab\/wp-content\/uploads\/sites\/109\/2017\/08\/Calculo-III-A-M06_tutor.pdf\">Gabarito 06<\/a>.<\/li>\n<li><a href=\"http:\/\/www.professores.uff.br\/paulab\/wp-content\/uploads\/sites\/109\/2017\/08\/Calculo-III-A-M07_aluno.pdf\">Modulo 07<\/a>. \/ <a href=\"http:\/\/www.professores.uff.br\/paulab\/wp-content\/uploads\/sites\/109\/2017\/08\/Calculo-III-A-M07_tutor.pdf\">Gabarito 07<\/a>.<\/li>\n<li><a href=\"http:\/\/www.professores.uff.br\/paulab\/wp-content\/uploads\/sites\/109\/2017\/08\/Calculo-III-A-M08_aluno.pdf\">Modulo 08<\/a>. \/ <a href=\"http:\/\/www.professores.uff.br\/paulab\/wp-content\/uploads\/sites\/109\/2017\/08\/Calculo-III-A-M08_tutor.pdf\">Gabarito 08<\/a>.<\/li>\n<li><a href=\"http:\/\/www.professores.uff.br\/paulab\/wp-content\/uploads\/sites\/109\/2017\/08\/Calculo-III-A-M09_aluno.pdf\">Modulo 09<\/a>. \/ <a href=\"http:\/\/www.professores.uff.br\/paulab\/wp-content\/uploads\/sites\/109\/2017\/08\/Calculo-III-A-M09_tutor.pdf\">Gabarito 09<\/a>.<\/li>\n<li><a href=\"http:\/\/www.professores.uff.br\/paulab\/wp-content\/uploads\/sites\/109\/2017\/08\/Calculo-III-A-M10_aluno.pdf\">Modulo 10<\/a>. \/ <a href=\"http:\/\/www.professores.uff.br\/paulab\/wp-content\/uploads\/sites\/109\/2017\/08\/Calculo-III-A-M10_tutor.pdf\">Gabarito 10<\/a>.<\/li>\n<li><a href=\"http:\/\/www.professores.uff.br\/paulab\/wp-content\/uploads\/sites\/109\/2017\/08\/Calculo-III-A-M11_aluno.pdf\">Modulo 11<\/a>. \/ <a href=\"http:\/\/www.professores.uff.br\/paulab\/wp-content\/uploads\/sites\/109\/2017\/08\/Calculo-III-A-M11_tutor.pdf\">Gabarito 11<\/a>.<\/li>\n<li><a href=\"http:\/\/www.professores.uff.br\/paulab\/wp-content\/uploads\/sites\/109\/2017\/08\/Calculo-III-A-M12_aluno.pdf\">Modulo 12<\/a>. \/ <a href=\"http:\/\/www.professores.uff.br\/paulab\/wp-content\/uploads\/sites\/109\/2017\/08\/Calculo-III-A-M12_tutor.pdf\">Gabarito 12<\/a>.<\/li>\n<li><a href=\"http:\/\/www.professores.uff.br\/paulab\/wp-content\/uploads\/sites\/109\/2017\/08\/Calculo-III-A-M13_aluno.pdf\">Modulo 13<\/a>. \/ <a href=\"http:\/\/www.professores.uff.br\/paulab\/wp-content\/uploads\/sites\/109\/2017\/08\/Calculo-III-A-M13_tutor.pdf\">Gabarito 13<\/a>.<\/li>\n<li><a href=\"http:\/\/www.professores.uff.br\/paulab\/wp-content\/uploads\/sites\/109\/2017\/08\/Calculo-III-A-M14_aluno.pdf\">Modulo 14<\/a>. \/ <a href=\"http:\/\/www.professores.uff.br\/paulab\/wp-content\/uploads\/sites\/109\/2017\/08\/Calculo-III-A-M14_tutor.pdf\">Gabarito 14<\/a>.<\/li>\n<\/ul>\n<\/li>\n<\/ul>\n<\/li>\n<\/ul>\n<\/li>\n<li><b> Ementa e Bibliografia <a href=\"http:\/\/www.meusiteantigo.uff.br\/paulab\/ProgramaCALCULOIII.pdf\"> [<\/a><a href=\"http:\/\/www.professores.uff.br\/paulab\/wp-content\/uploads\/sites\/109\/2017\/08\/ProgramaCALCULOIII.pdf\">pdf<\/a><a href=\"http:\/\/www.meusiteantigo.uff.br\/paulab\/ProgramaCALCULOIII.pdf\">] <\/a>. <\/b><\/li>\n<li><b>Avalia\u00e7\u00e3o: <\/b>\n<ul>\n<li>1VE: 05\/06<\/li>\n<li>2VE: 17\/07<\/li>\n<li>VR: 22\/07<\/li>\n<li>VS: 24\/07\n<ul>\n<li>Resultados.<\/li>\n<\/ul>\n<\/li>\n<\/ul>\n<\/li>\n<\/ul>\n<hr \/>\n<p><span style=\"font-family: arial,helvetica,sans serif;\"><small><a href=\"http:\/\/www.professores.uff.br\/paulab\/\">Back to the main page<\/a><\/small><\/span><\/p>\n","protected":false},"excerpt":{"rendered":"<p>Professora: Paula Balseiro Aulas: Turma A1 Seg\/Qua 09:00 &#8211; 11:00 (Salas 402) . Monitorias: (no GMA, Valonguinho) Segunda: 14:00-17:00, Quarta: 16:30-18:00, 14:00-17:00, 16:00-19:00 Quinta: 8:30-11:30 Sexta: 8:30-12:30, 9:00-12:00, 13:00-16:00 Listas de Exercicios: VE1: Lista 01. Lista 02. Lista 03. Lista 04. Lista 05. Lista 06. Lista 07. Lista preparatoria para a primeira prova Apresenta\u00e7\u00e3o dos [&hellip;]<\/p>\n","protected":false},"author":46,"featured_media":0,"parent":0,"menu_order":0,"comment_status":"closed","ping_status":"closed","template":"","meta":{"_exactmetrics_skip_tracking":false,"_exactmetrics_sitenote_active":false,"_exactmetrics_sitenote_note":"","_exactmetrics_sitenote_category":0,"footnotes":""},"categories":[],"tags":[],"class_list":["post-87","page","type-page","status-publish","hentry"],"_links":{"self":[{"href":"https:\/\/www.professores.uff.br\/paulab\/wp-json\/wp\/v2\/pages\/87","targetHints":{"allow":["GET"]}}],"collection":[{"href":"https:\/\/www.professores.uff.br\/paulab\/wp-json\/wp\/v2\/pages"}],"about":[{"href":"https:\/\/www.professores.uff.br\/paulab\/wp-json\/wp\/v2\/types\/page"}],"author":[{"embeddable":true,"href":"https:\/\/www.professores.uff.br\/paulab\/wp-json\/wp\/v2\/users\/46"}],"replies":[{"embeddable":true,"href":"https:\/\/www.professores.uff.br\/paulab\/wp-json\/wp\/v2\/comments?post=87"}],"version-history":[{"count":6,"href":"https:\/\/www.professores.uff.br\/paulab\/wp-json\/wp\/v2\/pages\/87\/revisions"}],"predecessor-version":[{"id":283,"href":"https:\/\/www.professores.uff.br\/paulab\/wp-json\/wp\/v2\/pages\/87\/revisions\/283"}],"wp:attachment":[{"href":"https:\/\/www.professores.uff.br\/paulab\/wp-json\/wp\/v2\/media?parent=87"}],"wp:term":[{"taxonomy":"category","embeddable":true,"href":"https:\/\/www.professores.uff.br\/paulab\/wp-json\/wp\/v2\/categories?post=87"},{"taxonomy":"post_tag","embeddable":true,"href":"https:\/\/www.professores.uff.br\/paulab\/wp-json\/wp\/v2\/tags?post=87"}],"curies":[{"name":"wp","href":"https:\/\/api.w.org\/{rel}","templated":true}]}}

<p><center><b>Professora: Paula Balseiro </b></center></p>
<ul>
<li><b> Aulas:</b>
<ul>
<li>Turma A1 <i> Seg/Qua 09:00 &#8211; 11:00 (Salas 402) </i>.</li>
</ul>
</li>
<li><b> Monitorias: </b> (no GMA, Valonguinho)
<ul>
<li>Segunda: 14:00-17:00,</li>
<li>Quarta: 16:30-18:00, 14:00-17:00, 16:00-19:00</li>
<li>Quinta: 8:30-11:30</li>
<li>Sexta: 8:30-12:30, 9:00-12:00, 13:00-16:00</li>
</ul>
<ul>
<li><b> Listas de Exercicios:</b>
<ul>
<li>VE1:
<ul>
<li><a href="http://www.professores.uff.br/paulab/wp-content/uploads/sites/109/2017/08/lista-01-calc-03-A-2013-1-1.pdf">Lista 01</a>.</li>
<li><a href="http://www.professores.uff.br/paulab/wp-content/uploads/sites/109/2017/08/lista-02-calc-03-A-2013-1-1.pdf">Lista 02</a>.</li>
<li><a href="http://www.professores.uff.br/paulab/wp-content/uploads/sites/109/2017/08/lista-03-calc-03-A-2013-1-1.pdf">Lista 03.</a></li>
<li><a href="http://www.professores.uff.br/paulab/wp-content/uploads/sites/109/2017/08/lista-04-calc-03-A-2013-1-1.pdf">Lista 04</a>.</li>
<li><a href="http://www.professores.uff.br/paulab/wp-content/uploads/sites/109/2017/08/lista05-calc-03-A-2013-1.pdf">Lista 05.</a></li>
<li><a href="http://www.professores.uff.br/paulab/wp-content/uploads/sites/109/2017/08/lista06-calc-03-A-2013-1.pdf">Lista 06</a>.</li>
<li><a href="http://www.professores.uff.br/paulab/wp-content/uploads/sites/109/2017/08/lista07-calc-03-A-2013-1.pdf">Lista 07</a>.</li>
</ul>
</li>
<li><b> Lista preparatoria para a primeira prova </b> Apresentação dos exercicios no quadro: começamos Quarta 29/05 e continuamos Segunda 3/06.</li>
<li>VE2:
<ul>
<li><a href="http://www.professores.uff.br/paulab/wp-content/uploads/sites/109/2017/08/lista08-calc-03-A-2013-1.pdf">Lista 08</a>.</li>
<li><a href="http://www.professores.uff.br/paulab/wp-content/uploads/sites/109/2017/08/lista09-calc-03-A-2013-1.pdf">Lista 09</a>.</li>
<li><a href="http://www.professores.uff.br/paulab/wp-content/uploads/sites/109/2017/08/lista10-calc-03-A-2013-1.pdf">Lista 10</a>.</li>
<li><a href="http://www.professores.uff.br/paulab/wp-content/uploads/sites/109/2017/08/lista11-calc-03-A-2013-1.pdf">Lista 11</a>.</li>
<li><a href="http://www.professores.uff.br/paulab/wp-content/uploads/sites/109/2017/08/lista12-calc-03-A-2013-1.pdf">Lista 12</a>.</li>
<li><a href="http://www.professores.uff.br/paulab/wp-content/uploads/sites/109/2017/08/lista13-calc-03-A-2013-1.pdf">Lista 13</a>.</li>
<li><a href="http://www.professores.uff.br/paulab/wp-content/uploads/sites/109/2017/08/lista14-calc-03-A-2013-1.pdf">Lista 14</a>.</li>
</ul>
</li>
<li><b> Lista preparatoria para a segunda prova </b></li>
<li><b> Apresentação resumida do conteúdo e proposta de problemas simples:</b>
<ul>
<li><a href="http://www.professores.uff.br/paulab/wp-content/uploads/sites/109/2017/08/Calculo-III-A-M01_aluno.pdf">Modulo 01</a>. / <a href="http://www.professores.uff.br/paulab/wp-content/uploads/sites/109/2017/08/Calculo-III-A-M01_tutor.pdf">Gabarito 01</a>.</li>
<li><a href="http://www.professores.uff.br/paulab/wp-content/uploads/sites/109/2017/08/Calculo-III-A-M02_aluno.pdf">Modulo 02</a>. / <a href="http://www.professores.uff.br/paulab/wp-content/uploads/sites/109/2017/08/Calculo-III-A-M02_tutor.pdf">Gabarito 02</a>.</li>
<li><a href="http://www.professores.uff.br/paulab/wp-content/uploads/sites/109/2017/08/Calculo-III-A-M03_aluno.pdf">Modulo 03</a>. / <a href="http://www.professores.uff.br/paulab/wp-content/uploads/sites/109/2017/08/Calculo-III-A-M03_tutor.pdf">Gabarito 03</a>.</li>
<li><a href="http://www.professores.uff.br/paulab/wp-content/uploads/sites/109/2017/08/Calculo-III-A-M04_aluno.pdf">Modulo 04</a>. / <a href="http://www.professores.uff.br/paulab/wp-content/uploads/sites/109/2017/08/Calculo-III-A-M04_tutor.pdf">Gabarito 04</a>.</li>
<li><a href="http://www.professores.uff.br/paulab/wp-content/uploads/sites/109/2017/08/Calculo-III-A-M05_aluno.pdf">Modulo 05</a>. / <a href="http://www.professores.uff.br/paulab/wp-content/uploads/sites/109/2017/08/Calculo-III-A-M05_tutor.pdf">Gabarito 05</a>.</li>
<li><a href="http://www.professores.uff.br/paulab/wp-content/uploads/sites/109/2017/08/Calculo-III-A-M06_aluno.pdf">Modulo 06</a>. / <a href="http://www.professores.uff.br/paulab/wp-content/uploads/sites/109/2017/08/Calculo-III-A-M06_tutor.pdf">Gabarito 06</a>.</li>
<li><a href="http://www.professores.uff.br/paulab/wp-content/uploads/sites/109/2017/08/Calculo-III-A-M07_aluno.pdf">Modulo 07</a>. / <a href="http://www.professores.uff.br/paulab/wp-content/uploads/sites/109/2017/08/Calculo-III-A-M07_tutor.pdf">Gabarito 07</a>.</li>
<li><a href="http://www.professores.uff.br/paulab/wp-content/uploads/sites/109/2017/08/Calculo-III-A-M08_aluno.pdf">Modulo 08</a>. / <a href="http://www.professores.uff.br/paulab/wp-content/uploads/sites/109/2017/08/Calculo-III-A-M08_tutor.pdf">Gabarito 08</a>.</li>
<li><a href="http://www.professores.uff.br/paulab/wp-content/uploads/sites/109/2017/08/Calculo-III-A-M09_aluno.pdf">Modulo 09</a>. / <a href="http://www.professores.uff.br/paulab/wp-content/uploads/sites/109/2017/08/Calculo-III-A-M09_tutor.pdf">Gabarito 09</a>.</li>
<li><a href="http://www.professores.uff.br/paulab/wp-content/uploads/sites/109/2017/08/Calculo-III-A-M10_aluno.pdf">Modulo 10</a>. / <a href="http://www.professores.uff.br/paulab/wp-content/uploads/sites/109/2017/08/Calculo-III-A-M10_tutor.pdf">Gabarito 10</a>.</li>
<li><a href="http://www.professores.uff.br/paulab/wp-content/uploads/sites/109/2017/08/Calculo-III-A-M11_aluno.pdf">Modulo 11</a>. / <a href="http://www.professores.uff.br/paulab/wp-content/uploads/sites/109/2017/08/Calculo-III-A-M11_tutor.pdf">Gabarito 11</a>.</li>
<li><a href="http://www.professores.uff.br/paulab/wp-content/uploads/sites/109/2017/08/Calculo-III-A-M12_aluno.pdf">Modulo 12</a>. / <a href="http://www.professores.uff.br/paulab/wp-content/uploads/sites/109/2017/08/Calculo-III-A-M12_tutor.pdf">Gabarito 12</a>.</li>
<li><a href="http://www.professores.uff.br/paulab/wp-content/uploads/sites/109/2017/08/Calculo-III-A-M13_aluno.pdf">Modulo 13</a>. / <a href="http://www.professores.uff.br/paulab/wp-content/uploads/sites/109/2017/08/Calculo-III-A-M13_tutor.pdf">Gabarito 13</a>.</li>
<li><a href="http://www.professores.uff.br/paulab/wp-content/uploads/sites/109/2017/08/Calculo-III-A-M14_aluno.pdf">Modulo 14</a>. / <a href="http://www.professores.uff.br/paulab/wp-content/uploads/sites/109/2017/08/Calculo-III-A-M14_tutor.pdf">Gabarito 14</a>.</li>
</ul>
</li>
</ul>
</li>
</ul>
</li>
<li><b> Ementa e Bibliografia <a href="http://www.meusiteantigo.uff.br/paulab/ProgramaCALCULOIII.pdf"> [</a><a href="http://www.professores.uff.br/paulab/wp-content/uploads/sites/109/2017/08/ProgramaCALCULOIII.pdf">pdf</a><a href="http://www.meusiteantigo.uff.br/paulab/ProgramaCALCULOIII.pdf">] </a>. </b></li>
<li><b>Avaliação: </b>
<ul>
<li>1VE: 05/06</li>
<li>2VE: 17/07</li>
<li>VR: 22/07</li>
<li>VS: 24/07
<ul>
<li>Resultados.</li>
</ul>
</li>
</ul>
</li>
</ul>
<hr />
<p><span style="font-family: arial,helvetica,sans serif;"><small><a href="http://www.professores.uff.br/paulab/">Back to the main page</a></small></span></p>

<p>Professora: Paula Balseiro Aulas: Turma A1 Seg/Qua 09:00 &#8211; 11:00 (Salas 402) . Monitorias: (no GMA, Valonguinho) Segunda: 14:00-17:00, Quarta: 16:30-18:00, 14:00-17:00, 16:00-19:00 Quinta: 8:30-11:30 Sexta: 8:30-12:30, 9:00-12:00, 13:00-16:00 Listas de Exercicios: VE1: Lista 01. Lista 02. Lista 03. Lista 04. Lista 05. Lista 06. Lista 07. Lista preparatoria para a primeira prova Apresentação dos [&hellip;]</p>
