{"id":106,"date":"2021-05-18T14:46:14","date_gmt":"2021-05-18T17:46:14","guid":{"rendered":"http:\/\/www.professores.uff.br\/paulogusmao\/?page_id=106"},"modified":"2025-02-22T11:16:40","modified_gmt":"2025-02-22T14:16:40","slug":"research","status":"publish","type":"page","link":"https:\/\/www.professores.uff.br\/paulogusmao\/research\/","title":{"rendered":"RESEARCH"},"content":{"rendered":"<p>[et_pb_section fb_built=&#8221;1&#8243; _builder_version=&#8221;4.16&#8243; _module_preset=&#8221;default&#8221; global_colors_info=&#8221;{}&#8221; theme_builder_area=&#8221;post_content&#8221;][et_pb_row column_structure=&#8221;2_3,1_3&#8243; _builder_version=&#8221;4.21.0&#8243; _module_preset=&#8221;default&#8221; global_colors_info=&#8221;{}&#8221; theme_builder_area=&#8221;post_content&#8221; link_option_url=&#8221;DOI:https:\/\/doi.org\/10.1090\/proc\/16842&#8243; hover_enabled=&#8221;0&#8243; sticky_enabled=&#8221;0&#8243;][et_pb_column type=&#8221;2_3&#8243; _builder_version=&#8221;4.21.0&#8243; _module_preset=&#8221;default&#8221; global_colors_info=&#8221;{}&#8221; theme_builder_area=&#8221;post_content&#8221;][et_pb_text _builder_version=&#8221;4.21.0&#8243; _module_preset=&#8221;default&#8221; custom_padding=&#8221;||5px|||&#8221; global_colors_info=&#8221;{}&#8221; theme_builder_area=&#8221;post_content&#8221;]<\/p>\n<ol>\n<li style=\"text-align: justify\"><span style=\"text-decoration: underline\"><span style=\"color: #3366ff;text-decoration: underline\">Leaf topology of minimal hyperbolic foliations with non <\/span><\/span><span style=\"text-decoration: underline\"><span style=\"color: #3366ff;text-decoration: underline\">simply-connected generic leaf <\/span><\/span><span style=\"color: #3366ff\">\u00a0<span>Joint work <\/span>with Carlos Meni\u00f1o Cot\u00f3n; Proc. Amer. Math. Soc.\u00a0<strong>153<\/strong> (2025), 851-864 DOI:https:\/\/doi.org\/10.1090\/proc\/16842<\/span><\/li>\n<\/ol>\n<p>[\/et_pb_text][\/et_pb_column][et_pb_column type=&#8221;1_3&#8243; _builder_version=&#8221;4.16&#8243; _module_preset=&#8221;default&#8221; global_colors_info=&#8221;{}&#8221; theme_builder_area=&#8221;post_content&#8221;][\/et_pb_column][\/et_pb_row][et_pb_row _builder_version=&#8221;4.21.0&#8243; _module_preset=&#8221;default&#8221; link_option_url=&#8221;https:\/\/arxiv.org\/pdf\/1910.13839.pdf&#8221; global_colors_info=&#8221;{}&#8221; theme_builder_area=&#8221;post_content&#8221;][et_pb_column type=&#8221;4_4&#8243; _builder_version=&#8221;4.16&#8243; _module_preset=&#8221;default&#8221; global_colors_info=&#8221;{}&#8221; theme_builder_area=&#8221;post_content&#8221;][et_pb_text _builder_version=&#8221;4.21.0&#8243; _module_preset=&#8221;default&#8221; link_option_url=&#8221;https:\/\/ems.press\/content\/serial-article-files\/47840&#8243; global_colors_info=&#8221;{}&#8221; theme_builder_area=&#8221;post_content&#8221;]<\/p>\n<p class=\"western\" align=\"left\"><span style=\"text-decoration: underline;font-size: medium;color: #3366ff\"><span><span>Every noncompact surface is a leaf of a minimal foliation (2024)<\/span><\/span><\/span><span><span>\u00a0<\/span><\/span><span style=\"font-size: 16px;color: #3366ff\"> Joint work with Carlos Meni\u00f1o Cot\u00f3n; Rev. Mat. Iberoam. 40 (2024), no. 4, 1207\u20131248<br \/><\/span><\/p>\n<p>[\/et_pb_text][\/et_pb_column][\/et_pb_row][et_pb_row _builder_version=&#8221;4.16&#8243; _module_preset=&#8221;default&#8221; global_colors_info=&#8221;{}&#8221; theme_builder_area=&#8221;post_content&#8221;][et_pb_column type=&#8221;4_4&#8243; _builder_version=&#8221;4.16&#8243; _module_preset=&#8221;default&#8221; global_colors_info=&#8221;{}&#8221; theme_builder_area=&#8221;post_content&#8221;][et_pb_text _builder_version=&#8221;4.21.0&#8243; _module_preset=&#8221;default&#8221; text_text_color=&#8221;#6e9cc1&#8243; link_option_url=&#8221;http:\/\/rpg.sites.uff.br\/wp-content\/uploads\/sites\/356\/2020\/10\/Artigo_Guglielmo_Gusm\u00e3o.pdf&#8221; global_colors_info=&#8221;{}&#8221; theme_builder_area=&#8221;post_content&#8221;]<\/p>\n<p><span style=\"text-decoration: underline;color: #3366ff\">Homeomorfismos de 1-Variedades n\u00e3o Hausdorff com uma dire\u00e7\u00e3o de ramifica\u00e7\u00e3o (in Portuguese) (Revista Papa Goiaba , Niter\u00f3i v. 1, n. 1 (2019) 1-12 (online)) \u2013 Joint work with Guilherme Brand\u00e3o Guglielmo.<\/span><\/p>\n<p>[\/et_pb_text][\/et_pb_column][\/et_pb_row][et_pb_row _builder_version=&#8221;4.21.0&#8243; _module_preset=&#8221;default&#8221; link_option_url=&#8221;https:\/\/link.springer.com\/article\/10.1007\/s00574-004-0013-z#preview&#8221; global_colors_info=&#8221;{}&#8221; theme_builder_area=&#8221;post_content&#8221;][et_pb_column type=&#8221;4_4&#8243; _builder_version=&#8221;4.16&#8243; _module_preset=&#8221;default&#8221; global_colors_info=&#8221;{}&#8221; theme_builder_area=&#8221;post_content&#8221;][et_pb_text _builder_version=&#8221;4.21.0&#8243; _module_preset=&#8221;default&#8221; text_text_color=&#8221;rgba(67,137,193,0.72)&#8221; link_option_url=&#8221;https:\/\/link.springer.com\/article\/10.1007\/s00574-004-0013-z#preview&#8221; link_option_url_new_window=&#8221;on&#8221; global_colors_info=&#8221;{}&#8221; theme_builder_area=&#8221;post_content&#8221;]<\/p>\n<p class=\"western\" align=\"left\"><a href=\"https:\/\/link.springer.com\/article\/10.1007\/s00574-004-0013-z#preview\"><span style=\"text-decoration: underline\"><span style=\"color: #3366ff;text-decoration: underline\"><span><span lang=\"zxx\"><span><span style=\"font-size: medium\">Foliations on 3-manifolds which are\u00a0the classifying space of themselves.<\/span><\/span><\/span><\/span><span style=\"font-size: medium\"><br \/><\/span><\/span><\/span><span style=\"color: #3366ff\"><span lang=\"zxx\"><span style=\"font-size: medium\"><span>(Bull Braz Math Soc, New Series 35(2), 253-267 \u00a9 2004, Sociedade Brasileira de Matem\u00e1tica) &#8211; joint work with Alberto Sarmiento<\/span><span style=\"text-decoration: underline\">.<\/span><\/span><\/span><\/span><\/a><\/p>\n<p class=\"western\" align=\"left\">[\/et_pb_text][et_pb_text _builder_version=&#8221;4.21.0&#8243; _module_preset=&#8221;default&#8221; link_option_url=&#8221;https:\/\/www.ms.u-tokyo.ac.jp\/journal\/pdf\/jms070307.pdfdf&#8221; global_colors_info=&#8221;{}&#8221; theme_builder_area=&#8221;post_content&#8221;]<\/p>\n<blockquote>\n<p class=\"western\" align=\"left\"><span style=\"text-decoration: underline\"><span style=\"color: #3366ff;text-decoration: underline\"><span><span lang=\"zxx\"><a href=\"https:\/\/www.ms.u-tokyo.ac.jp\/journal\/pdf\/jms070307.pdf\" style=\"color: #3366ff;text-decoration: underline\"><span><span style=\"font-size: medium\">Feuilletages Mesur\u00e9s et\u00a0Pseudogroupes d\u2019Isom\u00e9tries du Cercle.<\/span><\/span><\/a><\/span><\/span><span style=\"font-size: medium\"><br \/><\/span><\/span><\/span><span style=\"color: #3366ff\"><span lang=\"zxx\"><span style=\"font-size: medium\"><a href=\"http:\/\/ganuff.weebly.com\/uploads\/1\/9\/2\/5\/19255685\/feuilletages_mesures.pdf\" style=\"color: #3366ff;text-decoration: underline\">(J. Math. Sci. Univ. Tokyo\u00a07 (2000), 487\u2013508)<\/a>.<\/span><\/span><\/span><\/p>\n<\/blockquote>\n<p>[\/et_pb_text][\/et_pb_column][\/et_pb_row][et_pb_row _builder_version=&#8221;4.21.0&#8243; _module_preset=&#8221;default&#8221; link_option_url=&#8221;https:\/\/www.ms.u-tokyo.ac.jp\/journal\/pdf\/jms010207.pdf&#8221; global_colors_info=&#8221;{}&#8221; theme_builder_area=&#8221;post_content&#8221;][et_pb_column type=&#8221;4_4&#8243; _builder_version=&#8221;4.16&#8243; _module_preset=&#8221;default&#8221; global_colors_info=&#8221;{}&#8221; theme_builder_area=&#8221;post_content&#8221;][et_pb_text _builder_version=&#8221;4.21.0&#8243; _module_preset=&#8221;default&#8221; link_option_url=&#8221;https:\/\/www.ms.u-tokyo.ac.jp\/journal\/pdf\/jms010207.pdf&#8221; global_colors_info=&#8221;{}&#8221; theme_builder_area=&#8221;post_content&#8221;]<\/p>\n<p class=\"western\" align=\"left\"><span style=\"text-decoration: underline\"><span style=\"color: #3366ff;text-decoration: underline\"><span><span lang=\"zxx\"><a href=\"https:\/\/www.ms.u-tokyo.ac.jp\/journal\/pdf\/jms010207.pdf\" style=\"color: #3366ff;text-decoration: underline\"><span><span style=\"font-size: medium\">Groupes fondamentales associ\u00e9s aux feuilletages\u00a0de codimension un mesur\u00e9s<\/span><\/span><\/a><\/span><\/span><span style=\"font-size: medium\"><br \/><\/span><span><span lang=\"zxx\"><a href=\"http:\/\/ganuff.weebly.com\/uploads\/1\/9\/2\/5\/19255685\/groupes_foudamentales.pdf\" style=\"color: #3366ff;text-decoration: underline\"><span><span style=\"font-size: medium\">\u00a0<\/span><\/span><\/a><\/span><\/span><span><span lang=\"zxx\"><span><span style=\"font-size: medium\"><a href=\"http:\/\/ganuff.weebly.com\/uploads\/1\/9\/2\/5\/19255685\/groupes_foudamentales.pdf\" style=\"color: #3366ff;text-decoration: underline\">(J. Math. Sci. Univ. Tokyo\u00a01 (1994), 393\u2013422)<\/a>.<\/span><\/span><\/span><\/span><\/span><\/span><\/p>\n<p>[\/et_pb_text][\/et_pb_column][\/et_pb_row][et_pb_row _builder_version=&#8221;4.16&#8243; _module_preset=&#8221;default&#8221; global_colors_info=&#8221;{}&#8221; theme_builder_area=&#8221;post_content&#8221;][et_pb_column type=&#8221;4_4&#8243; _builder_version=&#8221;4.16&#8243; _module_preset=&#8221;default&#8221; global_colors_info=&#8221;{}&#8221; theme_builder_area=&#8221;post_content&#8221;][et_pb_text _builder_version=&#8221;4.16&#8243; _module_preset=&#8221;default&#8221; custom_margin=&#8221;||139px|||&#8221; global_colors_info=&#8221;{}&#8221; theme_builder_area=&#8221;post_content&#8221;]<\/p>\n<h1><span style=\"color: #800080\"><span class=\"HwtZe\" lang=\"en\"><span class=\"jCAhz ChMk0b\"><span class=\"ryNqvb\">Accepted Articles<\/span><\/span><\/span> and Preprints<\/span><\/h1>\n<p>[\/et_pb_text][\/et_pb_column][\/et_pb_row][\/et_pb_section][et_pb_section fb_built=&#8221;1&#8243; _builder_version=&#8221;4.16&#8243; _module_preset=&#8221;default&#8221; global_colors_info=&#8221;{}&#8221; theme_builder_area=&#8221;post_content&#8221;][\/et_pb_section]<\/p>\n","protected":false},"excerpt":{"rendered":"<p>Leaf topology of minimal hyperbolic foliations with non simply-connected generic leaf \u00a0Joint work with Carlos Meni\u00f1o Cot\u00f3n; Proc. Amer. Math. Soc.\u00a0153 (2025), 851-864 DOI:https:\/\/doi.org\/10.1090\/proc\/16842 Every noncompact surface is a leaf of a minimal foliation (2024)\u00a0 Joint work with Carlos Meni\u00f1o Cot\u00f3n; Rev. Mat. Iberoam. 40 (2024), no. 4, 1207\u20131248Homeomorfismos de 1-Variedades n\u00e3o Hausdorff com uma [&hellip;]<\/p>\n","protected":false},"author":204,"featured_media":0,"parent":0,"menu_order":0,"comment_status":"closed","ping_status":"closed","template":"","meta":{"_et_pb_use_builder":"on","_et_pb_old_content":"","_et_gb_content_width":"","_exactmetrics_skip_tracking":false,"_exactmetrics_sitenote_active":false,"_exactmetrics_sitenote_note":"","_exactmetrics_sitenote_category":0,"footnotes":""},"categories":[],"tags":[],"class_list":["post-106","page","type-page","status-publish","hentry"],"_links":{"self":[{"href":"https:\/\/www.professores.uff.br\/paulogusmao\/wp-json\/wp\/v2\/pages\/106","targetHints":{"allow":["GET"]}}],"collection":[{"href":"https:\/\/www.professores.uff.br\/paulogusmao\/wp-json\/wp\/v2\/pages"}],"about":[{"href":"https:\/\/www.professores.uff.br\/paulogusmao\/wp-json\/wp\/v2\/types\/page"}],"author":[{"embeddable":true,"href":"https:\/\/www.professores.uff.br\/paulogusmao\/wp-json\/wp\/v2\/users\/204"}],"replies":[{"embeddable":true,"href":"https:\/\/www.professores.uff.br\/paulogusmao\/wp-json\/wp\/v2\/comments?post=106"}],"version-history":[{"count":33,"href":"https:\/\/www.professores.uff.br\/paulogusmao\/wp-json\/wp\/v2\/pages\/106\/revisions"}],"predecessor-version":[{"id":333,"href":"https:\/\/www.professores.uff.br\/paulogusmao\/wp-json\/wp\/v2\/pages\/106\/revisions\/333"}],"wp:attachment":[{"href":"https:\/\/www.professores.uff.br\/paulogusmao\/wp-json\/wp\/v2\/media?parent=106"}],"wp:term":[{"taxonomy":"category","embeddable":true,"href":"https:\/\/www.professores.uff.br\/paulogusmao\/wp-json\/wp\/v2\/categories?post=106"},{"taxonomy":"post_tag","embeddable":true,"href":"https:\/\/www.professores.uff.br\/paulogusmao\/wp-json\/wp\/v2\/tags?post=106"}],"curies":[{"name":"wp","href":"https:\/\/api.w.org\/{rel}","templated":true}]}}