{"id":444,"date":"2023-03-23T17:06:18","date_gmt":"2023-03-23T20:06:18","guid":{"rendered":"http:\/\/www.professores.uff.br\/reginaldodr\/?page_id=444"},"modified":"2023-07-19T19:20:28","modified_gmt":"2023-07-19T22:20:28","slug":"calculo-iii-rcn00021-2023-1","status":"publish","type":"page","link":"https:\/\/www.professores.uff.br\/reginaldodr\/disciplinas\/calculo-iii-rcn00021-2023-1\/","title":{"rendered":"C\u00e1lculo III RCN00021 2023-1"},"content":{"rendered":"\n<hr class=\"wp-block-separator is-style-wide\" \/>\n\n\n\n<p><strong>Informa\u00e7\u00f5es B\u00e1sicas<\/strong><\/p>\n\n\n<ul class=\"rich-text editor-rich-text__editable block-editor-rich-text__editable is-selected\" role=\"textbox\" aria-label=\"Escrever lista...\">\n<li>Hor\u00e1rios e Salas\n<ul>\n<li>Turma M1: Quarta e Sexta das 14h \u00e0s 16h &#8211; <span style=\"color: #ff0000\"><strong>sala 04 &#8211; IHS (pr\u00e9dio novo)<\/strong><\/span><\/li>\n<li><strong>Atendimento: sala 104 &#8211; IHS (pr\u00e9dio novo)<\/strong><\/li>\n<\/ul>\n<\/li>\n<li>Ementa: Busque por RCN00021 em <a href=\"https:\/\/app.uff.br\/graduacao\/quadrodehorarios\/\" target=\"_blank\" rel=\"noreferrer noopener\" aria-label=\" (abre numa nova aba)\">quadro de hor\u00e1rios<\/a><\/li>\n<li>\n<h4><span style=\"color: #ff0000\">\u21d2&nbsp;<\/span><a href=\"https:\/\/docs.google.com\/document\/d\/11d0tJxGkhE_4natro0CPd-Hlifw14cxMJW_UPwpA3Pg\/edit?usp=sharing\" target=\"_blank\" rel=\"noreferrer noopener\" aria-label=\"Cronograma de Aulas (abre numa nova aba)\">Cronograma de Aulas<\/a> <span style=\"color: #ff0000\">\u21d0<\/span><\/h4>\n<\/li>\n<\/ul>\n\n\n<h4 class=\"has-vivid-green-cyan-color has-text-color wp-block-heading\"> <strong>Apresenta\u00e7\u00e3o do Curso<\/strong><\/h4>\n\n\n\n<p>Este curso \u00e9 constitu\u00eddo de dois m\u00f3dulos:&nbsp; <strong>Fun\u00e7\u00f5es Vetoriais <\/strong>e <strong>Fun\u00e7\u00f5es de V\u00e1rias Vari\u00e1veis<\/strong> Usaremos o <strong>Classroom<\/strong> como Ambiente Virtual&nbsp; de Aprendizagem (AVA). <\/p>\n\n\n\n<h4 class=\"has-vivid-green-cyan-color has-text-color wp-block-heading\">Avalia\u00e7\u00e3o<\/h4>\n\n\n\n<p>A avalia\u00e7\u00e3o ser\u00e1 constitu\u00edda de <strong>2 Provas<\/strong> presenciais realizadas ao fim de cada m\u00f3dulo. Cada prova ter\u00e1 o <strong>valor de 10 pontos.<\/strong> A nota final do curso ser\u00e1 a m\u00e9dia aritm\u00e9tica das provas.<\/p>\n\n\n\n<h4 class=\"has-vivid-green-cyan-color has-text-color wp-block-heading\"><strong>Segunda Chamada e Verifica\u00e7\u00e3o Suplementar.<\/strong><\/h4>\n\n\n\n<p>Em concord\u00e2ncia com o <a href=\"http:\/\/www.uff.br\/sites\/default\/files\/001-2015_regulamento_do_curso_de_graduacao_0.pdf\">Regulamento dos Cursos de gradua\u00e7\u00e3o<\/a> em seu Art. 99, a <strong>Verifica\u00e7\u00e3o Suplementar (VS) <\/strong>\u00e9 vetada aos discentes j\u00e1 aprovados e \u00e9 <strong>obrigat\u00f3ria<\/strong> para aqueles que tenham obtido m\u00e9dia parcial entre 4,0 e 5,9, sendo esses dois limites inclu\u00eddos.<\/p>\n\n\n\n<p>Como regulamentado pelo&nbsp; <a href=\"http:\/\/www.uff.br\/sites\/default\/files\/001-2015_regulamento_do_curso_de_graduacao_0.pdf\">Regulamento dos Cursos de gradua\u00e7\u00e3o<\/a> em seu Art. 98, o aluno tem direito a uma avalia\u00e7\u00e3o de segunda chamada (VR), que <strong>substituir\u00e1 uma, e somente uma,<\/strong> das avalia\u00e7\u00f5es que tenha faltado. <\/p>\n\n\n\n<h4 class=\"has-vivid-green-cyan-color has-text-color wp-block-heading\"><strong>Calend\u00e1rio<\/strong> de Provas<\/h4>\n\n\n<ul class=\"rich-text editor-rich-text__editable block-editor-rich-text__editable is-selected\" role=\"textbox\" aria-label=\"Escrever lista...\">\n<li>03\/04 &#8211; In\u00edcio do Per\u00edodo<\/li>\n<li>26\/05 &#8211; Atividade Preliminar de Revis\u00e3o parar a P1 (<a href=\"https:\/\/drive.google.com\/file\/d\/1XLmiD3QZQ6fNsupZuv71TYSVMw9c2-qP\/view?usp=share_link\" target=\"_blank\" rel=\"noopener noreferrer\">gabarito<\/a>)<\/li>\n<li>07\/06 &#8211; Primeira Prova (<a href=\"http:\/\/www.professores.uff.br\/reginaldodr\/wp-content\/uploads\/sites\/135\/2023\/06\/p1_c3_2023-1.pdf\">gabarito<\/a>)<\/li>\n<li><span style=\"color: #000000\">12\/07 &#8211; Segunda Prova (<a href=\"https:\/\/www.professores.uff.br\/reginaldodr\/wp-content\/uploads\/sites\/135\/2023\/07\/p2_c3_2023-1.pdf\">gabarito<\/a>)<\/span><\/li>\n<li>14\/07 &#8211; 2\u00aa Chamada (<a href=\"http:\/\/www.professores.uff.br\/reginaldodr\/wp-content\/uploads\/sites\/135\/2023\/07\/vr-p1_c3_2023-1.pdf\">vr-p1<\/a>) (<a href=\"https:\/\/www.professores.uff.br\/reginaldodr\/wp-content\/uploads\/sites\/135\/2023\/07\/vr-p2_c3_2023-1-1.pdf\">vr-p2<\/a>)<\/li>\n<li>19\/07- Verifica\u00e7\u00e3o Suplementar (<a href=\"http:\/\/www.professores.uff.br\/reginaldodr\/wp-content\/uploads\/sites\/135\/2023\/07\/vs-p2_c3_2023-1.pdf\">gabarito<\/a>)<\/li>\n<li>22\/07 &#8211; Fim do Per\u00edodo.<\/li>\n<\/ul>\n\n\n<h4 class=\"has-vivid-green-cyan-color has-text-color wp-block-heading\">Materiais Utilizados<\/h4>\n\n\n\n<ul class=\"wp-block-list\"><li><a rel=\"noreferrer noopener\" aria-label=\" (abre numa nova aba)\" href=\"https:\/\/mega.nz\/file\/2dU01ZyR#5G0-LRC_zp37yoplYxcxpLBiW37ZD7tDfqhlIAej1iM\" target=\"_blank\">Slides usados em aula<\/a> &#8211;<strong>atualizados em<\/strong> 20\/06\/2023<\/li><li><a href=\"https:\/\/drive.google.com\/drive\/folders\/1JT4CFUIdg31PBe1TZu1fBDzTIOp4-Ypr?usp=share_link\">Provas anteriores<\/a><\/li><li>Arquivos Python<\/li><\/ul>\n\n\n\n<h4 class=\"has-vivid-green-cyan-color has-text-color wp-block-heading\">Listas de Exerc\u00edcios<\/h4>\n\n\n\n<p>Abaixo seguem os exec\u00edcios da refer\u00eancia [1] (<strong>Stewart Vol. 2, 6\u00aa Ed.<\/strong>) que devem ser feitos. A distribui\u00e7\u00e3o est\u00e1 dada por se\u00e7\u00e3o. <\/p>\n\n\n\n<ul class=\"wp-block-list\"><li>\u00a7 12.5: 3, 5, 7, 9, 23, 26, 31, 43.<\/li><li>\u00a7 12.6: 3, 5, 13, 15, 21, 23, 25, 27, 29, 31.<\/li><li>\u00a7 10.3: 1, 3, 7, 9, 11, 15, 17, 19, 21, 23, 25, 29, 31, 33, 35, 37, 39, 41. <\/li><li>\u00a7 13.1: 7, 9, 11, 19-24, 27, 37, 39.<\/li><li>\u00a7 13.2: 3, 5, 17, 19, 25.<\/li><li>\u00a713.3: 1, 3, 11.<\/li><li>\u00a7 13.4: 3, 5, 11, 13, 15, 17, 19.<\/li><li>\u00a7 14.1: 11, 13, 15, 17, 19, 23, 25, 27, 30, 39, 41, 45, 49, 61, 63.<\/li><li>\u00a7 14.2: 5, 7, 9, 11, 13, 15, 29, 31, 35, 39, 41.<\/li><li>\u00a7 14.3: 15, 17, 21, 23, 25, 29, 31, 39, 41, 51, 53, 61, 63, 65.<\/li><li>\u00a7 14.4: 1, 3, 5, 11, 13, 21, 25, 27, 33, 35, 37.<\/li><li>\u00a7 14.5: 1, 3, 5, 7, 15, 17, 19, 21, 23, 35, 43.<\/li><li>\u00a7 14.6: 5, 7, 9, 11, 15, 17, 21, 23, 25, 29, 31, 34, 39, 41, 53.<\/li><li>\u00a7 14.7: 5, 7, 13, 15, 31, 33, 34, 35, 39, 41, 43, 47, 53.<\/li><li>\u00a7 14.8: 3, 5, 9, 15, 17, 19, 41, 43.<\/li><\/ul>\n\n\n\n<p>Exerc\u00edcios do <strong>Stewart Vol. 2,  7\u00aa Edi\u00e7\u00e3o.<\/strong><\/p>\n\n\n\n<ul class=\"wp-block-list\"><li>\u00a7 14.7: 5, 7, 11, 13, 15, 31, 33, 34, 35, 39, 41, 43, 47, 53.<\/li><li>\u00a7 14.8: 3, 5, 9, 15, 17, 19, ,21, 45.<\/li><\/ul>\n\n\n\n<p><\/p>\n\n\n\n<h4 class=\"has-vivid-green-cyan-color has-text-color wp-block-heading\">Refer\u00eancias<\/h4>\n\n\n\n<p>O <strong>livro texto<\/strong> ser\u00e1 refer\u00eancia [1], que possui diversas c\u00f3pias na biblioteca. Os outros textos formam uma lista complementar\/auxiliar do curso, foram usados principalmente na elabora\u00e7\u00e3o das notas de aulas e exemplos.<\/p>\n\n\n\n<ol class=\"wp-block-list\"><li>James Stewart. <strong><em>C\u00e1lculo Volume 2.<\/em><\/strong> Editora Cengage Learning, 6\u00aa ed., S\u00e3o Paulo, 2011.<\/li><li>G. B. Thomas. <strong><em>C\u00e1lculo Volume <\/em><\/strong>2. Editora Addison Wesley, 11\u00aa Ed., S\u00e3o Paulo, 2009.<\/li><li>Diomara Pinto. Maria C\u00e2ndida Ferreira Morgado.<strong>&nbsp;<em>C\u00e1lculo diferencial e integral de fun\u00e7\u00f5es de v\u00e1rias vari\u00e1veis<\/em><\/strong>. UFRJ, 2009.<\/li><li>Jerrold E. Marsden e Anthony Tromba.&nbsp;<em><strong>Vector calculus<\/strong><\/em>. Macmillan, 2003.<\/li><\/ol>\n","protected":false},"excerpt":{"rendered":"<p>Informa\u00e7\u00f5es B\u00e1sicas Hor\u00e1rios e Salas Turma M1: Quarta e Sexta das 14h \u00e0s 16h &#8211; sala 04 &#8211; IHS (pr\u00e9dio novo) Atendimento: sala 104 &#8211; IHS (pr\u00e9dio novo) Ementa: Busque por RCN00021 em quadro de hor\u00e1rios \u21d2&nbsp;Cronograma de Aulas \u21d0 Apresenta\u00e7\u00e3o do Curso Este curso \u00e9 constitu\u00eddo de dois m\u00f3dulos:&nbsp; Fun\u00e7\u00f5es Vetoriais e Fun\u00e7\u00f5es de [&hellip;]<\/p>\n","protected":false},"author":141,"featured_media":488,"parent":170,"menu_order":0,"comment_status":"closed","ping_status":"closed","template":"","meta":{"_exactmetrics_skip_tracking":false,"_exactmetrics_sitenote_active":false,"_exactmetrics_sitenote_note":"","_exactmetrics_sitenote_category":0,"footnotes":""},"categories":[5,4],"tags":[],"class_list":["post-444","page","type-page","status-publish","has-post-thumbnail","hentry","category-disciplinas","category-ensino"],"_links":{"self":[{"href":"https:\/\/www.professores.uff.br\/reginaldodr\/wp-json\/wp\/v2\/pages\/444","targetHints":{"allow":["GET"]}}],"collection":[{"href":"https:\/\/www.professores.uff.br\/reginaldodr\/wp-json\/wp\/v2\/pages"}],"about":[{"href":"https:\/\/www.professores.uff.br\/reginaldodr\/wp-json\/wp\/v2\/types\/page"}],"author":[{"embeddable":true,"href":"https:\/\/www.professores.uff.br\/reginaldodr\/wp-json\/wp\/v2\/users\/141"}],"replies":[{"embeddable":true,"href":"https:\/\/www.professores.uff.br\/reginaldodr\/wp-json\/wp\/v2\/comments?post=444"}],"version-history":[{"count":97,"href":"https:\/\/www.professores.uff.br\/reginaldodr\/wp-json\/wp\/v2\/pages\/444\/revisions"}],"predecessor-version":[{"id":707,"href":"https:\/\/www.professores.uff.br\/reginaldodr\/wp-json\/wp\/v2\/pages\/444\/revisions\/707"}],"up":[{"embeddable":true,"href":"https:\/\/www.professores.uff.br\/reginaldodr\/wp-json\/wp\/v2\/pages\/170"}],"wp:featuredmedia":[{"embeddable":true,"href":"https:\/\/www.professores.uff.br\/reginaldodr\/wp-json\/wp\/v2\/media\/488"}],"wp:attachment":[{"href":"https:\/\/www.professores.uff.br\/reginaldodr\/wp-json\/wp\/v2\/media?parent=444"}],"wp:term":[{"taxonomy":"category","embeddable":true,"href":"https:\/\/www.professores.uff.br\/reginaldodr\/wp-json\/wp\/v2\/categories?post=444"},{"taxonomy":"post_tag","embeddable":true,"href":"https:\/\/www.professores.uff.br\/reginaldodr\/wp-json\/wp\/v2\/tags?post=444"}],"curies":[{"name":"wp","href":"https:\/\/api.w.org\/{rel}","templated":true}]}}