{"id":10,"date":"2017-08-17T11:27:15","date_gmt":"2017-08-17T14:27:15","guid":{"rendered":"http:\/\/www.professores.uff.br\/rsalomao\/?page_id=10"},"modified":"2023-03-22T10:49:32","modified_gmt":"2023-03-22T13:49:32","slug":"pesquisa","status":"publish","type":"page","link":"https:\/\/www.professores.uff.br\/rsalomao\/pesquisa\/","title":{"rendered":"Pesquisa"},"content":{"rendered":"<h3><strong>INTERESSES EM PESQUISA<br \/>\n<\/strong><\/h3>\n<ul>\n<li><strong>Teoria Alg\u00e1brica de Singularidades:<\/strong>\u00a0Singularidades de hipersuperf\u00edcies algebr\u00f3ides em caracter\u00edstica positiva;<\/li>\n<li><strong>Geometria Alg\u00e9brica:<\/strong> Fibra\u00e7\u00f5es por curvas singulares;<\/li>\n<li><strong>Geometria Aritm\u00e9tica:<\/strong> Curvas regulares mas n\u00e3o lisas, Superf\u00edcies El\u00edpticas;<\/li>\n<li><strong>Corpos de Fun\u00e7\u00f5es Alg\u00e1bricas<\/strong>: Corpos de fun\u00e7\u00f5es n\u00e3o conservativos.<\/li>\n<\/ul>\n<h3><b>ARTIGOS E TRABALHOS<\/b><\/h3>\n<ul>\n<li><a href=\"https:\/\/arxiv.org\/pdf\/2302.09129.pdf\">&#8220;On the classification of fibrations by genus two singular curves via fibrations by elliptic curves on surfaces&#8221;<\/a> (With J.H.O Rodrigues and R. O. C. Santos) preprint, 2023<\/li>\n<li><a href=\"https:\/\/arxiv.org\/pdf\/2205.03957.pdf\">&#8220;Toric polar maps and characteristic classes&#8221;<\/a> (With T. Fassarella and N. Medeiros) preprint, 2022<\/li>\n<li><a href=\"https:\/\/www.sciencedirect.com\/science\/article\/abs\/pii\/S0021869319304703\">&#8220;Hypersurface Singularities in Arbitrary Characteristic&#8221;<\/a> (With A. Hefez and J.H.O Rodrigues) Journal of Algebra, 2019<\/li>\n<li><a href=\"https:\/\/link.springer.com\/article\/10.1007\/s00574-018-0080-1?wt_mc=Internal.Event.1.SEM.ArticleAuthorOnlineFirst\">&#8220;The Milnor Number of Plane Branches with Tame Semigroups of Values&#8221;<\/a>\u00a0(With A. Hefez and J.H.O Rodrigues) Bulletin of the Brazilian Mathematical Society, New Series, 2018<\/li>\n<li><a href=\"https:\/\/www.sciencedirect.com\/science\/article\/pii\/S0166864117306053\">&#8220;K\u00e4hler differentials on a plane curve and a counterexample to a result of Zariski in positive characteristic.&#8221;<\/a> (With A. Hefez and J.H.O Rodrigues) Topology and its Applications, 2018<\/li>\n<li><a href=\"https:\/\/link.springer.com\/article\/10.1007%2Fs00574-014-0048-8\">&#8220;Fibrations by curves with more than one nonsmooth point.&#8221;<\/a> Bulletin of the Brazilian Mathematical Society, New Series, 2014<\/li>\n<li><a href=\"http:\/\/www.sciencedirect.com\/science\/article\/pii\/S0022404910002586\">&#8220;Fibration by nonsmooth genus three curves in characteristic three&#8221;<\/a>. Journal of Pure and Applied Algebra, 2011<\/li>\n<li><a href=\"http:\/\/www.professores.uff.br\/rsalomao\/wp-content\/uploads\/sites\/93\/2023\/03\/phdrodrigo.pdf\" target=\"_blank\" rel=\"noopener noreferrer\">&#8220;On moving singularities in fibration by algebraic curves&#8221;<\/a>, Tese de Doutorado, IMPA, 2009<\/li>\n<li><a href=\"http:\/\/www.professores.uff.br\/rsalomao\/wp-content\/uploads\/sites\/93\/2023\/03\/tese.pdf\" target=\"_blank\" rel=\"noopener noreferrer\">&#8220;O teorema do mergulho da reta&#8221;<\/a>, Disserta\u00e7\u00e3o de Mestrado, UFF, 2004<\/li>\n<\/ul>\n<h3><strong>PALESTRAS E MINICURSOS<\/strong><\/h3>\n<ul>\n<li><a href=\"http:\/\/www.professores.uff.br\/rsalomao\/wp-content\/uploads\/sites\/93\/2017\/08\/escoladealgebra2016.pdf\">&#8220;Hypersurface singularity in arbitrary characteristic&#8221;<\/a>, Palestra, 24\u00aa \u00a0Escola de \u00c1lgebra, UFMG-2016<\/li>\n<li><a href=\"http:\/\/www.professores.uff.br\/rsalomao\/wp-content\/uploads\/sites\/93\/2017\/08\/legal2012.pdf\">&#8220;Fibra\u00e7\u00f5es por curvas n\u00e3o lisas&#8221;<\/a>, Palestra, LEGAL-2012;<\/li>\n<li><a href=\"http:\/\/www.professores.uff.br\/rsalomao\/wp-content\/uploads\/sites\/93\/2017\/08\/alga2011.pdf\">&#8220;On fibrations by nonsmooth curves&#8221;<\/a>,Palestra, ALGA-2011;<\/li>\n<li><a href=\"http:\/\/www.professores.uff.br\/rsalomao\/wp-content\/uploads\/sites\/93\/2017\/08\/Matfest2011.pdf\">&#8220;Criptografia com curvas el\u00edpticas&#8221;<\/a>,Palestra, Matfest-UFAL-2011;<\/li>\n<li><a href=\"http:\/\/www.professores.uff.br\/rsalomao\/wp-content\/uploads\/sites\/93\/2017\/08\/MinicursoJOGA2011.pdf\">&#8220;Breve introdu\u00e7\u00e3o \u00e0 criptografia com curvas el\u00edpticas&#8221;<\/a>, Minicourso, JOGA-2011;<\/li>\n<li><a href=\"http:\/\/www.professores.uff.br\/rsalomao\/wp-content\/uploads\/sites\/93\/2017\/08\/rural.pdf\">&#8220;Existe vida geom\u00e9trica no mundo da \u00e1lgebra abstrata?&#8221;<\/a>,Palestra, UFRRJ-2009;<\/li>\n<li><a href=\"http:\/\/www.professores.uff.br\/rsalomao\/wp-content\/uploads\/sites\/93\/2017\/08\/Bertini1.pdf\">&#8220;Sobre o teorema de Bertini em caracter\u00edstica positiva&#8221;<\/a>,Palestra, IMPA-2007;<\/li>\n<li><a href=\"http:\/\/www.professores.uff.br\/rsalomao\/wp-content\/uploads\/sites\/93\/2017\/08\/seminarioGA2.pdf\">&#8220;O teorema de B\u00e9zout em P^n&#8221;<\/a>, Semin\u00e1rio, curso de &#8220;Geometria Alg\u00e9brica 2&#8221;-2005;<\/li>\n<\/ul>\n","protected":false},"excerpt":{"rendered":"<p>INTERESSES EM PESQUISA Teoria Alg\u00e1brica de Singularidades:\u00a0Singularidades de hipersuperf\u00edcies algebr\u00f3ides em caracter\u00edstica positiva; Geometria Alg\u00e9brica: Fibra\u00e7\u00f5es por curvas singulares; Geometria Aritm\u00e9tica: Curvas regulares mas n\u00e3o lisas, Superf\u00edcies El\u00edpticas; Corpos de Fun\u00e7\u00f5es Alg\u00e1bricas: Corpos de fun\u00e7\u00f5es n\u00e3o conservativos. ARTIGOS E TRABALHOS &#8220;On the classification of fibrations by genus two singular curves via fibrations by elliptic curves [&hellip;]<\/p>\n","protected":false},"author":2,"featured_media":0,"parent":0,"menu_order":0,"comment_status":"closed","ping_status":"closed","template":"","meta":{"_exactmetrics_skip_tracking":false,"_exactmetrics_sitenote_active":false,"_exactmetrics_sitenote_note":"","_exactmetrics_sitenote_category":0,"footnotes":""},"categories":[],"tags":[],"class_list":["post-10","page","type-page","status-publish","hentry"],"_links":{"self":[{"href":"https:\/\/www.professores.uff.br\/rsalomao\/wp-json\/wp\/v2\/pages\/10","targetHints":{"allow":["GET"]}}],"collection":[{"href":"https:\/\/www.professores.uff.br\/rsalomao\/wp-json\/wp\/v2\/pages"}],"about":[{"href":"https:\/\/www.professores.uff.br\/rsalomao\/wp-json\/wp\/v2\/types\/page"}],"author":[{"embeddable":true,"href":"https:\/\/www.professores.uff.br\/rsalomao\/wp-json\/wp\/v2\/users\/2"}],"replies":[{"embeddable":true,"href":"https:\/\/www.professores.uff.br\/rsalomao\/wp-json\/wp\/v2\/comments?post=10"}],"version-history":[{"count":20,"href":"https:\/\/www.professores.uff.br\/rsalomao\/wp-json\/wp\/v2\/pages\/10\/revisions"}],"predecessor-version":[{"id":301,"href":"https:\/\/www.professores.uff.br\/rsalomao\/wp-json\/wp\/v2\/pages\/10\/revisions\/301"}],"wp:attachment":[{"href":"https:\/\/www.professores.uff.br\/rsalomao\/wp-json\/wp\/v2\/media?parent=10"}],"wp:term":[{"taxonomy":"category","embeddable":true,"href":"https:\/\/www.professores.uff.br\/rsalomao\/wp-json\/wp\/v2\/categories?post=10"},{"taxonomy":"post_tag","embeddable":true,"href":"https:\/\/www.professores.uff.br\/rsalomao\/wp-json\/wp\/v2\/tags?post=10"}],"curies":[{"name":"wp","href":"https:\/\/api.w.org\/{rel}","templated":true}]}}