{"id":146,"date":"2018-03-09T11:44:45","date_gmt":"2018-03-09T14:44:45","guid":{"rendered":"http:\/\/www.professores.uff.br\/rsalomao\/?page_id=146"},"modified":"2019-09-09T13:29:49","modified_gmt":"2019-09-09T16:29:49","slug":"english","status":"publish","type":"page","link":"https:\/\/www.professores.uff.br\/rsalomao\/english\/","title":{"rendered":"English"},"content":{"rendered":"<h1 style=\"text-align: center\"><\/h1>\n<h3 style=\"text-align: center\"><strong>ADDRESS<\/strong><\/h3>\n<p>Universidade Federal Fluminense<\/p>\n<p>Instituto de Matem\u00e1tica e Estat\u00edstica<\/p>\n<p>Rua Professor Marcos Waldemar de Freitas Reis,<\/p>\n<p>s\/n Bloco G, 5\u00ba andar, Sala 37 &#8211; Campus do Gragoat\u00e1<\/p>\n<p>S\u00e3o Domingos- Niter\u00f3i &#8211; RJ &#8211; CEP: 24.210-201<\/p>\n<p><b> Email:<\/b> rsalomao@id.uff.br<\/p>\n<h3 style=\"text-align: center\"><strong>RESEARCH INTERESTS<\/strong><\/h3>\n<ul>\n<li><strong>Algebraic Singularity Theory:<\/strong> Algebroid hypersurfaces singularities in positive characteristic;<\/li>\n<li><strong>Algebraic Geometry:<\/strong> Fibrations by nonsmooth curves, Regular but nonsmooth curves;<\/li>\n<li><strong>Algebraic Function Fields<\/strong>: Nonconservative function fields.<\/li>\n<\/ul>\n<h3 style=\"text-align: center\"><strong>PAPERS AND WORKS<br \/>\n<\/strong><\/h3>\n<ul>\n<li><a href=\"https:\/\/authors.elsevier.com\/c\/1ZiJE4~FP0ZN-\">&#8220;Hypersurface Singularities in Arbitrary Characteristic&#8221;<\/a> (With A. Hefez and J.H.O Rodrigues) Journal of Algebra, 2019<\/li>\n<li><a href=\"https:\/\/link.springer.com\/article\/10.1007\/s00574-018-0080-1?wt_mc=Internal.Event.1.SEM.ArticleAuthorOnlineFirst\">&#8220;The Milnor Number of Plane Branches with Tame Semigroups of Values&#8221;<\/a>\u00a0(With A. Hefez and J.H.O Rodrigues) Bulletin of the Brazilian Mathematical Society, New Series, 2018<\/li>\n<li><a href=\"https:\/\/www.sciencedirect.com\/science\/article\/pii\/S0166864117306053\">\u201cK\u00e4hler differentials on a plane curve and a counterexample to a result of Zariski in positive characteristic.\u201d<\/a> (With A. Hefez and J.H.O Rodrigues) Topology and its Applications, 2018<\/li>\n<li><a href=\"https:\/\/link.springer.com\/article\/10.1007%2Fs00574-014-0048-8\">\u201cFibrations by curves with more than one nonsmooth point.\u201d<\/a> Bulletin of the Brazilian Mathematical Society, New Series, 2014<\/li>\n<li><a href=\"http:\/\/www.sciencedirect.com\/science\/article\/pii\/S0022404910002586\">\u201cFibration by nonsmooth genus three curves in characteristic three\u201d<\/a>. Journal of Pure and Applied Algebra, 2011<\/li>\n<li><a href=\"http:\/\/preprint.impa.br\/FullText\/Salomo__Mon_Jun__1_09_30_41_BRST_2009\/phdrodrigo.pdf\" target=\"_blank\" rel=\"noopener noreferrer\">\u201cOn moving singularities in fibration by algebraic curves\u201d<\/a>, PhD Thesis, IMPA, 2009<\/li>\n<li><a href=\"http:\/\/w3.impa.br\/~rsalomao\/mestrado.pdf\" target=\"_blank\" rel=\"noopener noreferrer\">\u201cO teorema do mergulho da reta\u201d<\/a>, MSc Thesis, UFF, 2004<\/li>\n<\/ul>\n<h3 style=\"text-align: center\"><strong>TALKS AND MINICOURSES<\/strong><\/h3>\n<ul>\n<li><a href=\"http:\/\/www.professores.uff.br\/rsalomao\/wp-content\/uploads\/sites\/93\/2017\/08\/escoladealgebra2016.pdf\">\u201cHypersurface singularity in arbitrary characteristic\u201d<\/a>, Talk, 24 th Brazilian Algebra Meeting, UFMG-2016<\/li>\n<li><a href=\"http:\/\/www.professores.uff.br\/rsalomao\/wp-content\/uploads\/sites\/93\/2017\/08\/legal2012.pdf\">\u201cFibra\u00e7\u00f5es por curvas n\u00e3o lisas\u201d<\/a>, Talk, LEGAL-2012;<\/li>\n<li><a href=\"http:\/\/www.professores.uff.br\/rsalomao\/wp-content\/uploads\/sites\/93\/2017\/08\/alga2011.pdf\">\u201cOn fibrations by nonsmooth curves\u201d<\/a>, Talk, ALGA-2011;<\/li>\n<li><a href=\"http:\/\/www.professores.uff.br\/rsalomao\/wp-content\/uploads\/sites\/93\/2017\/08\/Matfest2011.pdf\">\u201cCriptografia com curvas el\u00edpticas\u201d<\/a>, Talk, Matfest-UFAL-2011;<\/li>\n<li><a href=\"http:\/\/www.professores.uff.br\/rsalomao\/wp-content\/uploads\/sites\/93\/2017\/08\/MinicursoJOGA2011.pdf\">\u201cBreve introdu\u00e7\u00e3o \u00e0 criptografia com curvas el\u00edpticas\u201d<\/a>, Minicourse, JOGA-2011;<\/li>\n<li><a href=\"http:\/\/www.professores.uff.br\/rsalomao\/wp-content\/uploads\/sites\/93\/2017\/08\/rural.pdf\">\u201cExiste vida geom\u00e9trica no mundo da \u00e1lgebra abstrata?\u201d<\/a>, Talk, UFRRJ-2009;<\/li>\n<li><a href=\"http:\/\/www.professores.uff.br\/rsalomao\/wp-content\/uploads\/sites\/93\/2017\/08\/Bertini1.pdf\">\u201cSobre o teorema de Bertini em caracter\u00edstica positiva\u201d<\/a>, Talk, IMPA-2007;<\/li>\n<li><a href=\"http:\/\/www.professores.uff.br\/rsalomao\/wp-content\/uploads\/sites\/93\/2017\/08\/seminarioGA2.pdf\">\u201cO teorema de B\u00e9zout em P^n\u201d<\/a>, Course seminar, \u201cAlgebraic Geometry 2\u201d IMPA-2005;<\/li>\n<\/ul>\n","protected":false},"excerpt":{"rendered":"<p>ADDRESS Universidade Federal Fluminense Instituto de Matem\u00e1tica e Estat\u00edstica Rua Professor Marcos Waldemar de Freitas Reis, s\/n Bloco G, 5\u00ba andar, Sala 37 &#8211; Campus do Gragoat\u00e1 S\u00e3o Domingos- Niter\u00f3i &#8211; RJ &#8211; CEP: 24.210-201 Email: rsalomao@id.uff.br RESEARCH INTERESTS Algebraic Singularity Theory: Algebroid hypersurfaces singularities in positive characteristic; Algebraic Geometry: Fibrations by nonsmooth curves, Regular [&hellip;]<\/p>\n","protected":false},"author":97,"featured_media":0,"parent":0,"menu_order":0,"comment_status":"closed","ping_status":"closed","template":"","meta":{"_exactmetrics_skip_tracking":false,"_exactmetrics_sitenote_active":false,"_exactmetrics_sitenote_note":"","_exactmetrics_sitenote_category":0,"footnotes":""},"categories":[],"tags":[],"class_list":["post-146","page","type-page","status-publish","hentry"],"_links":{"self":[{"href":"https:\/\/www.professores.uff.br\/rsalomao\/wp-json\/wp\/v2\/pages\/146","targetHints":{"allow":["GET"]}}],"collection":[{"href":"https:\/\/www.professores.uff.br\/rsalomao\/wp-json\/wp\/v2\/pages"}],"about":[{"href":"https:\/\/www.professores.uff.br\/rsalomao\/wp-json\/wp\/v2\/types\/page"}],"author":[{"embeddable":true,"href":"https:\/\/www.professores.uff.br\/rsalomao\/wp-json\/wp\/v2\/users\/97"}],"replies":[{"embeddable":true,"href":"https:\/\/www.professores.uff.br\/rsalomao\/wp-json\/wp\/v2\/comments?post=146"}],"version-history":[{"count":16,"href":"https:\/\/www.professores.uff.br\/rsalomao\/wp-json\/wp\/v2\/pages\/146\/revisions"}],"predecessor-version":[{"id":258,"href":"https:\/\/www.professores.uff.br\/rsalomao\/wp-json\/wp\/v2\/pages\/146\/revisions\/258"}],"wp:attachment":[{"href":"https:\/\/www.professores.uff.br\/rsalomao\/wp-json\/wp\/v2\/media?parent=146"}],"wp:term":[{"taxonomy":"category","embeddable":true,"href":"https:\/\/www.professores.uff.br\/rsalomao\/wp-json\/wp\/v2\/categories?post=146"},{"taxonomy":"post_tag","embeddable":true,"href":"https:\/\/www.professores.uff.br\/rsalomao\/wp-json\/wp\/v2\/tags?post=146"}],"curies":[{"name":"wp","href":"https:\/\/api.w.org\/{rel}","templated":true}]}}