{"id":156,"date":"2019-06-22T16:28:23","date_gmt":"2019-06-22T19:28:23","guid":{"rendered":"http:\/\/www.professores.uff.br\/samuelcampos\/?page_id=156"},"modified":"2019-06-22T17:16:58","modified_gmt":"2019-06-22T20:16:58","slug":"topicos-especiais-em-pesquisa-operacional","status":"publish","type":"page","link":"https:\/\/www.professores.uff.br\/samuelcampos\/topicos-especiais-em-pesquisa-operacional\/","title":{"rendered":"T\u00f3picos Especiais em Pesquisa Operacional"},"content":{"rendered":"\nDisciplina Optativa do Curso de Ci\u00eancias Econ\u00f4micas de Campos da Universidade Federal Fluminense<\/p>\n<b>EMENTA:<\/b>1. O processo de tomada de decis\u00e3o e a Pesquisa Operacional. 2. Modelagem de problemas. 3. M\u00e9todo Simplex. 4. Dualidade. 5. An\u00e1lise de Sensibilidade. 6. Problemas de Transporte e Designa\u00e7\u00e3o. 7. Otimiza\u00e7\u00e3o de redes. 8. An\u00e1lise de Decis\u00e3o. 9. Cadeias de Markov. 10. Teoria de Filas. 11. Softwares <\/p>\n<b>BIBLIOGRAFIA B\u00c1SICA:<\/b><\/p>\nHILLER, Frederic S.; LIEBERMAN, Gerald J. <b>Introdu\u00e7\u00e3o \u00e0 Pesquisa Operacional<\/b>. 9 ed. Porto Alegre: AMGH, 2013. 1005p.<\/p>\n<b>BIBLIOGRAFIA COMPLEMENTAR:<\/b><\/p>\nBELFIORE , Patr\u00edcia; F\u00c1VERO J\u00daNIOR, Luiz Paulo. <b>Pesquisa operacional para cursos de administra\u00e7\u00e3o, contabilidade e economia<\/b>. Rio de Janeiro : Elsevier, 2012.<\/p>\n<b>SLIDES DAS AULAS <\/b><\/p>\n<a href=\"https:\/\/www.professores.uff.br\/samuelcampos\/?ddownload=161\" title=\"Download\" rel=\"nofollow\" class=\"ddownload-button button-blue id-161 ext-pdf\">Download<\/a> Aula 0 &#8211; Apresenta\u00e7\u00e3o do plano de ensino <\/p>\n<a href=\"https:\/\/www.professores.uff.br\/samuelcampos\/?ddownload=162\" title=\"Download\" rel=\"nofollow\" class=\"ddownload-button button-blue id-162 ext-pdf\">Download<\/a> Aula 1 &#8211; Introdu\u00e7\u00e3o \u00e0 Pesquisa Operacional <\/p>\n<a href=\"https:\/\/www.professores.uff.br\/samuelcampos\/?ddownload=163\" title=\"Download\" rel=\"nofollow\" class=\"ddownload-button button-blue id-163 ext-pdf\">Download<\/a> Cap\u00edtulo 3 &#8211; Introdu\u00e7\u00e3o \u00e0 Programa\u00e7\u00e3o Linear <\/p>\n<a href=\"https:\/\/www.professores.uff.br\/samuelcampos\/?ddownload=164\" title=\"Download\" rel=\"nofollow\" class=\"ddownload-button button-blue id-164 ext-pdf\">Download<\/a> Slides &#8211; Aula pr\u00e1tica 1 <\/p>\n<a href=\"https:\/\/www.professores.uff.br\/samuelcampos\/?ddownload=165\" title=\"Download\" rel=\"nofollow\" class=\"ddownload-button button-blue id-165 ext-zip\">Download<\/a> Rotinas e dados- Aula pr\u00e1tica 1 <\/p>\n<a href=\"https:\/\/www.professores.uff.br\/samuelcampos\/?ddownload=166\" title=\"Download\" rel=\"nofollow\" class=\"ddownload-button button-blue id-166 ext-pdf\">Download<\/a> Cap\u00edtulo 5 &#8211; Teoria do M\u00e9todo Simplex <\/p>\n<a href=\"https:\/\/www.professores.uff.br\/samuelcampos\/?ddownload=167\" title=\"Download\" rel=\"nofollow\" class=\"ddownload-button button-blue id-167 ext-pdf\">Download<\/a> Cap\u00edtulo 6 &#8211; Teoria da Dualidade e An\u00e1lise de Sensibilidade <\/p>\n<a href=\"https:\/\/www.professores.uff.br\/samuelcampos\/?ddownload=168\" title=\"Download\" rel=\"nofollow\" class=\"ddownload-button button-blue id-168 ext-pdf\">Download<\/a> Slides &#8211; Aula pr\u00e1tica 2 <\/p>\n<a href=\"https:\/\/www.professores.uff.br\/samuelcampos\/?ddownload=169\" title=\"Download\" rel=\"nofollow\" class=\"ddownload-button button-blue id-169 ext-zip\">Download<\/a> Rotinas e dados- Aula pr\u00e1tica 2 <\/p>\n<a href=\"https:\/\/www.professores.uff.br\/samuelcampos\/?ddownload=170\" title=\"Download\" rel=\"nofollow\" class=\"ddownload-button button-blue id-170 ext-pdf\">Download<\/a> Cap\u00edtulo 8 &#8211; Os Problemas de Transporte e da Designa\u00e7\u00e3o <\/p>\n<a href=\"https:\/\/www.professores.uff.br\/samuelcampos\/?ddownload=171\" title=\"Download\" rel=\"nofollow\" class=\"ddownload-button button-blue id-171 ext-pdf\">Download<\/a> Cap\u00edtulo 9 &#8211; Modelos de Otimiza\u00e7\u00e3o de Redes <\/p>\n<a href=\"https:\/\/www.professores.uff.br\/samuelcampos\/?ddownload=172\" title=\"Download\" rel=\"nofollow\" class=\"ddownload-button button-blue id-172 ext-pdf\">Download<\/a> Cap\u00edtulo 15 &#8211; An\u00e1lise de Decis\u00e3o <\/p>\n<a href=\"https:\/\/www.professores.uff.br\/samuelcampos\/?ddownload=173\" title=\"Download\" rel=\"nofollow\" class=\"ddownload-button button-blue id-173 ext-pdf\">Download<\/a> Cap\u00edtulo 16 &#8211; Cadeias de Markov <\/p>\nConte\u00fado do semestre deve ser acessado na Conex\u00e3o UFF, clique <a href=\"https:\/\/app.uff.br\/conexaouff\/?autenticado=true\">aqui<\/a>\n","protected":false},"excerpt":{"rendered":"<p>Disciplina Optativa do Curso de Ci\u00eancias Econ\u00f4micas de Campos da Universidade Federal Fluminense EMENTA:1. O processo de tomada de decis\u00e3o e a Pesquisa Operacional. 2. Modelagem de problemas. 3. M\u00e9todo Simplex. 4. Dualidade. 5. An\u00e1lise de Sensibilidade. 6. Problemas de Transporte e Designa\u00e7\u00e3o. 7. Otimiza\u00e7\u00e3o de redes. 8. An\u00e1lise de Decis\u00e3o. 9. Cadeias de Markov. [&hellip;]<\/p>\n","protected":false},"author":90,"featured_media":0,"parent":0,"menu_order":0,"comment_status":"closed","ping_status":"closed","template":"","meta":{"_exactmetrics_skip_tracking":false,"_exactmetrics_sitenote_active":false,"_exactmetrics_sitenote_note":"","_exactmetrics_sitenote_category":0,"footnotes":""},"categories":[],"tags":[35,43,37,40,41,36,38,33,44,39,34,42],"class_list":["post-156","page","type-page","status-publish","hentry","tag-decisao","tag-economia","tag-excel","tag-lindo","tag-lingo","tag-markov","tag-otimizacao","tag-pesquisa-operacional","tag-redes","tag-simplex","tag-transporte","tag-xpress"],"_links":{"self":[{"href":"https:\/\/www.professores.uff.br\/samuelcampos\/wp-json\/wp\/v2\/pages\/156","targetHints":{"allow":["GET"]}}],"collection":[{"href":"https:\/\/www.professores.uff.br\/samuelcampos\/wp-json\/wp\/v2\/pages"}],"about":[{"href":"https:\/\/www.professores.uff.br\/samuelcampos\/wp-json\/wp\/v2\/types\/page"}],"author":[{"embeddable":true,"href":"https:\/\/www.professores.uff.br\/samuelcampos\/wp-json\/wp\/v2\/users\/90"}],"replies":[{"embeddable":true,"href":"https:\/\/www.professores.uff.br\/samuelcampos\/wp-json\/wp\/v2\/comments?post=156"}],"version-history":[{"count":5,"href":"https:\/\/www.professores.uff.br\/samuelcampos\/wp-json\/wp\/v2\/pages\/156\/revisions"}],"predecessor-version":[{"id":206,"href":"https:\/\/www.professores.uff.br\/samuelcampos\/wp-json\/wp\/v2\/pages\/156\/revisions\/206"}],"wp:attachment":[{"href":"https:\/\/www.professores.uff.br\/samuelcampos\/wp-json\/wp\/v2\/media?parent=156"}],"wp:term":[{"taxonomy":"category","embeddable":true,"href":"https:\/\/www.professores.uff.br\/samuelcampos\/wp-json\/wp\/v2\/categories?post=156"},{"taxonomy":"post_tag","embeddable":true,"href":"https:\/\/www.professores.uff.br\/samuelcampos\/wp-json\/wp\/v2\/tags?post=156"}],"curies":[{"name":"wp","href":"https:\/\/api.w.org\/{rel}","templated":true}]}}