{"id":29,"date":"2018-04-05T10:48:07","date_gmt":"2018-04-05T13:48:07","guid":{"rendered":"http:\/\/www.professores.uff.br\/samuelcampos\/?page_id=29"},"modified":"2025-11-06T22:14:46","modified_gmt":"2025-11-07T01:14:46","slug":"graduacao","status":"publish","type":"page","link":"https:\/\/www.professores.uff.br\/samuelcampos\/graduacao\/","title":{"rendered":"Gradua\u00e7\u00e3o"},"content":{"rendered":"\n<p class=\"has-normal-font-size\">Conhe\u00e7a a <a href=\"http:\/\/economiacampos.sites.uff.br\">Gradua\u00e7\u00e3o em Ci\u00eancias Econ\u00f4micas de Campos.<\/a> da Universidade Federal Fluminense, campus de Campos dos Goytacazes, clique <a href=\"http:\/\/economiacampos.sites.uff.br\">aqui<\/a><\/p>\n\n\n\n<p style=\"font-size:18px\"><strong>Disciplinas ministradas no curso:<\/strong><\/p>\n\n\n\n<p class=\"has-normal-font-size\"><a href=\"http:\/\/www.professores.uff.br\/samuelcampos\/analise-multivariada\/\">An\u00e1lise Multivariada de Dados<\/a><\/p>\n\n\n\n<p class=\"has-normal-font-size\"><a href=\"http:\/\/www.professores.uff.br\/samuelcampos\/matematica-para-economia\/\">Matem\u00e1tica para Economia<\/a><\/p>\n\n\n\n<p class=\"has-normal-font-size\"><a href=\"http:\/\/www.professores.uff.br\/samuelcampos\/politica-agricola\/\">Pol\u00edtica Agr\u00edcola<\/a><\/p>\n\n\n\n<p class=\"has-normal-font-size\"><a href=\"http:\/\/www.professores.uff.br\/samuelcampos\/topicos-especiais-em-pesquisa-operacional\/\">Pesquisa Operacional<\/a><\/p>\n\n\n\n<p class=\"has-normal-font-size\"><a href=\"https:\/\/www.professores.uff.br\/samuelcampos\/econometria-de-series-temporais\/\">Econometria de S\u00e9ries Temporais<\/a><\/p>\n\n\n\n<p class=\"has-normal-font-size\"> Clique sobre as disciplinas para mais informa\u00e7\u00f5es<\/p>\n\n\n\n<p style=\"font-size:16px\"><strong>Disciplinas do Curso de Administra\u00e7\u00e3o P\u00fablica<\/strong> &#8211; UFF (Cederj)<\/p>\n\n\n\n<p style=\"font-size:16px\"><a href=\"https:\/\/www.professores.uff.br\/samuelcampos\/estatistica-aplicada-a-administracao\/\" data-type=\"link\" data-id=\"https:\/\/www.professores.uff.br\/samuelcampos\/estatistica-aplicada-a-administracao\/\">Estat\u00edstica Aplicada \u00e0 Administra\u00e7\u00e3o<\/a><\/p>\n","protected":false},"excerpt":{"rendered":"<p>Conhe\u00e7a a Gradua\u00e7\u00e3o em Ci\u00eancias Econ\u00f4micas de Campos. da Universidade Federal Fluminense, campus de Campos dos Goytacazes, clique aqui Disciplinas ministradas no curso: An\u00e1lise Multivariada de Dados Matem\u00e1tica para Economia Pol\u00edtica Agr\u00edcola Pesquisa Operacional Econometria de S\u00e9ries Temporais Clique sobre as disciplinas para mais informa\u00e7\u00f5es Disciplinas do Curso de Administra\u00e7\u00e3o P\u00fablica &#8211; UFF (Cederj) Estat\u00edstica [&hellip;]<\/p>\n","protected":false},"author":90,"featured_media":0,"parent":0,"menu_order":0,"comment_status":"closed","ping_status":"closed","template":"","meta":{"_exactmetrics_skip_tracking":false,"_exactmetrics_sitenote_active":false,"_exactmetrics_sitenote_note":"","_exactmetrics_sitenote_category":0,"footnotes":""},"categories":[],"tags":[],"class_list":["post-29","page","type-page","status-publish","hentry"],"_links":{"self":[{"href":"https:\/\/www.professores.uff.br\/samuelcampos\/wp-json\/wp\/v2\/pages\/29","targetHints":{"allow":["GET"]}}],"collection":[{"href":"https:\/\/www.professores.uff.br\/samuelcampos\/wp-json\/wp\/v2\/pages"}],"about":[{"href":"https:\/\/www.professores.uff.br\/samuelcampos\/wp-json\/wp\/v2\/types\/page"}],"author":[{"embeddable":true,"href":"https:\/\/www.professores.uff.br\/samuelcampos\/wp-json\/wp\/v2\/users\/90"}],"replies":[{"embeddable":true,"href":"https:\/\/www.professores.uff.br\/samuelcampos\/wp-json\/wp\/v2\/comments?post=29"}],"version-history":[{"count":9,"href":"https:\/\/www.professores.uff.br\/samuelcampos\/wp-json\/wp\/v2\/pages\/29\/revisions"}],"predecessor-version":[{"id":470,"href":"https:\/\/www.professores.uff.br\/samuelcampos\/wp-json\/wp\/v2\/pages\/29\/revisions\/470"}],"wp:attachment":[{"href":"https:\/\/www.professores.uff.br\/samuelcampos\/wp-json\/wp\/v2\/media?parent=29"}],"wp:term":[{"taxonomy":"category","embeddable":true,"href":"https:\/\/www.professores.uff.br\/samuelcampos\/wp-json\/wp\/v2\/categories?post=29"},{"taxonomy":"post_tag","embeddable":true,"href":"https:\/\/www.professores.uff.br\/samuelcampos\/wp-json\/wp\/v2\/tags?post=29"}],"curies":[{"name":"wp","href":"https:\/\/api.w.org\/{rel}","templated":true}]}}