{"id":71,"date":"2019-06-12T13:18:13","date_gmt":"2019-06-12T16:18:13","guid":{"rendered":"http:\/\/www.professores.uff.br\/samuelcampos\/?page_id=71"},"modified":"2019-07-03T21:15:27","modified_gmt":"2019-07-04T00:15:27","slug":"gestao-da-cadeia-da-cana-de-acucar","status":"publish","type":"page","link":"https:\/\/www.professores.uff.br\/samuelcampos\/gestao-da-cadeia-da-cana-de-acucar\/","title":{"rendered":"Gest\u00e3o da cadeia da cana-de-a\u00e7\u00facar"},"content":{"rendered":"\nDisciplina do programa de P\u00f3s-Gradua\u00e7\u00e3o em Tecnologia de Produ\u00e7\u00e3o e Usos da Cana-de-A\u00e7\u00facar da Universidade Federal Rural do Rio de Janeiro &#8211; Campus de Campos dos Goytacazes.\n<p><\/p>\n<p><\/p>\n<b>\ufeffEMENTA<\/b>: 1. Introdu\u00e7\u00e3o ao agroneg\u00f3cio da cana-de-a\u00e7\u00facar; 2. No\u00e7\u00f5es de administra\u00e7\u00e3o de empresa agr\u00edcola; 3. Gest\u00e3o de pessoas; 4. Forma\u00e7\u00e3o de pre\u00e7os de produtos da cana-de-a\u00e7\u00facar; 5. Mercado e comercializa\u00e7\u00e3o de produtos da cana-de-a\u00e7\u00facar; 6. Custos de produ\u00e7\u00e3o da cana-de-a\u00e7\u00facar; 7. Marketing; 8. Viabilidade e gest\u00e3o de projetos; 9 Pol\u00edtica agr\u00edcola; 10. Seguran\u00e7a no campo; 11. Associativismo e cooperativismo; 12. Diagn\u00f3stico da cadeia produtiva da cana-de-a\u00e7\u00facar no RJ\n<p><\/p>\n<b>Professores<\/b>: Dra. Graciela Aparecida Profeta; Dr. Samuel Alex Coelho Campos e Esp. Tamys Luiz Fernandes.\n<p><\/p>\n<b>Baixe os slides das disciplinas abaixo:<\/b><p><\/p>\n<a href=\"https:\/\/www.professores.uff.br\/samuelcampos\/?ddownload=67\" title=\"Download\" rel=\"nofollow\" class=\"ddownload-button button-blue id-67 ext-pdf\">Download<\/a> 1. Introdu\u00e7\u00e3o ao agroneg\u00f3cio da cana-de-a\u00e7\u00facar <p><\/p>\n<a href=\"https:\/\/www.professores.uff.br\/samuelcampos\/?ddownload=83\" title=\"Download\" rel=\"nofollow\" class=\"ddownload-button button-blue id-83 ext-pdf\">Download<\/a> 2. No\u00e7\u00f5es de administra\u00e7\u00e3o de empresa agr\u00edcola <p><\/p>\n<a href=\"https:\/\/www.professores.uff.br\/samuelcampos\/?ddownload=215\" title=\"Download\" rel=\"nofollow\" class=\"ddownload-button button-blue id-215 ext-pdf\">Download<\/a> 3. Gest\u00e3o de pessoas <p><\/p> \n<a href=\"https:\/\/www.professores.uff.br\/samuelcampos\/?ddownload=217\" title=\"Download\" rel=\"nofollow\" class=\"ddownload-button button-blue id-217 ext-pdf\">Download<\/a> 4. Forma\u00e7\u00e3o de pre\u00e7os de produtos da cana-de-a\u00e7\u00facar <p><\/p> \n<a href=\"https:\/\/www.professores.uff.br\/samuelcampos\/?ddownload=218\" title=\"Download\" rel=\"nofollow\" class=\"ddownload-button button-blue id-218 ext-pdf\">Download<\/a> 5. Mercado e comercializa\u00e7\u00e3o de produtos da cana-de-a\u00e7\u00facar <p><\/p>\n<a href=\"https:\/\/www.professores.uff.br\/samuelcampos\/?ddownload=77\" title=\"Download\" rel=\"nofollow\" class=\"ddownload-button button-blue id-77 ext-pdf\">Download<\/a> 6. Custos de produ\u00e7\u00e3o da cana-de-a\u00e7\u00facar  <p><\/p>\n<a href=\"https:\/\/www.professores.uff.br\/samuelcampos\/?ddownload=69\" title=\"Download\" rel=\"nofollow\" class=\"ddownload-button button-blue id-69 ext-pdf\">Download<\/a> 7.Marketing  <p><\/p>\n<a href=\"https:\/\/www.professores.uff.br\/samuelcampos\/?ddownload=213\" title=\"Download\" rel=\"nofollow\" class=\"ddownload-button button-blue id-213 ext-pdf\">Download<\/a> 8. Viabilidade e gest\u00e3o de projetos  <p><\/p>\n<a href=\"https:\/\/www.professores.uff.br\/samuelcampos\/?ddownload=211\" title=\"Download\" rel=\"nofollow\" class=\"ddownload-button button-blue id-211 ext-pdf\">Download<\/a> 9. Pol\u00edtica agr\u00edcola <p><\/p>\nMais informa\u00e7\u00f5es sobre o curso de especializa\u00e7\u00e3o, disciplinas, editais, etc, voc\u00ea pode encontrar <a href=\"http:\/\/campuscg.ufrrj.br\/pos-graduacao\/\">aqui<\/a>\n","protected":false},"excerpt":{"rendered":"<p>Disciplina do programa de P\u00f3s-Gradua\u00e7\u00e3o em Tecnologia de Produ\u00e7\u00e3o e Usos da Cana-de-A\u00e7\u00facar da Universidade Federal Rural do Rio de Janeiro &#8211; Campus de Campos dos Goytacazes. \ufeffEMENTA: 1. Introdu\u00e7\u00e3o ao agroneg\u00f3cio da cana-de-a\u00e7\u00facar; 2. No\u00e7\u00f5es de administra\u00e7\u00e3o de empresa agr\u00edcola; 3. Gest\u00e3o de pessoas; 4. Forma\u00e7\u00e3o de pre\u00e7os de produtos da cana-de-a\u00e7\u00facar; 5. Mercado [&hellip;]<\/p>\n","protected":false},"author":90,"featured_media":181,"parent":0,"menu_order":0,"comment_status":"closed","ping_status":"closed","template":"","meta":{"_exactmetrics_skip_tracking":false,"_exactmetrics_sitenote_active":false,"_exactmetrics_sitenote_note":"","_exactmetrics_sitenote_category":0,"footnotes":""},"categories":[],"tags":[49,47,46,48],"class_list":["post-71","page","type-page","status-publish","has-post-thumbnail","hentry","tag-campos-dos-goytacazes","tag-cana","tag-especializacao","tag-ufrrj"],"_links":{"self":[{"href":"https:\/\/www.professores.uff.br\/samuelcampos\/wp-json\/wp\/v2\/pages\/71","targetHints":{"allow":["GET"]}}],"collection":[{"href":"https:\/\/www.professores.uff.br\/samuelcampos\/wp-json\/wp\/v2\/pages"}],"about":[{"href":"https:\/\/www.professores.uff.br\/samuelcampos\/wp-json\/wp\/v2\/types\/page"}],"author":[{"embeddable":true,"href":"https:\/\/www.professores.uff.br\/samuelcampos\/wp-json\/wp\/v2\/users\/90"}],"replies":[{"embeddable":true,"href":"https:\/\/www.professores.uff.br\/samuelcampos\/wp-json\/wp\/v2\/comments?post=71"}],"version-history":[{"count":16,"href":"https:\/\/www.professores.uff.br\/samuelcampos\/wp-json\/wp\/v2\/pages\/71\/revisions"}],"predecessor-version":[{"id":221,"href":"https:\/\/www.professores.uff.br\/samuelcampos\/wp-json\/wp\/v2\/pages\/71\/revisions\/221"}],"wp:featuredmedia":[{"embeddable":true,"href":"https:\/\/www.professores.uff.br\/samuelcampos\/wp-json\/wp\/v2\/media\/181"}],"wp:attachment":[{"href":"https:\/\/www.professores.uff.br\/samuelcampos\/wp-json\/wp\/v2\/media?parent=71"}],"wp:term":[{"taxonomy":"category","embeddable":true,"href":"https:\/\/www.professores.uff.br\/samuelcampos\/wp-json\/wp\/v2\/categories?post=71"},{"taxonomy":"post_tag","embeddable":true,"href":"https:\/\/www.professores.uff.br\/samuelcampos\/wp-json\/wp\/v2\/tags?post=71"}],"curies":[{"name":"wp","href":"https:\/\/api.w.org\/{rel}","templated":true}]}}

Gestão da cadeia da cana-de-açúcar

Disciplina do programa de Pós-Graduação em Tecnologia de Produção e Usos da Cana-de-Açúcar da Universidade Federal Rural do Rio de Janeiro &#8211; Campus de Campos dos Goytacazes.
<p></p>
<p></p>
<b>﻿EMENTA</b>: 1. Introdução ao agronegócio da cana-de-açúcar; 2. Noções de administração de empresa agrícola; 3. Gestão de pessoas; 4. Formação de preços de produtos da cana-de-açúcar; 5. Mercado e comercialização de produtos da cana-de-açúcar; 6. Custos de produção da cana-de-açúcar; 7. Marketing; 8. Viabilidade e gestão de projetos; 9 Política agrícola; 10. Segurança no campo; 11. Associativismo e cooperativismo; 12. Diagnóstico da cadeia produtiva da cana-de-açúcar no RJ
<p></p>
<b>Professores</b>: Dra. Graciela Aparecida Profeta; Dr. Samuel Alex Coelho Campos e Esp. Tamys Luiz Fernandes.
<p></p>
<b>Baixe os slides das disciplinas abaixo:</b><p></p>
<a href="https://www.professores.uff.br/samuelcampos/?ddownload=67" title="Download" rel="nofollow" class="ddownload-button button-blue id-67 ext-pdf">Download</a> 1. Introdução ao agronegócio da cana-de-açúcar <p></p>
<a href="https://www.professores.uff.br/samuelcampos/?ddownload=83" title="Download" rel="nofollow" class="ddownload-button button-blue id-83 ext-pdf">Download</a> 2. Noções de administração de empresa agrícola <p></p>
<a href="https://www.professores.uff.br/samuelcampos/?ddownload=215" title="Download" rel="nofollow" class="ddownload-button button-blue id-215 ext-pdf">Download</a> 3. Gestão de pessoas <p></p> 
<a href="https://www.professores.uff.br/samuelcampos/?ddownload=217" title="Download" rel="nofollow" class="ddownload-button button-blue id-217 ext-pdf">Download</a> 4. Formação de preços de produtos da cana-de-açúcar <p></p> 
<a href="https://www.professores.uff.br/samuelcampos/?ddownload=218" title="Download" rel="nofollow" class="ddownload-button button-blue id-218 ext-pdf">Download</a> 5. Mercado e comercialização de produtos da cana-de-açúcar <p></p>
<a href="https://www.professores.uff.br/samuelcampos/?ddownload=77" title="Download" rel="nofollow" class="ddownload-button button-blue id-77 ext-pdf">Download</a> 6. Custos de produção da cana-de-açúcar  <p></p>
<a href="https://www.professores.uff.br/samuelcampos/?ddownload=69" title="Download" rel="nofollow" class="ddownload-button button-blue id-69 ext-pdf">Download</a> 7.Marketing  <p></p>
<a href="https://www.professores.uff.br/samuelcampos/?ddownload=213" title="Download" rel="nofollow" class="ddownload-button button-blue id-213 ext-pdf">Download</a> 8. Viabilidade e gestão de projetos  <p></p>
<a href="https://www.professores.uff.br/samuelcampos/?ddownload=211" title="Download" rel="nofollow" class="ddownload-button button-blue id-211 ext-pdf">Download</a> 9. Política agrícola <p></p>
Mais informações sobre o curso de especialização, disciplinas, editais, etc, você pode encontrar <a href="http://campuscg.ufrrj.br/pos-graduacao/">aqui</a>

<p>Disciplina do programa de Pós-Graduação em Tecnologia de Produção e Usos da Cana-de-Açúcar da Universidade Federal Rural do Rio de Janeiro &#8211; Campus de Campos dos Goytacazes. ﻿EMENTA: 1. Introdução ao agronegócio da cana-de-açúcar; 2. Noções de administração de empresa agrícola; 3. Gestão de pessoas; 4. Formação de preços de produtos da cana-de-açúcar; 5. Mercado [&hellip;]</p>
