{"id":11,"date":"2017-09-26T09:53:41","date_gmt":"2017-09-26T12:53:41","guid":{"rendered":"http:\/\/www.professores.uff.br\/saponga\/?page_id=11"},"modified":"2017-11-02T15:58:51","modified_gmt":"2017-11-02T17:58:51","slug":"memorial-professor-titular","status":"publish","type":"page","link":"https:\/\/www.professores.uff.br\/saponga\/memorial-professor-titular\/","title":{"rendered":"Memorial Professor Titular"},"content":{"rendered":"<h3 style=\"text-align: center\"><span style=\"color: #ff0000\">Memorial de acesso \u00e0 classe de Professor Titular<\/span><\/h3>\n<h3 style=\"text-align: center\"><span style=\"color: #ff0000\">no Instituto de Matem\u00e1tica e Estat\u00edstica<\/span><\/h3>\n<h3 style=\"text-align: center\"><span style=\"color: #ff0000\">da Universidade Federal Fluminense<\/span><\/h3>\n<h3 style=\"text-align: center\"><a href=\"https:\/\/www.dropbox.com\/s\/tijh27dkpcm2ka4\/MemorialVersaoFinal.pdf?dl=0\">Memorial<\/a><\/h3>\n","protected":false},"excerpt":{"rendered":"<p>Memorial de acesso \u00e0 classe de Professor Titular no Instituto de Matem\u00e1tica e Estat\u00edstica da Universidade Federal Fluminense Memorial<\/p>\n","protected":false},"author":70,"featured_media":0,"parent":0,"menu_order":0,"comment_status":"closed","ping_status":"closed","template":"","meta":{"_exactmetrics_skip_tracking":false,"_exactmetrics_sitenote_active":false,"_exactmetrics_sitenote_note":"","_exactmetrics_sitenote_category":0,"footnotes":""},"categories":[],"tags":[],"class_list":["post-11","page","type-page","status-publish","hentry"],"_links":{"self":[{"href":"https:\/\/www.professores.uff.br\/saponga\/wp-json\/wp\/v2\/pages\/11","targetHints":{"allow":["GET"]}}],"collection":[{"href":"https:\/\/www.professores.uff.br\/saponga\/wp-json\/wp\/v2\/pages"}],"about":[{"href":"https:\/\/www.professores.uff.br\/saponga\/wp-json\/wp\/v2\/types\/page"}],"author":[{"embeddable":true,"href":"https:\/\/www.professores.uff.br\/saponga\/wp-json\/wp\/v2\/users\/70"}],"replies":[{"embeddable":true,"href":"https:\/\/www.professores.uff.br\/saponga\/wp-json\/wp\/v2\/comments?post=11"}],"version-history":[{"count":2,"href":"https:\/\/www.professores.uff.br\/saponga\/wp-json\/wp\/v2\/pages\/11\/revisions"}],"predecessor-version":[{"id":93,"href":"https:\/\/www.professores.uff.br\/saponga\/wp-json\/wp\/v2\/pages\/11\/revisions\/93"}],"wp:attachment":[{"href":"https:\/\/www.professores.uff.br\/saponga\/wp-json\/wp\/v2\/media?parent=11"}],"wp:term":[{"taxonomy":"category","embeddable":true,"href":"https:\/\/www.professores.uff.br\/saponga\/wp-json\/wp\/v2\/categories?post=11"},{"taxonomy":"post_tag","embeddable":true,"href":"https:\/\/www.professores.uff.br\/saponga\/wp-json\/wp\/v2\/tags?post=11"}],"curies":[{"name":"wp","href":"https:\/\/api.w.org\/{rel}","templated":true}]}}

<h3 style="text-align: center"><span style="color: #ff0000">Memorial de acesso à classe de Professor Titular</span></h3>
<h3 style="text-align: center"><span style="color: #ff0000">no Instituto de Matemática e Estatística</span></h3>
<h3 style="text-align: center"><span style="color: #ff0000">da Universidade Federal Fluminense</span></h3>
<h3 style="text-align: center"><a href="https://www.dropbox.com/s/tijh27dkpcm2ka4/MemorialVersaoFinal.pdf?dl=0">Memorial</a></h3>

<p>Memorial de acesso à classe de Professor Titular no Instituto de Matemática e Estatística da Universidade Federal Fluminense Memorial</p>
