{"id":183,"date":"2017-07-07T20:06:07","date_gmt":"2017-07-07T23:06:07","guid":{"rendered":"http:\/\/www.professores.uff.br\/sergiolicanic\/?page_id=183"},"modified":"2017-07-10T13:00:40","modified_gmt":"2017-07-10T16:00:40","slug":"calculoiia-1o-semestre-2014","status":"publish","type":"page","link":"https:\/\/www.professores.uff.br\/sergio\/teaching\/disciplinas\/calculoiia-1o-semestre-2014\/","title":{"rendered":"CalculoIIA &#8211; 1\u00ba Semestre 2014"},"content":{"rendered":"<p><strong><a href=\"http:\/\/www.professores.uff.br\/sergiolicanic\/wp-content\/uploads\/sites\/4\/2017\/07\/EmenedaCalculo-II-A-1.pdf\">Ementa<\/a><\/strong><\/p>\n<hr \/>\n<p><strong>Atendimento:<\/strong><\/p>\n<p>segunda feira 15:00-15:50. Sala 06 do 5 andar GMA.<\/p>\n<hr \/>\n<p><strong>Monitorias:<\/strong> a determinar: veja o quadro no quinto andar do IM.<\/p>\n<hr \/>\n<p><strong>Datas das Provas:<\/strong><\/p>\n<p><span style=\"color: #ff0000;\"><strong>ATEN\u00c7\u00c3O: VR (conteudo Todo o visto) \u00c9 FECHADA<\/strong><\/span><\/p>\n\n<table id=\"tablepress-10\" class=\"tablepress tablepress-id-10\">\n<thead>\n<tr class=\"row-1\">\n\t<th class=\"column-1\">AVALIA\u00c7\u00c3O<\/th><th class=\"column-2\">DATA<\/th>\n<\/tr>\n<\/thead>\n<tbody class=\"row-striping row-hover\">\n<tr class=\"row-2\">\n\t<td class=\"column-1\">Prova1<\/td><td class=\"column-2\">09\/04\/14 (peso 2)<\/td>\n<\/tr>\n<tr class=\"row-3\">\n\t<td class=\"column-1\">Prova2<\/td><td class=\"column-2\">02\/06\/14 (peso 3)<\/td>\n<\/tr>\n<tr class=\"row-4\">\n\t<td class=\"column-1\">VR<\/td><td class=\"column-2\">04\/06\/14<\/td>\n<\/tr>\n<tr class=\"row-5\">\n\t<td class=\"column-1\">VS<\/td><td class=\"column-2\">11\/06\/14 <\/td>\n<\/tr>\n<\/tbody>\n<\/table>\n\n<hr \/>\n\n<table id=\"tablepress-21\" class=\"tablepress tablepress-id-21\">\n<thead>\n<tr class=\"row-1\">\n\t<th class=\"column-1\">Listagem de Exerc\u00edcios<\/th><td class=\"column-2\"><\/td>\n<\/tr>\n<\/thead>\n<tbody class=\"row-striping row-hover\">\n<tr class=\"row-2\">\n\t<td class=\"column-1\"><a href=\"http:\/\/www.professores.uff.br\/sergiolicanic\/wp-content\/uploads\/sites\/4\/2017\/07\/lista-01-calc-02A-2013-1.pdf\" target=\"_blank\" rel=\"noopener noreferrer\">Lista 1<\/a><\/td><td class=\"column-2\"><a href=\"http:\/\/www.professores.uff.br\/sergiolicanic\/wp-content\/uploads\/sites\/4\/2017\/07\/lista-08-calc-02A-2011-1.pdf\" target=\"_blank\" rel=\"noopener noreferrer\">Lista 8<\/a><\/td>\n<\/tr>\n<tr class=\"row-3\">\n\t<td class=\"column-1\"><a href=\"http:\/\/www.professores.uff.br\/sergiolicanic\/wp-content\/uploads\/sites\/4\/2017\/07\/lista-02-calc-02A-2013-1.pdf\" target=\"_blank\" rel=\"noopener noreferrer\">Lista 2<\/a><\/td><td class=\"column-2\"><a href=\"http:\/\/www.professores.uff.br\/sergiolicanic\/wp-content\/uploads\/sites\/4\/2017\/07\/lista-09-calc-02A-2011-1.pdf\" target=\"_blank\" rel=\"noopener noreferrer\">Lista 9<\/a><\/td>\n<\/tr>\n<tr class=\"row-4\">\n\t<td class=\"column-1\"><a href=\"http:\/\/www.professores.uff.br\/sergiolicanic\/wp-content\/uploads\/sites\/4\/2017\/07\/lista-03-calc-02A-2013-1.pdf\" target=\"_blank\" rel=\"noopener noreferrer\">Lista 3<\/a><\/td><td class=\"column-2\"><a href=\"http:\/\/www.professores.uff.br\/sergiolicanic\/wp-content\/uploads\/sites\/4\/2017\/07\/lista-10-calc-02A-2011-1.pdf\" target=\"_blank\" rel=\"noopener noreferrer\">Lista 10<\/a><\/td>\n<\/tr>\n<tr class=\"row-5\">\n\t<td class=\"column-1\"><a href=\"http:\/\/www.professores.uff.br\/sergiolicanic\/wp-content\/uploads\/sites\/4\/2017\/07\/lista-04-calc-02A-2013-1.pdf\" target=\"_blank\" rel=\"noopener noreferrer\">Lista 4<\/a><\/td><td class=\"column-2\"><a href=\"http:\/\/www.professores.uff.br\/sergiolicanic\/wp-content\/uploads\/sites\/4\/2017\/07\/lista-11-calc-02A-2011-1.pdf\" target=\"_blank\" rel=\"noopener noreferrer\">Lista 11<\/a><\/td>\n<\/tr>\n<tr class=\"row-6\">\n\t<td class=\"column-1\"><a href=\"http:\/\/www.professores.uff.br\/sergiolicanic\/wp-content\/uploads\/sites\/4\/2017\/07\/lista-05-calc-02A-2013-1.pdf\" target=\"_blank\" rel=\"noopener noreferrer\">Lista 5<\/a><\/td><td class=\"column-2\"><a href=\"http:\/\/www.professores.uff.br\/sergiolicanic\/wp-content\/uploads\/sites\/4\/2017\/07\/lista-12_calc-02A-2011-1.pdf\" target=\"_blank\" rel=\"noopener noreferrer\">Lista 12<\/a><\/td>\n<\/tr>\n<tr class=\"row-7\">\n\t<td class=\"column-1\"><a href=\"http:\/\/www.professores.uff.br\/sergiolicanic\/wp-content\/uploads\/sites\/4\/2017\/07\/lista-06-calc-02A-2013-1.pdf\" target=\"_blank\" rel=\"noopener noreferrer\">Lista 6<\/a><\/td><td class=\"column-2\"><a href=\"http:\/\/www.professores.uff.br\/sergiolicanic\/wp-content\/uploads\/sites\/4\/2017\/07\/lista-13_calc-02A-2011-1.pdf\" target=\"_blank\" rel=\"noopener noreferrer\">Lista 13<\/a><\/td>\n<\/tr>\n<tr class=\"row-8\">\n\t<td class=\"column-1\"><a href=\"http:\/\/www.professores.uff.br\/sergiolicanic\/wp-content\/uploads\/sites\/4\/2017\/07\/lista-07-calc-02A-2013-1.pdf\" target=\"_blank\" rel=\"noopener noreferrer\">Lista 7<\/a><\/td><td class=\"column-2\"><a href=\"http:\/\/www.professores.uff.br\/sergiolicanic\/wp-content\/uploads\/sites\/4\/2017\/07\/lista-14_calc-02A-2011-1.pdf\" target=\"_blank\" rel=\"noopener noreferrer\">Lista 14<\/a><\/td>\n<\/tr>\n<\/tbody>\n<\/table>\n\n","protected":false},"excerpt":{"rendered":"<p>Ementa Atendimento: segunda feira 15:00-15:50. Sala 06 do 5 andar GMA. Monitorias: a determinar: veja o quadro no quinto andar do IM. Datas das Provas: ATEN\u00c7\u00c3O: VR (conteudo Todo o visto) \u00c9 FECHADA<\/p>\n","protected":false},"author":1,"featured_media":0,"parent":37,"menu_order":0,"comment_status":"closed","ping_status":"closed","template":"","meta":{"_exactmetrics_skip_tracking":false,"_exactmetrics_sitenote_active":false,"_exactmetrics_sitenote_note":"","_exactmetrics_sitenote_category":0,"footnotes":""},"categories":[18],"tags":[9,8],"class_list":["post-183","page","type-page","status-publish","hentry","category-paginas-do-menu-principal","tag-9","tag-calculoiia"],"_links":{"self":[{"href":"https:\/\/www.professores.uff.br\/sergio\/wp-json\/wp\/v2\/pages\/183","targetHints":{"allow":["GET"]}}],"collection":[{"href":"https:\/\/www.professores.uff.br\/sergio\/wp-json\/wp\/v2\/pages"}],"about":[{"href":"https:\/\/www.professores.uff.br\/sergio\/wp-json\/wp\/v2\/types\/page"}],"author":[{"embeddable":true,"href":"https:\/\/www.professores.uff.br\/sergio\/wp-json\/wp\/v2\/users\/1"}],"replies":[{"embeddable":true,"href":"https:\/\/www.professores.uff.br\/sergio\/wp-json\/wp\/v2\/comments?post=183"}],"version-history":[{"count":3,"href":"https:\/\/www.professores.uff.br\/sergio\/wp-json\/wp\/v2\/pages\/183\/revisions"}],"predecessor-version":[{"id":363,"href":"https:\/\/www.professores.uff.br\/sergio\/wp-json\/wp\/v2\/pages\/183\/revisions\/363"}],"up":[{"embeddable":true,"href":"https:\/\/www.professores.uff.br\/sergio\/wp-json\/wp\/v2\/pages\/37"}],"wp:attachment":[{"href":"https:\/\/www.professores.uff.br\/sergio\/wp-json\/wp\/v2\/media?parent=183"}],"wp:term":[{"taxonomy":"category","embeddable":true,"href":"https:\/\/www.professores.uff.br\/sergio\/wp-json\/wp\/v2\/categories?post=183"},{"taxonomy":"post_tag","embeddable":true,"href":"https:\/\/www.professores.uff.br\/sergio\/wp-json\/wp\/v2\/tags?post=183"}],"curies":[{"name":"wp","href":"https:\/\/api.w.org\/{rel}","templated":true}]}}