{"id":287,"date":"2017-07-10T11:46:40","date_gmt":"2017-07-10T14:46:40","guid":{"rendered":"http:\/\/www.professores.uff.br\/sergiolicanic\/?page_id=287"},"modified":"2019-12-06T21:46:33","modified_gmt":"2019-12-07T00:46:33","slug":"equacoes-diferenciais-ordinarias-1o-semestre-2017","status":"publish","type":"page","link":"https:\/\/www.professores.uff.br\/sergio\/teaching\/disciplinas\/equacoes-diferenciais-ordinarias-1o-semestre-2017\/","title":{"rendered":"Equa\u00e7\u00f5es Diferenciais Ordin\u00e1rias &#8211; 1\u00ba Semestre 2017"},"content":{"rendered":"<p><strong>Ementa<\/strong> <a href=\"http:\/\/www.professores.uff.br\/sergiolicanic\/wp-content\/uploads\/sites\/4\/2017\/07\/Programa-EDO-GMA00112-5.pdf\">GMA<\/a><\/p>\n<hr>\n<p><strong>Atendimento:<\/strong> quintas feiras 20:00-21:00. Na minha sala; 5 andar IM-UFF.<\/p>\n<hr>\n<p><strong>Datas das Provas:<\/strong><\/p>\n\n<table id=\"tablepress-15\" class=\"tablepress tablepress-id-15\">\n<thead>\n<tr class=\"row-1\">\n\t<th class=\"column-1\">AVALIA\u00c7\u00c3O<\/th><th class=\"column-2\">DATA<\/th>\n<\/tr>\n<\/thead>\n<tbody class=\"row-striping row-hover\">\n<tr class=\"row-2\">\n\t<td class=\"column-1\">Prova1<\/td><td class=\"column-2\">24\/09\/19<\/td>\n<\/tr>\n<tr class=\"row-3\">\n\t<td class=\"column-1\">Prova2<\/td><td class=\"column-2\">26\/11\/19<\/td>\n<\/tr>\n<tr class=\"row-4\">\n\t<td class=\"column-1\">VR<\/td><td class=\"column-2\">03\/12\/19<\/td>\n<\/tr>\n<tr class=\"row-5\">\n\t<td class=\"column-1\">VS<\/td><td class=\"column-2\">10\/12\/19<\/td>\n<\/tr>\n<\/tbody>\n<\/table>\n<!-- #tablepress-15 from cache -->\n<hr>\n<p><strong>Listas de Exerc\u00edcios:<\/strong><\/p>\n<p><a href=\"http:\/\/www.professores.uff.br\/sergiolicanic\/wp-content\/uploads\/sites\/4\/2017\/07\/exerc1EDOdaUFF-2.pdf\">Lista 1<\/a><\/p>\n<p><a href=\"http:\/\/www.professores.uff.br\/sergiolicanic\/wp-content\/uploads\/sites\/4\/2017\/07\/exerc2EDOdaUFF-3.pdf\">Lista 2<\/a><\/p>\n<p><a href=\"http:\/\/www.professores.uff.br\/sergiolicanic\/wp-content\/uploads\/sites\/4\/2017\/07\/exerc3EDOdaUFF-3.pdf\">Lista 3<\/a><\/p>\n<p><a href=\"http:\/\/www.professores.uff.br\/sergiolicanic\/wp-content\/uploads\/sites\/4\/2017\/07\/exerc4EDOdaUFF-3.pdf\">Lista 4<\/a><\/p>\n<p><a href=\"http:\/\/www.professores.uff.br\/sergiolicanic\/wp-content\/uploads\/sites\/4\/2017\/07\/exerc5EDOdaUFF-3.pdf\">Lista 5<\/a><\/p>\n<p><a href=\"http:\/\/www.professores.uff.br\/sergiolicanic\/wp-content\/uploads\/sites\/4\/2017\/07\/exerc6EDOdaUFF-3.pdf\">Lista 6<\/a><\/p>\n","protected":false},"excerpt":{"rendered":"<p>Ementa GMA Atendimento: quintas feiras 20:00-21:00. Na minha sala; 5 andar IM-UFF. Datas das Provas: Listas de Exerc\u00edcios: Lista 1 Lista 2 Lista 3 Lista 4 Lista 5 Lista 6<\/p>\n","protected":false},"author":1,"featured_media":0,"parent":37,"menu_order":15,"comment_status":"closed","ping_status":"closed","template":"","meta":{"_exactmetrics_skip_tracking":false,"_exactmetrics_sitenote_active":false,"_exactmetrics_sitenote_note":"","_exactmetrics_sitenote_category":0,"footnotes":""},"categories":[18],"tags":[15,6],"class_list":["post-287","page","type-page","status-publish","hentry","category-paginas-do-menu-principal","tag-15","tag-edo"],"_links":{"self":[{"href":"https:\/\/www.professores.uff.br\/sergio\/wp-json\/wp\/v2\/pages\/287","targetHints":{"allow":["GET"]}}],"collection":[{"href":"https:\/\/www.professores.uff.br\/sergio\/wp-json\/wp\/v2\/pages"}],"about":[{"href":"https:\/\/www.professores.uff.br\/sergio\/wp-json\/wp\/v2\/types\/page"}],"author":[{"embeddable":true,"href":"https:\/\/www.professores.uff.br\/sergio\/wp-json\/wp\/v2\/users\/1"}],"replies":[{"embeddable":true,"href":"https:\/\/www.professores.uff.br\/sergio\/wp-json\/wp\/v2\/comments?post=287"}],"version-history":[{"count":3,"href":"https:\/\/www.professores.uff.br\/sergio\/wp-json\/wp\/v2\/pages\/287\/revisions"}],"predecessor-version":[{"id":560,"href":"https:\/\/www.professores.uff.br\/sergio\/wp-json\/wp\/v2\/pages\/287\/revisions\/560"}],"up":[{"embeddable":true,"href":"https:\/\/www.professores.uff.br\/sergio\/wp-json\/wp\/v2\/pages\/37"}],"wp:attachment":[{"href":"https:\/\/www.professores.uff.br\/sergio\/wp-json\/wp\/v2\/media?parent=287"}],"wp:term":[{"taxonomy":"category","embeddable":true,"href":"https:\/\/www.professores.uff.br\/sergio\/wp-json\/wp\/v2\/categories?post=287"},{"taxonomy":"post_tag","embeddable":true,"href":"https:\/\/www.professores.uff.br\/sergio\/wp-json\/wp\/v2\/tags?post=287"}],"curies":[{"name":"wp","href":"https:\/\/api.w.org\/{rel}","templated":true}]}}