{"id":415,"date":"2017-08-06T18:13:35","date_gmt":"2017-08-06T21:13:35","guid":{"rendered":"http:\/\/www.professores.uff.br\/sergio\/?page_id=415"},"modified":"2017-12-10T13:16:09","modified_gmt":"2017-12-10T15:16:09","slug":"calculo-ia-segundo-semestre-2017","status":"publish","type":"page","link":"https:\/\/www.professores.uff.br\/sergio\/teaching\/calculo-ia-segundo-semestre-2017\/","title":{"rendered":"CALCULO IA segundo semestre 2017"},"content":{"rendered":"<h4><\/h4>\n<h4><\/h4>\n<h4><strong><a href=\"http:\/\/www.professores.uff.br\/sergio\/wp-content\/uploads\/sites\/4\/2017\/08\/NOTAS-Calculo-1A-ambas-turmas-2-SEMESTRE-2017.pdf\">NOTAS Calculo 1A ambas turmas 2 SEMESTRE 2017<\/a><\/strong><\/h4>\n<p>&nbsp;<\/p>\n<p><strong>Atendimento:<\/strong> 3 feiras no hor\u00e1rio 15:00-16:00 na minha sala do 4 andar no Bloco G do Gragoata.<\/p>\n<hr \/>\n<p><strong>Datas das Provas:<\/strong><\/p>\n<p>Primeira VE-peso 2:05\/10<br \/>\nSegunda VE-peso 3:07\/12<\/p>\n<p>Reposi\u00e7\u00e3o&#8211;12\/12 mat\u00e9ria toda ESTA PROVA \u00c9 ABERTA ESTE SEMESTRE<\/p>\n<p>VS&#8211;19\/12 mat\u00e9ria toda<\/p>\n<hr \/>\n<p><strong>Monitorias:<\/strong> ver \u00a0moodle<\/p>\n<p>&nbsp;<\/p>\n<hr \/>\n<p><strong>\u00a0<\/strong><\/p>\n<p><strong>Listas de Exerc\u00edcios (Em Pdf):<\/strong><\/p>\n\n<table id=\"tablepress-14\" class=\"tablepress tablepress-id-14\">\n<thead>\n<tr class=\"row-1\">\n\t<th class=\"column-1\">Lista de Exerc\u00edcios<\/th><td class=\"column-2\"><\/td>\n<\/tr>\n<\/thead>\n<tbody class=\"row-striping row-hover\">\n<tr class=\"row-2\">\n\t<td class=\"column-1\"><a href=\"http:\/\/www.professores.uff.br\/sergiolicanic\/wp-content\/uploads\/sites\/4\/2017\/07\/lista-01-calc-01-A-2008-1.pdf\"  target=\"_blank\" rel=\"noopener noreferrer\">Lista 1<\/a><\/td><td class=\"column-2\"><a href=\"http:\/\/www.professores.uff.br\/sergiolicanic\/wp-content\/uploads\/sites\/4\/2017\/07\/lista-10-calc-01-A-2008-1.pdf\"  target=\"_blank\" rel=\"noopener noreferrer\">Lista 10<\/a><\/td>\n<\/tr>\n<tr class=\"row-3\">\n\t<td class=\"column-1\"><a href=\"http:\/\/www.professores.uff.br\/sergiolicanic\/wp-content\/uploads\/sites\/4\/2017\/07\/lista-02-calc-01-A-2008-1.pdf\"  target=\"_blank\" rel=\"noopener noreferrer\">Lista 2<\/a><\/td><td class=\"column-2\"><a href=\"http:\/\/www.professores.uff.br\/sergiolicanic\/wp-content\/uploads\/sites\/4\/2017\/07\/lista-11-calc-01-A-2008-1.pdf\"  target=\"_blank\" rel=\"noopener noreferrer\">Lista 11<\/a><\/td>\n<\/tr>\n<tr class=\"row-4\">\n\t<td class=\"column-1\"><a href=\"http:\/\/www.professores.uff.br\/sergiolicanic\/wp-content\/uploads\/sites\/4\/2017\/07\/lista-03-calc-01-A-2008-1.pdf\"  target=\"_blank\" rel=\"noopener noreferrer\">Lista 3<\/a><\/td><td class=\"column-2\"><a href=\"http:\/\/www.professores.uff.br\/sergiolicanic\/wp-content\/uploads\/sites\/4\/2017\/07\/lista-12-calc-01-A-2008-1.pdf\"  target=\"_blank\" rel=\"noopener noreferrer\">Lista 12<\/a><\/td>\n<\/tr>\n<tr class=\"row-5\">\n\t<td class=\"column-1\"><a href=\"http:\/\/www.professores.uff.br\/sergiolicanic\/wp-content\/uploads\/sites\/4\/2017\/07\/lista-04-calc-01-A-2008-1.pdf\"  target=\"_blank\" rel=\"noopener noreferrer\">Lista 4<\/a><\/td><td class=\"column-2\"><a href=\"http:\/\/www.professores.uff.br\/sergiolicanic\/wp-content\/uploads\/sites\/4\/2017\/07\/lista-13-calc-01-A-2008-1.pdf\"  target=\"_blank\" rel=\"noopener noreferrer\">Lista 13<\/a><\/td>\n<\/tr>\n<tr class=\"row-6\">\n\t<td class=\"column-1\"><a href=\"http:\/\/www.professores.uff.br\/sergiolicanic\/wp-content\/uploads\/sites\/4\/2017\/07\/lista-05-calc-01-A-2008-1.pdf\"  target=\"_blank\" rel=\"noopener noreferrer\">Lista 5<\/a><\/td><td class=\"column-2\"><a href=\"http:\/\/www.professores.uff.br\/sergiolicanic\/wp-content\/uploads\/sites\/4\/2017\/07\/lista-14-calc-01-A-2008-1.pdf\"  target=\"_blank\" rel=\"noopener noreferrer\">Lista 14<\/a><\/td>\n<\/tr>\n<tr class=\"row-7\">\n\t<td class=\"column-1\"><a href=\"http:\/\/www.professores.uff.br\/sergiolicanic\/wp-content\/uploads\/sites\/4\/2017\/07\/lista-06-calc-01-A-2008-1.pdf\"  target=\"_blank\" rel=\"noopener noreferrer\">Lista 6<\/a><\/td><td class=\"column-2\"><a href=\"http:\/\/www.professores.uff.br\/sergiolicanic\/wp-content\/uploads\/sites\/4\/2017\/07\/lista-15-calc-01-A-2008-1.pdf\"  target=\"_blank\" rel=\"noopener noreferrer\">Lista 15<\/a><\/td>\n<\/tr>\n<tr class=\"row-8\">\n\t<td class=\"column-1\"><a href=\"http:\/\/www.professores.uff.br\/sergiolicanic\/wp-content\/uploads\/sites\/4\/2017\/07\/lista-07-calc-01-A-2008-1.pdf\"  target=\"_blank\" rel=\"noopener noreferrer\">Lista 7<\/a><\/td><td class=\"column-2\"><a href=\"http:\/\/www.professores.uff.br\/sergiolicanic\/wp-content\/uploads\/sites\/4\/2017\/07\/lista-16-calc-01-A-2008-1.pdf\"  target=\"_blank\" rel=\"noopener noreferrer\">Lista 16<\/a><\/td>\n<\/tr>\n<tr class=\"row-9\">\n\t<td class=\"column-1\"><a href=\"http:\/\/www.professores.uff.br\/sergiolicanic\/wp-content\/uploads\/sites\/4\/2017\/07\/lista-08-calc-01-A-2008-1.pdf\"  target=\"_blank\" rel=\"noopener noreferrer\">Lista 8<\/a><\/td><td class=\"column-2\"><a href=\"http:\/\/www.professores.uff.br\/sergiolicanic\/wp-content\/uploads\/sites\/4\/2017\/07\/lista-17-calc-01-A-2008-1.pdf\"  target=\"_blank\" rel=\"noopener noreferrer\">Lista 17<\/a><\/td>\n<\/tr>\n<tr class=\"row-10\">\n\t<td class=\"column-1\"><a href=\"http:\/\/www.professores.uff.br\/sergiolicanic\/wp-content\/uploads\/sites\/4\/2017\/07\/lista-09-calc-01-A-2008-1.pdf\"  target=\"_blank\" rel=\"noopener noreferrer\">Lista 9<\/a><\/td><td class=\"column-2\"><a href=\"http:\/\/www.professores.uff.br\/sergiolicanic\/wp-content\/uploads\/sites\/4\/2017\/07\/lista-18-calc-01-A-2008-1.pdf \"  target=\"_blank\" rel=\"noopener noreferrer\">Lista 18<\/a><\/td>\n<\/tr>\n<\/tbody>\n<\/table>\n<!-- #tablepress-14 from cache -->\n<p>&nbsp;<\/p>\n<p>Listas de exerc\u00edcios, programa oficial do curso e outras informa\u00e7\u00f5es, como<br \/>\nbibliografia completa, acesse o site do GMA: http:\/\/www.gma.uff.br\/<\/p>\n<p>&nbsp;<\/p>\n<hr \/>\n<p><strong><span style=\"color: #ff0000\"> moodle para o curso de c\u00e1lculo I 2016-1.<\/span><\/strong><\/p>\n<p><a href=\"http:\/\/www.cead.uff.br\/ead\/login\/index.php\">http:\/\/www.cead.uff.br\/ead\/login\/index.php<\/a><\/p>\n<p>&nbsp;<\/p>\n<p>Vamos ter o CT do C\u00e1lculo \u00e0s sextas-feiras. S\u00e3o encontros para estudo orientado e d\u00favidas com os alunos. Teremos dois hor\u00e1rios 11 as 13h e 14 as16h. Os professores da equipe e outros do departamento ser\u00e3o convidados a participar e faremos um rod\u00edzio.<br \/>\nAs inscri\u00e7\u00f5es dos alunos interessados ser\u00e3o em duas etapas. A primeira pelo link<\/p>\n<p>https:\/\/goo.gl\/forms\/So8XpdXlV2g2eodk1<\/p>\n<p>E a segunda na pr\u00f3xima sexta presencialmente na sala que divulgaremos em breve, onde daremos in\u00edcio ao projeto. O aluno dever\u00e1 comparecer no hor\u00e1rio pretendido para confirmar a inscri\u00e7\u00e3o e j\u00e1 come\u00e7aremos o estudo.<\/p>\n<p>SALA do CT: na Praia Vermelha bloco H salas 201 e 205<\/p>\n","protected":false},"excerpt":{"rendered":"<p>NOTAS Calculo 1A ambas turmas 2 SEMESTRE 2017 &nbsp; Atendimento: 3 feiras no hor\u00e1rio 15:00-16:00 na minha sala do 4 andar no Bloco G do Gragoata. Datas das Provas: Primeira VE-peso 2:05\/10 Segunda VE-peso 3:07\/12 Reposi\u00e7\u00e3o&#8211;12\/12 mat\u00e9ria toda ESTA PROVA \u00c9 ABERTA ESTE SEMESTRE VS&#8211;19\/12 mat\u00e9ria toda Monitorias: ver \u00a0moodle &nbsp; \u00a0 Listas de Exerc\u00edcios [&hellip;]<\/p>\n","protected":false},"author":6,"featured_media":0,"parent":12,"menu_order":0,"comment_status":"closed","ping_status":"closed","template":"","meta":{"_exactmetrics_skip_tracking":false,"_exactmetrics_sitenote_active":false,"_exactmetrics_sitenote_note":"","_exactmetrics_sitenote_category":0,"footnotes":""},"categories":[18],"tags":[15,17],"class_list":["post-415","page","type-page","status-publish","hentry","category-paginas-do-menu-principal","tag-15","tag-calculo-ia"],"_links":{"self":[{"href":"https:\/\/www.professores.uff.br\/sergio\/wp-json\/wp\/v2\/pages\/415","targetHints":{"allow":["GET"]}}],"collection":[{"href":"https:\/\/www.professores.uff.br\/sergio\/wp-json\/wp\/v2\/pages"}],"about":[{"href":"https:\/\/www.professores.uff.br\/sergio\/wp-json\/wp\/v2\/types\/page"}],"author":[{"embeddable":true,"href":"https:\/\/www.professores.uff.br\/sergio\/wp-json\/wp\/v2\/users\/6"}],"replies":[{"embeddable":true,"href":"https:\/\/www.professores.uff.br\/sergio\/wp-json\/wp\/v2\/comments?post=415"}],"version-history":[{"count":17,"href":"https:\/\/www.professores.uff.br\/sergio\/wp-json\/wp\/v2\/pages\/415\/revisions"}],"predecessor-version":[{"id":479,"href":"https:\/\/www.professores.uff.br\/sergio\/wp-json\/wp\/v2\/pages\/415\/revisions\/479"}],"up":[{"embeddable":true,"href":"https:\/\/www.professores.uff.br\/sergio\/wp-json\/wp\/v2\/pages\/12"}],"wp:attachment":[{"href":"https:\/\/www.professores.uff.br\/sergio\/wp-json\/wp\/v2\/media?parent=415"}],"wp:term":[{"taxonomy":"category","embeddable":true,"href":"https:\/\/www.professores.uff.br\/sergio\/wp-json\/wp\/v2\/categories?post=415"},{"taxonomy":"post_tag","embeddable":true,"href":"https:\/\/www.professores.uff.br\/sergio\/wp-json\/wp\/v2\/tags?post=415"}],"curies":[{"name":"wp","href":"https:\/\/api.w.org\/{rel}","templated":true}]}}