{"id":6,"date":"2017-07-07T09:45:51","date_gmt":"2017-07-07T12:45:51","guid":{"rendered":"http:\/\/www.professores.uff.br\/sergiolicanic\/?page_id=6"},"modified":"2017-07-10T12:33:27","modified_gmt":"2017-07-10T15:33:27","slug":"academic-background","status":"publish","type":"page","link":"https:\/\/www.professores.uff.br\/sergio\/academic-background\/","title":{"rendered":"Academic Background"},"content":{"rendered":"<p>&nbsp;<\/p>\n<p><strong>P\u00f3s-gradua\u00e7\u00e3o:<\/strong><\/p>\n<p>DOUTOR (PhD) ,<br \/>\n<a href=\"https:\/\/impa.br\/\" target=\"_blank\" rel=\"noopener noreferrer\">IMPA(Instituto Nacional de Matem\u00e1tica Pura e Aplicada)<\/a><br \/>\nRIO DE JANEIRO.<\/p>\n<p><strong>Gradua\u00e7\u00e3o:<\/strong><\/p>\n<p>Facultad de Ciencias Exactas y Naturales<br \/>\nUNIVERSIDAD DE BUENOS AIRES<br \/>\nARGENTINA<\/p>\n","protected":false},"excerpt":{"rendered":"<p>&nbsp; P\u00f3s-gradua\u00e7\u00e3o: DOUTOR (PhD) , IMPA(Instituto Nacional de Matem\u00e1tica Pura e Aplicada) RIO DE JANEIRO. Gradua\u00e7\u00e3o: Facultad de Ciencias Exactas y Naturales UNIVERSIDAD DE BUENOS AIRES ARGENTINA<\/p>\n","protected":false},"author":1,"featured_media":0,"parent":0,"menu_order":0,"comment_status":"closed","ping_status":"closed","template":"","meta":{"_exactmetrics_skip_tracking":false,"_exactmetrics_sitenote_active":false,"_exactmetrics_sitenote_note":"","_exactmetrics_sitenote_category":0,"footnotes":""},"categories":[18],"tags":[],"class_list":["post-6","page","type-page","status-publish","hentry","category-paginas-do-menu-principal"],"_links":{"self":[{"href":"https:\/\/www.professores.uff.br\/sergio\/wp-json\/wp\/v2\/pages\/6","targetHints":{"allow":["GET"]}}],"collection":[{"href":"https:\/\/www.professores.uff.br\/sergio\/wp-json\/wp\/v2\/pages"}],"about":[{"href":"https:\/\/www.professores.uff.br\/sergio\/wp-json\/wp\/v2\/types\/page"}],"author":[{"embeddable":true,"href":"https:\/\/www.professores.uff.br\/sergio\/wp-json\/wp\/v2\/users\/1"}],"replies":[{"embeddable":true,"href":"https:\/\/www.professores.uff.br\/sergio\/wp-json\/wp\/v2\/comments?post=6"}],"version-history":[{"count":2,"href":"https:\/\/www.professores.uff.br\/sergio\/wp-json\/wp\/v2\/pages\/6\/revisions"}],"predecessor-version":[{"id":36,"href":"https:\/\/www.professores.uff.br\/sergio\/wp-json\/wp\/v2\/pages\/6\/revisions\/36"}],"wp:attachment":[{"href":"https:\/\/www.professores.uff.br\/sergio\/wp-json\/wp\/v2\/media?parent=6"}],"wp:term":[{"taxonomy":"category","embeddable":true,"href":"https:\/\/www.professores.uff.br\/sergio\/wp-json\/wp\/v2\/categories?post=6"},{"taxonomy":"post_tag","embeddable":true,"href":"https:\/\/www.professores.uff.br\/sergio\/wp-json\/wp\/v2\/tags?post=6"}],"curies":[{"name":"wp","href":"https:\/\/api.w.org\/{rel}","templated":true}]}}