{"id":88,"date":"2017-07-07T16:59:31","date_gmt":"2017-07-07T19:59:31","guid":{"rendered":"http:\/\/www.professores.uff.br\/sergiolicanic\/?page_id=88"},"modified":"2017-07-10T12:34:45","modified_gmt":"2017-07-10T15:34:45","slug":"gma-00099-equacoes-diferenciais-i","status":"publish","type":"page","link":"https:\/\/www.professores.uff.br\/sergio\/teaching\/disciplinas\/gma-00099-equacoes-diferenciais-i\/","title":{"rendered":"GMA 00099, EQUA\u00c7\u00d5ES DIFERENCIAIS I &#8211; 1\u00ba Semestre &#8211; 2013"},"content":{"rendered":"<p>&nbsp;<\/p>\n<p><strong>Programa:<\/strong> DEFINI\u00c7\u00c3O. CLASSIFICA\u00c7\u00c3O. ORDEM E GRAU. CURVAS INTEGRAIS. EQUA\u00c7\u00d5ES DIFERENCIAIS DE PRIMEIRA ORDEM E PRIMEIRO GRAU: EQUA\u00c7\u00d5ES DE VARI\u00c1VEIS SEPAR\u00c1VEIS, EQUA\u00c7\u00d5ES HOMOG\u00caNEAS, EQUA\u00c7\u00d5ES LINEARES, FATOR INTEGRANTE, EQUA\u00c7\u00d5ES EXATAS, EQUA\u00c7\u00d5ES DE BERNOULLI E RICCATI. APLICA\u00c7\u00d5ES \u00c0 ECONOMIA, F\u00cdSICA E MEC\u00c2NICA. EQUA\u00c7\u00d5ES DE PRIMEIRA ORDEM E GRAU DIFERENTE DE UM: CLAIRANT E LAGRANGE. EQUA\u00c7\u00d5ES DE ORDEM SUPERIOR \u00c0 PRIMEIRA: EQUA\u00c7\u00d5ES LINEARES DE ORDEM N. EQUA\u00c7\u00d5ES HOMOG\u00caNEAS E N\u00c3O HOMOG\u00caNEAS. M\u00c9TODO DOS COEFICIENTES A DETERMINAR. M\u00c9TODO DA VARIA\u00c7\u00c3O DOS PAR\u00c2METROS. EQUA\u00c7\u00d5ES LINEARES COM COEFICIENTES VARI\u00c1VEIS: EQUA\u00c7\u00d5ES DE EULER E CAUCHY.<\/p>\n<p><strong>Bibliografia:<\/strong><\/p>\n<ol>\n<li>Stewart, James; C\u00e1lculo; Cengage Learning, 6\u00aa edi\u00e7\u00e3o, 2009.<\/li>\n<li>Zill, Dennis G. Cullen, Equa\u00e7\u00f5es Diferenciais, Vol. 1, Editora Makrow Books, 3\u00aa edi\u00e7\u00e3o, 2005.<\/li>\n<li>Boyce, William E. e DiPrima, Richard C. Equa\u00e7\u00f5es Diferenciais Elementares e Problemas de Valores de Contorno, Editora LTC, 6\u00aa edi\u00e7\u00e3o, 1998.<\/li>\n<\/ol>\n<hr \/>\n<p><strong>Monitorias:<\/strong> olhar quadro de hor\u00e1rios no 5\u00ba andar<\/p>\n<hr \/>\n<p><strong>Datas das Provas:<\/strong><\/p>\n<p>ATEN\u00c7\u00c3O: S\u00c3O DUAS PROVAS.<br \/>\nTEREMOS UMA PROVA VS e uma VR (conteudo Todo o visto)<\/p>\n\n<table id=\"tablepress-4\" class=\"tablepress tablepress-id-4\">\n<thead>\n<tr class=\"row-1\">\n\t<th class=\"column-1\">AVALIA\u00c7\u00c3O <\/th><th class=\"column-2\">DATA<\/th>\n<\/tr>\n<\/thead>\n<tbody class=\"row-striping row-hover\">\n<tr class=\"row-2\">\n\t<td class=\"column-1\">Prova1 (peso2 )<\/td><td class=\"column-2\">18\/06<\/td>\n<\/tr>\n<tr class=\"row-3\">\n\t<td class=\"column-1\">Prova2  (peso3)<\/td><td class=\"column-2\">23\/07<\/td>\n<\/tr>\n<tr class=\"row-4\">\n\t<td class=\"column-1\">VR<\/td><td class=\"column-2\">30\/07<\/td>\n<\/tr>\n<tr class=\"row-5\">\n\t<td class=\"column-1\">VS<\/td><td class=\"column-2\">06\/08<\/td>\n<\/tr>\n<\/tbody>\n<\/table>\n\n<p>Listas de Exerc\u00edcios:\u00a0\u00a0\u00a0\u00a0\u00a0\u00a0\u00a0\u00a0\u00a0\u00a0\u00a0\u00a0\u00a0\u00a0 <a href=\"http:\/\/www.professores.uff.br\/sergiolicanic\/wp-content\/uploads\/sites\/4\/2017\/07\/VRED1-Primeiro-Semestre-2013.pdf\">NOTASVR<\/a><\/p>\n<p><a href=\"http:\/\/www.professores.uff.br\/sergiolicanic\/wp-content\/uploads\/sites\/4\/2017\/07\/lista-08-calc-02A-2010-2.pdf\">lista 08 calc 02A 2010-2<\/a><\/p>\n<p><a href=\"http:\/\/www.professores.uff.br\/sergiolicanic\/wp-content\/uploads\/sites\/4\/2017\/07\/lista-09-calc-02A-2010_2.pdf\">lista 09 calc 02A 2010_2<\/a><\/p>\n<p><a href=\"http:\/\/www.professores.uff.br\/sergiolicanic\/wp-content\/uploads\/sites\/4\/2017\/07\/lista-10-calc-02A-2010_2.pdf\">lista 10 calc 02A 2010_2<\/a><\/p>\n<p><a href=\"http:\/\/www.professores.uff.br\/sergiolicanic\/wp-content\/uploads\/sites\/4\/2017\/07\/lista-11-calc-02A-2010_2.pdf\">lista 11 calc 02A 2010_2<\/a><\/p>\n<p><a href=\"http:\/\/www.professores.uff.br\/sergiolicanic\/wp-content\/uploads\/sites\/4\/2017\/07\/lista-12_calc-02A-2010_2.pdf\">lista 12_calc 02A 2010_2<\/a><\/p>\n<p><a href=\"http:\/\/www.professores.uff.br\/sergiolicanic\/wp-content\/uploads\/sites\/4\/2017\/07\/lista-13_calc-02A-2010_2.pdf\">lista 13_calc 02A 2010_2<\/a><\/p>\n<p><a href=\"http:\/\/www.professores.uff.br\/sergiolicanic\/wp-content\/uploads\/sites\/4\/2017\/07\/lista-14_calc-02A-2010_2.pdf\">lista 14_calc 02A 2010_2<\/a><\/p>\n<p>&nbsp;<\/p>\n","protected":false},"excerpt":{"rendered":"<p>&nbsp; Programa: DEFINI\u00c7\u00c3O. CLASSIFICA\u00c7\u00c3O. ORDEM E GRAU. CURVAS INTEGRAIS. EQUA\u00c7\u00d5ES DIFERENCIAIS DE PRIMEIRA ORDEM E PRIMEIRO GRAU: EQUA\u00c7\u00d5ES DE VARI\u00c1VEIS SEPAR\u00c1VEIS, EQUA\u00c7\u00d5ES HOMOG\u00caNEAS, EQUA\u00c7\u00d5ES LINEARES, FATOR INTEGRANTE, EQUA\u00c7\u00d5ES EXATAS, EQUA\u00c7\u00d5ES DE BERNOULLI E RICCATI. APLICA\u00c7\u00d5ES \u00c0 ECONOMIA, F\u00cdSICA E MEC\u00c2NICA. EQUA\u00c7\u00d5ES DE PRIMEIRA ORDEM E GRAU DIFERENTE DE UM: CLAIRANT E LAGRANGE. EQUA\u00c7\u00d5ES DE ORDEM [&hellip;]<\/p>\n","protected":false},"author":1,"featured_media":0,"parent":37,"menu_order":3,"comment_status":"closed","ping_status":"closed","template":"","meta":{"_exactmetrics_skip_tracking":false,"_exactmetrics_sitenote_active":false,"_exactmetrics_sitenote_note":"","_exactmetrics_sitenote_category":0,"footnotes":""},"categories":[18],"tags":[4],"class_list":["post-88","page","type-page","status-publish","hentry","category-paginas-do-menu-principal","tag-4"],"_links":{"self":[{"href":"https:\/\/www.professores.uff.br\/sergio\/wp-json\/wp\/v2\/pages\/88","targetHints":{"allow":["GET"]}}],"collection":[{"href":"https:\/\/www.professores.uff.br\/sergio\/wp-json\/wp\/v2\/pages"}],"about":[{"href":"https:\/\/www.professores.uff.br\/sergio\/wp-json\/wp\/v2\/types\/page"}],"author":[{"embeddable":true,"href":"https:\/\/www.professores.uff.br\/sergio\/wp-json\/wp\/v2\/users\/1"}],"replies":[{"embeddable":true,"href":"https:\/\/www.professores.uff.br\/sergio\/wp-json\/wp\/v2\/comments?post=88"}],"version-history":[{"count":5,"href":"https:\/\/www.professores.uff.br\/sergio\/wp-json\/wp\/v2\/pages\/88\/revisions"}],"predecessor-version":[{"id":302,"href":"https:\/\/www.professores.uff.br\/sergio\/wp-json\/wp\/v2\/pages\/88\/revisions\/302"}],"up":[{"embeddable":true,"href":"https:\/\/www.professores.uff.br\/sergio\/wp-json\/wp\/v2\/pages\/37"}],"wp:attachment":[{"href":"https:\/\/www.professores.uff.br\/sergio\/wp-json\/wp\/v2\/media?parent=88"}],"wp:term":[{"taxonomy":"category","embeddable":true,"href":"https:\/\/www.professores.uff.br\/sergio\/wp-json\/wp\/v2\/categories?post=88"},{"taxonomy":"post_tag","embeddable":true,"href":"https:\/\/www.professores.uff.br\/sergio\/wp-json\/wp\/v2\/tags?post=88"}],"curies":[{"name":"wp","href":"https:\/\/api.w.org\/{rel}","templated":true}]}}