{"id":100,"date":"2017-10-04T19:35:25","date_gmt":"2017-10-04T22:35:25","guid":{"rendered":"http:\/\/www.professores.uff.br\/thiagofassarella\/?page_id=100"},"modified":"2023-07-07T10:29:06","modified_gmt":"2023-07-07T13:29:06","slug":"ensino","status":"publish","type":"page","link":"https:\/\/www.professores.uff.br\/thiagofassarella\/ensino\/","title":{"rendered":"Ensino"},"content":{"rendered":"\n<p><\/p>\n\n\n<p>\u00a0<\/p>\n<hr \/>\n<h4 class=\"western\" style=\"text-align: center\"><span style=\"color: #000000\"><span style=\"font-family: Georgia, 'Times New Roman', 'Bitstream Charter', Times, serif\"><span style=\"font-size: medium\">Disciplinas Ministradas<\/span><\/span><\/span><\/h4>\n<h6>2023-1: Introdu\u00e7\u00e3o a Topologia (mestrado) e L\u00f3gica, N\u00fameros e Fun\u00e7\u00f5es (gradua\u00e7\u00e3o)<\/h6>\n<h6>2022-2: Teoria de Galois (gradua\u00e7\u00e3o) e\u00a0 \u00c1lgebra 1 (gradua\u00e7\u00e3o)<\/h6>\n<h6>2022-1: \u00c1lgebra Grupos (gradua\u00e7\u00e3o) e An\u00e1lise Real (gradua\u00e7\u00e3o)<\/h6>\n<h6>2021-2: Geometria Alg\u00e9brica 3 (doutorado) e \u00c1lgebra 2 (gradua\u00e7\u00e3o)<\/h6>\n<h6>2021-1: \u00c1lgebra 2 (gradua\u00e7\u00e3o) e An\u00e1lise no R^n (gradua\u00e7\u00e3o)\u00a0<\/h6>\n<h6>2020-2: \u00c1lgebra Grupos (gradua\u00e7\u00e3o) e An\u00e1lise no R^n (gradua\u00e7\u00e3o)\u00a0<\/h6>\n<h6>2020-1: \u00c1lgebra Grupos (gradua\u00e7\u00e3o) e An\u00e1lise Complexa (Mestrado)<\/h6>\n<h6>2019-2: Espa\u00e7os M\u00e9tricos (gradua\u00e7\u00e3o) e Fun\u00e7\u00f5es Complexas (gradua\u00e7\u00e3o)<\/h6>\n<h6>2019-1: An\u00e1lise 3 (gradua\u00e7\u00e3o) e An\u00e1lise 3 (gradua\u00e7\u00e3o)<\/h6>\n<h6>2018-2: \u00c1lgebra Linear 1 (gradua\u00e7\u00e3o) e \u00c1lgebra 3 (gradua\u00e7\u00e3o)<\/h6>\n<h6>2018-1:\u00a0 \u00c1lgebra 2 (gradua\u00e7\u00e3o)\u00a0<\/h6>\n<h6>Ver\u00e3o 2018: Curvas Alg\u00e9bricas Planas (mestrado\/doutorado)<\/h6>\n<h6>2017-2: \u00c1lgebra Linear 2 (gradua\u00e7\u00e3o) e E.D.O no Dom\u00ednio Complexo\u00a0<\/h6>\n<h6>2017-1: An\u00e1lise 3 (gradua\u00e7\u00e3o) e E.D.O. (gradua\u00e7\u00e3o)<\/h6>\n<h6>2016-2: \u00c1lgebra Linear Aplicada (gradua\u00e7\u00e3o) e T\u00f3picos de Doutorado (doutorado)<\/h6>\n<h6>2016-1: An\u00e1lise 3 (gradua\u00e7\u00e3o) e\u00a0 Superf\u00edcies de Riemann (doutorado)<\/h6>\n<h6>2014-1: An\u00e1lise 2 (gradua\u00e7\u00e3o) e E.D.O. (gradua\u00e7\u00e3o)<\/h6>\n<h6>2013-2: An\u00e1lise 2 (mestrado) e An\u00e1lise 3 (gradua\u00e7\u00e3o)<\/h6>\n<h6>2013-1: An\u00e1lise Funcional (gradua\u00e7\u00e3o) e \u00c1lgebra Linear (gradua\u00e7\u00e3o)<\/h6>\n<h6>2012-2: Espa\u00e7os M\u00e9tricos (gradua\u00e7\u00e3o) e An\u00e1lise 3 (gradua\u00e7\u00e3o)<\/h6>\n<h6>2012-1: Fun\u00e7\u00f5es Complexas (gradua\u00e7\u00e3o)<\/h6>\n<h6>Ver\u00e3o 2012: An\u00e1lise Complexa (mestrado)<\/h6>\n<h6>2011-2: Espa\u00e7os M\u00e9tricos (gradua\u00e7\u00e3o) e An\u00e1lise 3 (gradua\u00e7\u00e3o)<\/h6>\n<h6>2011-1: \u00c1lgebra Linear (gradua\u00e7\u00e3o) e \u00c1lgebra Linear 2 (gradua\u00e7\u00e3o)<\/h6>\n<h6>2010-2: Geometria Alg\u00e9brica 2 (doutorado)<\/h6>\n<h6>2010-1: An\u00e1lise 1 (gradua\u00e7\u00e3o) e \u00c1lgebra Linear (gradua\u00e7\u00e3o)<\/h6>\n<h6>Ver\u00e3o 2010: Introdu\u00e7\u00e3o \u00e0 Geometria Alg\u00e9brica (doutorado)<\/h6>\n<h6>2009-2: \u00c1lgebra Linear (gradua\u00e7\u00e3o) e Matem\u00e1tica para Economia 2 (gradua\u00e7\u00e3o)<\/h6>\n<h6><span style=\"color: #000000\">\u00a0<\/span><\/h6>\n\n\n<p><\/p>\n","protected":false},"excerpt":{"rendered":"<p>\u00a0 Disciplinas Ministradas 2023-1: Introdu\u00e7\u00e3o a Topologia (mestrado) e L\u00f3gica, N\u00fameros e Fun\u00e7\u00f5es (gradua\u00e7\u00e3o) 2022-2: Teoria de Galois (gradua\u00e7\u00e3o) e\u00a0 \u00c1lgebra 1 (gradua\u00e7\u00e3o) 2022-1: \u00c1lgebra Grupos (gradua\u00e7\u00e3o) e An\u00e1lise Real (gradua\u00e7\u00e3o) 2021-2: Geometria Alg\u00e9brica 3 (doutorado) e \u00c1lgebra 2 (gradua\u00e7\u00e3o) 2021-1: \u00c1lgebra 2 (gradua\u00e7\u00e3o) e An\u00e1lise no R^n (gradua\u00e7\u00e3o)\u00a0 2020-2: \u00c1lgebra Grupos (gradua\u00e7\u00e3o) e An\u00e1lise [&hellip;]<\/p>\n","protected":false},"author":46,"featured_media":0,"parent":0,"menu_order":0,"comment_status":"closed","ping_status":"closed","template":"","meta":{"_exactmetrics_skip_tracking":false,"_exactmetrics_sitenote_active":false,"_exactmetrics_sitenote_note":"","_exactmetrics_sitenote_category":0,"footnotes":""},"categories":[],"tags":[],"class_list":["post-100","page","type-page","status-publish","hentry"],"_links":{"self":[{"href":"https:\/\/www.professores.uff.br\/thiagofassarella\/wp-json\/wp\/v2\/pages\/100","targetHints":{"allow":["GET"]}}],"collection":[{"href":"https:\/\/www.professores.uff.br\/thiagofassarella\/wp-json\/wp\/v2\/pages"}],"about":[{"href":"https:\/\/www.professores.uff.br\/thiagofassarella\/wp-json\/wp\/v2\/types\/page"}],"author":[{"embeddable":true,"href":"https:\/\/www.professores.uff.br\/thiagofassarella\/wp-json\/wp\/v2\/users\/46"}],"replies":[{"embeddable":true,"href":"https:\/\/www.professores.uff.br\/thiagofassarella\/wp-json\/wp\/v2\/comments?post=100"}],"version-history":[{"count":17,"href":"https:\/\/www.professores.uff.br\/thiagofassarella\/wp-json\/wp\/v2\/pages\/100\/revisions"}],"predecessor-version":[{"id":301,"href":"https:\/\/www.professores.uff.br\/thiagofassarella\/wp-json\/wp\/v2\/pages\/100\/revisions\/301"}],"wp:attachment":[{"href":"https:\/\/www.professores.uff.br\/thiagofassarella\/wp-json\/wp\/v2\/media?parent=100"}],"wp:term":[{"taxonomy":"category","embeddable":true,"href":"https:\/\/www.professores.uff.br\/thiagofassarella\/wp-json\/wp\/v2\/categories?post=100"},{"taxonomy":"post_tag","embeddable":true,"href":"https:\/\/www.professores.uff.br\/thiagofassarella\/wp-json\/wp\/v2\/tags?post=100"}],"curies":[{"name":"wp","href":"https:\/\/api.w.org\/{rel}","templated":true}]}}

<p></p>


<p> </p>
<hr />
<h4 class="western" style="text-align: center"><span style="color: #000000"><span style="font-family: Georgia, 'Times New Roman', 'Bitstream Charter', Times, serif"><span style="font-size: medium">Disciplinas Ministradas</span></span></span></h4>
<h6>2023-1: Introdução a Topologia (mestrado) e Lógica, Números e Funções (graduação)</h6>
<h6>2022-2: Teoria de Galois (graduação) e  Álgebra 1 (graduação)</h6>
<h6>2022-1: Álgebra Grupos (graduação) e Análise Real (graduação)</h6>
<h6>2021-2: Geometria Algébrica 3 (doutorado) e Álgebra 2 (graduação)</h6>
<h6>2021-1: Álgebra 2 (graduação) e Análise no R^n (graduação) </h6>
<h6>2020-2: Álgebra Grupos (graduação) e Análise no R^n (graduação) </h6>
<h6>2020-1: Álgebra Grupos (graduação) e Análise Complexa (Mestrado)</h6>
<h6>2019-2: Espaços Métricos (graduação) e Funções Complexas (graduação)</h6>
<h6>2019-1: Análise 3 (graduação) e Análise 3 (graduação)</h6>
<h6>2018-2: Álgebra Linear 1 (graduação) e Álgebra 3 (graduação)</h6>
<h6>2018-1:  Álgebra 2 (graduação) </h6>
<h6>Verão 2018: Curvas Algébricas Planas (mestrado/doutorado)</h6>
<h6>2017-2: Álgebra Linear 2 (graduação) e E.D.O no Domínio Complexo </h6>
<h6>2017-1: Análise 3 (graduação) e E.D.O. (graduação)</h6>
<h6>2016-2: Álgebra Linear Aplicada (graduação) e Tópicos de Doutorado (doutorado)</h6>
<h6>2016-1: Análise 3 (graduação) e  Superfícies de Riemann (doutorado)</h6>
<h6>2014-1: Análise 2 (graduação) e E.D.O. (graduação)</h6>
<h6>2013-2: Análise 2 (mestrado) e Análise 3 (graduação)</h6>
<h6>2013-1: Análise Funcional (graduação) e Álgebra Linear (graduação)</h6>
<h6>2012-2: Espaços Métricos (graduação) e Análise 3 (graduação)</h6>
<h6>2012-1: Funções Complexas (graduação)</h6>
<h6>Verão 2012: Análise Complexa (mestrado)</h6>
<h6>2011-2: Espaços Métricos (graduação) e Análise 3 (graduação)</h6>
<h6>2011-1: Álgebra Linear (graduação) e Álgebra Linear 2 (graduação)</h6>
<h6>2010-2: Geometria Algébrica 2 (doutorado)</h6>
<h6>2010-1: Análise 1 (graduação) e Álgebra Linear (graduação)</h6>
<h6>Verão 2010: Introdução à Geometria Algébrica (doutorado)</h6>
<h6>2009-2: Álgebra Linear (graduação) e Matemática para Economia 2 (graduação)</h6>
<h6><span style="color: #000000"> </span></h6>


<p></p>

<p>  Disciplinas Ministradas 2023-1: Introdução a Topologia (mestrado) e Lógica, Números e Funções (graduação) 2022-2: Teoria de Galois (graduação) e  Álgebra 1 (graduação) 2022-1: Álgebra Grupos (graduação) e Análise Real (graduação) 2021-2: Geometria Algébrica 3 (doutorado) e Álgebra 2 (graduação) 2021-1: Álgebra 2 (graduação) e Análise no R^n (graduação)  2020-2: Álgebra Grupos (graduação) e Análise [&hellip;]</p>
