{"id":101,"date":"2017-08-17T10:24:43","date_gmt":"2017-08-17T13:24:43","guid":{"rendered":"http:\/\/www.professores.uff.br\/tiberio\/?page_id=101"},"modified":"2020-06-02T19:47:51","modified_gmt":"2020-06-02T22:47:51","slug":"projeto-de-extensao-ii","status":"publish","type":"page","link":"https:\/\/www.professores.uff.br\/tiberio\/projeto-de-extensao-ii\/","title":{"rendered":"Projeto de Extens\u00e3o II"},"content":{"rendered":"<h4>Usando a metodologia Amateur Telescope Making (ATM) no ensino de Astronomia e F\u00edsica<\/h4>\n<p>Atualmente desenvolvo trabalho de estudo dirigido com 4 alunos de Ensino M\u00e9dio atrav\u00e9s de bolsa do Programa Jovens Talentos da FAPERJ. Neste projeto os alunos estudam os conceitos mais b\u00e1sicos da Astronomia, como o movimento das estrelas na esfera celeste, o movimento anual aparente do Sol, o uso do planisf\u00e9rio em observa\u00e7\u00f5es noturnas, os movimentos de rota\u00e7\u00e3o e transla\u00e7\u00e3o da Terra e suas implica\u00e7\u00f5es nas esta\u00e7\u00f5es do ano, a forma\u00e7\u00e3o do Sol e do Sistema Solar, as caracter\u00edsticas dos planetas no Sistema Solar e o conceitos b\u00e1sicos sobre forma\u00e7\u00e3o do Universo. No in\u00edcio deste projeto, os alunos responderam um question\u00e1rio de 40 perguntas de Astronomia, versando sobre os mais variados assuntos da \u00e1rea, com perguntas envolvendo temas hist\u00f3ricos, conceituais e observacionais da Astronomia. Ao final do primeiro semestre de atividades pretendemos aplicar novamente o mesmo teste com o intuito de avaliar o aprendizado e a fixa\u00e7\u00e3o do conte\u00fado abordado ao longo do estudo. Al\u00e9m disto, avaliaremos a evolu\u00e7\u00e3o das notas escolares de F\u00edsica e Matem\u00e1tica durante a execu\u00e7\u00e3o do projeto.<\/p>\n<p>Tal estudo ocorre atrav\u00e9s de encontros semanais, com aulas expositivas de duas horas, al\u00e9m de tarefas a serem realizadas ao longo da semana por parte dos alunos como leitura de textos did\u00e1ticos de Astronomia, v\u00eddeos de divulga\u00e7\u00e3o e elabora\u00e7\u00e3o de resumos. Nesta parte do projeto abordamos constantemente v\u00e1rios conceitos de F\u00edsica como \u00e1tomos, mol\u00e9culas, radia\u00e7\u00e3o, temperatura, press\u00e3o, volume, for\u00e7as, acelera\u00e7\u00e3o, gravidade, entre outros, e abordamos tais conceitos dentro das situa\u00e7\u00f5es casuais do cotidiano a t\u00edtulo de exemplifica\u00e7\u00e3o, trazendo a F\u00edsica da Astronomia para a realidade di\u00e1ria dos alunos.<\/p>\n<p>Al\u00e9m das atividades em sala de aula, estamos desenvolvendo outras atividades paralelas. Uma das atividades desenvolvidas \u00e9 o uso de observa\u00e7\u00f5es noturnas espor\u00e1dicas com uso de bin\u00f3culos e trip\u00e9. Assim conseguimos demonstrar de forma pr\u00e1tica o movimento das estrelas e a identifica\u00e7\u00e3o de constela\u00e7\u00f5es. Outra atividade desenvolvida \u00e9 a fabrica\u00e7\u00e3o de um telesc\u00f3pio newtoniano com abertura de 10cm de di\u00e2metro (tamb\u00e9m com a ajuda de alunos do curso de licenciatura em F\u00edsica do INFES), como forma de est\u00edmulo e de exemplifica\u00e7\u00e3o dos conceitos de F\u00edsica aprendidos na escola. Nesta parte, conceitos como reflex\u00e3o, refra\u00e7\u00e3o, espelhos planos, espelhos esf\u00e9ricos, lentes e \u00f3ptica em geral s\u00e3o outros temas de F\u00edsica frequentemente discutidos com os alunos. Tais conte\u00fados estudados na escola acabam por ser melhor compreendidos atrav\u00e9s da experimenta\u00e7\u00e3o. Infelizmente muitas escolas n\u00e3o apresentam laborat\u00f3rios did\u00e1ticos para o ensino de ci\u00eancias. De certa forma, o processo de constru\u00e7\u00e3o do telesc\u00f3pio amador supre parcialmente estas car\u00eancias, devido ao seu car\u00e1ter pr\u00e1tico, o que permite maior viv\u00eancia dos conceitos adquiridos e consequentemente melhor absor\u00e7\u00e3o. Este processo se mostra enriquecedor principalmente por ser uma forma n\u00e3o-tradicional muito interessante para a abordagem de conte\u00fados de F\u00edsica.<\/p>\n<h4>Fotos da montagem dos telesc\u00f3pios<\/h4>\n\n\t\t<style type=\"text\/css\">\n\t\t\t#gallery-1 {\n\t\t\t\tmargin: auto;\n\t\t\t}\n\t\t\t#gallery-1 .gallery-item {\n\t\t\t\tfloat: left;\n\t\t\t\tmargin-top: 10px;\n\t\t\t\ttext-align: center;\n\t\t\t\twidth: 25%;\n\t\t\t}\n\t\t\t#gallery-1 img {\n\t\t\t\tborder: 2px solid #cfcfcf;\n\t\t\t}\n\t\t\t#gallery-1 .gallery-caption {\n\t\t\t\tmargin-left: 0;\n\t\t\t}\n\t\t\t\/* see gallery_shortcode() in wp-includes\/media.php *\/\n\t\t<\/style>\n\t\t<div id='gallery-1' class='gallery galleryid-101 gallery-columns-4 gallery-size-thumbnail'><dl class='gallery-item'>\n\t\t\t<dt class='gallery-icon portrait'>\n\t\t\t\t<a href='https:\/\/www.professores.uff.br\/tiberio\/projeto-de-extensao-ii\/dsc03499\/'><img loading=\"lazy\" decoding=\"async\" width=\"150\" height=\"150\" src=\"https:\/\/www.professores.uff.br\/tiberio\/wp-content\/uploads\/sites\/89\/2017\/08\/DSC03499-150x150.jpg\" class=\"attachment-thumbnail size-thumbnail\" alt=\"\" \/><\/a>\n\t\t\t<\/dt><\/dl><dl class='gallery-item'>\n\t\t\t<dt class='gallery-icon landscape'>\n\t\t\t\t<a href='https:\/\/www.professores.uff.br\/tiberio\/projeto-de-extensao-ii\/dsc03500\/'><img loading=\"lazy\" decoding=\"async\" width=\"150\" height=\"150\" src=\"https:\/\/www.professores.uff.br\/tiberio\/wp-content\/uploads\/sites\/89\/2017\/08\/DSC03500-150x150.jpg\" class=\"attachment-thumbnail size-thumbnail\" alt=\"\" \/><\/a>\n\t\t\t<\/dt><\/dl><dl class='gallery-item'>\n\t\t\t<dt class='gallery-icon landscape'>\n\t\t\t\t<a href='https:\/\/www.professores.uff.br\/tiberio\/projeto-de-extensao-ii\/dsc03503\/'><img loading=\"lazy\" decoding=\"async\" width=\"150\" height=\"150\" src=\"https:\/\/www.professores.uff.br\/tiberio\/wp-content\/uploads\/sites\/89\/2017\/08\/DSC03503-150x150.jpg\" class=\"attachment-thumbnail size-thumbnail\" alt=\"\" \/><\/a>\n\t\t\t<\/dt><\/dl><dl class='gallery-item'>\n\t\t\t<dt class='gallery-icon portrait'>\n\t\t\t\t<a href='https:\/\/www.professores.uff.br\/tiberio\/projeto-de-extensao-ii\/dsc03506\/'><img loading=\"lazy\" decoding=\"async\" width=\"150\" height=\"150\" src=\"https:\/\/www.professores.uff.br\/tiberio\/wp-content\/uploads\/sites\/89\/2017\/08\/DSC03506-150x150.jpg\" class=\"attachment-thumbnail size-thumbnail\" alt=\"\" \/><\/a>\n\t\t\t<\/dt><\/dl><br style=\"clear: both\" \/><dl class='gallery-item'>\n\t\t\t<dt class='gallery-icon landscape'>\n\t\t\t\t<a href='https:\/\/www.professores.uff.br\/tiberio\/projeto-de-extensao-ii\/dsc03507\/'><img loading=\"lazy\" decoding=\"async\" width=\"150\" height=\"150\" src=\"https:\/\/www.professores.uff.br\/tiberio\/wp-content\/uploads\/sites\/89\/2017\/08\/DSC03507-150x150.jpg\" class=\"attachment-thumbnail size-thumbnail\" alt=\"\" \/><\/a>\n\t\t\t<\/dt><\/dl><dl class='gallery-item'>\n\t\t\t<dt class='gallery-icon portrait'>\n\t\t\t\t<a href='https:\/\/www.professores.uff.br\/tiberio\/projeto-de-extensao-ii\/dsc03509\/'><img loading=\"lazy\" decoding=\"async\" width=\"150\" height=\"150\" src=\"https:\/\/www.professores.uff.br\/tiberio\/wp-content\/uploads\/sites\/89\/2017\/08\/DSC03509-150x150.jpg\" class=\"attachment-thumbnail size-thumbnail\" alt=\"\" \/><\/a>\n\t\t\t<\/dt><\/dl><dl class='gallery-item'>\n\t\t\t<dt class='gallery-icon portrait'>\n\t\t\t\t<a href='https:\/\/www.professores.uff.br\/tiberio\/projeto-de-extensao-ii\/dsc03510\/'><img loading=\"lazy\" decoding=\"async\" width=\"150\" height=\"150\" src=\"https:\/\/www.professores.uff.br\/tiberio\/wp-content\/uploads\/sites\/89\/2017\/08\/DSC03510-150x150.jpg\" class=\"attachment-thumbnail size-thumbnail\" alt=\"\" \/><\/a>\n\t\t\t<\/dt><\/dl><dl class='gallery-item'>\n\t\t\t<dt class='gallery-icon landscape'>\n\t\t\t\t<a href='https:\/\/www.professores.uff.br\/tiberio\/projeto-de-extensao-ii\/dsc03511\/'><img loading=\"lazy\" decoding=\"async\" width=\"150\" height=\"150\" src=\"https:\/\/www.professores.uff.br\/tiberio\/wp-content\/uploads\/sites\/89\/2017\/08\/DSC03511-150x150.jpg\" class=\"attachment-thumbnail size-thumbnail\" alt=\"\" \/><\/a>\n\t\t\t<\/dt><\/dl><br style=\"clear: both\" \/><dl class='gallery-item'>\n\t\t\t<dt class='gallery-icon landscape'>\n\t\t\t\t<a href='https:\/\/www.professores.uff.br\/tiberio\/projeto-de-extensao-ii\/dsc03512\/'><img loading=\"lazy\" decoding=\"async\" width=\"150\" height=\"150\" src=\"https:\/\/www.professores.uff.br\/tiberio\/wp-content\/uploads\/sites\/89\/2017\/08\/DSC03512-150x150.jpg\" class=\"attachment-thumbnail size-thumbnail\" alt=\"\" \/><\/a>\n\t\t\t<\/dt><\/dl><dl class='gallery-item'>\n\t\t\t<dt class='gallery-icon landscape'>\n\t\t\t\t<a href='https:\/\/www.professores.uff.br\/tiberio\/projeto-de-extensao-ii\/dsc03513\/'><img loading=\"lazy\" decoding=\"async\" width=\"150\" height=\"150\" src=\"https:\/\/www.professores.uff.br\/tiberio\/wp-content\/uploads\/sites\/89\/2017\/08\/DSC03513-150x150.jpg\" class=\"attachment-thumbnail size-thumbnail\" alt=\"\" \/><\/a>\n\t\t\t<\/dt><\/dl><dl class='gallery-item'>\n\t\t\t<dt class='gallery-icon landscape'>\n\t\t\t\t<a href='https:\/\/www.professores.uff.br\/tiberio\/projeto-de-extensao-ii\/dsc03514\/'><img loading=\"lazy\" decoding=\"async\" width=\"150\" height=\"150\" src=\"https:\/\/www.professores.uff.br\/tiberio\/wp-content\/uploads\/sites\/89\/2017\/08\/DSC03514-150x150.jpg\" class=\"attachment-thumbnail size-thumbnail\" alt=\"\" \/><\/a>\n\t\t\t<\/dt><\/dl><dl class='gallery-item'>\n\t\t\t<dt class='gallery-icon landscape'>\n\t\t\t\t<a href='https:\/\/www.professores.uff.br\/tiberio\/projeto-de-extensao-ii\/dsc03515\/'><img loading=\"lazy\" decoding=\"async\" width=\"150\" height=\"150\" src=\"https:\/\/www.professores.uff.br\/tiberio\/wp-content\/uploads\/sites\/89\/2017\/08\/DSC03515-150x150.jpg\" class=\"attachment-thumbnail size-thumbnail\" alt=\"\" \/><\/a>\n\t\t\t<\/dt><\/dl><br style=\"clear: both\" \/><dl class='gallery-item'>\n\t\t\t<dt class='gallery-icon portrait'>\n\t\t\t\t<a href='https:\/\/www.professores.uff.br\/tiberio\/projeto-de-extensao-ii\/dsc03517\/'><img loading=\"lazy\" decoding=\"async\" width=\"150\" height=\"150\" src=\"https:\/\/www.professores.uff.br\/tiberio\/wp-content\/uploads\/sites\/89\/2017\/08\/DSC03517-150x150.jpg\" class=\"attachment-thumbnail size-thumbnail\" alt=\"\" \/><\/a>\n\t\t\t<\/dt><\/dl><dl class='gallery-item'>\n\t\t\t<dt class='gallery-icon landscape'>\n\t\t\t\t<a href='https:\/\/www.professores.uff.br\/tiberio\/projeto-de-extensao-ii\/dsc03519\/'><img loading=\"lazy\" decoding=\"async\" width=\"150\" height=\"150\" src=\"https:\/\/www.professores.uff.br\/tiberio\/wp-content\/uploads\/sites\/89\/2017\/08\/DSC03519-150x150.jpg\" class=\"attachment-thumbnail size-thumbnail\" alt=\"\" \/><\/a>\n\t\t\t<\/dt><\/dl><dl class='gallery-item'>\n\t\t\t<dt class='gallery-icon landscape'>\n\t\t\t\t<a href='https:\/\/www.professores.uff.br\/tiberio\/projeto-de-extensao-ii\/dsc03520\/'><img loading=\"lazy\" decoding=\"async\" width=\"150\" height=\"150\" src=\"https:\/\/www.professores.uff.br\/tiberio\/wp-content\/uploads\/sites\/89\/2017\/08\/DSC03520-150x150.jpg\" class=\"attachment-thumbnail size-thumbnail\" alt=\"\" \/><\/a>\n\t\t\t<\/dt><\/dl><dl class='gallery-item'>\n\t\t\t<dt class='gallery-icon landscape'>\n\t\t\t\t<a href='https:\/\/www.professores.uff.br\/tiberio\/projeto-de-extensao-ii\/dsc03522\/'><img loading=\"lazy\" decoding=\"async\" width=\"150\" height=\"150\" src=\"https:\/\/www.professores.uff.br\/tiberio\/wp-content\/uploads\/sites\/89\/2017\/08\/DSC03522-150x150.jpg\" class=\"attachment-thumbnail size-thumbnail\" alt=\"\" \/><\/a>\n\t\t\t<\/dt><\/dl><br style=\"clear: both\" \/><dl class='gallery-item'>\n\t\t\t<dt class='gallery-icon portrait'>\n\t\t\t\t<a href='https:\/\/www.professores.uff.br\/tiberio\/projeto-de-extensao-ii\/dsc03771\/'><img loading=\"lazy\" decoding=\"async\" width=\"150\" height=\"150\" src=\"https:\/\/www.professores.uff.br\/tiberio\/wp-content\/uploads\/sites\/89\/2017\/08\/DSC03771-150x150.jpg\" class=\"attachment-thumbnail size-thumbnail\" alt=\"\" \/><\/a>\n\t\t\t<\/dt><\/dl><dl class='gallery-item'>\n\t\t\t<dt class='gallery-icon landscape'>\n\t\t\t\t<a href='https:\/\/www.professores.uff.br\/tiberio\/projeto-de-extensao-ii\/dsc03775\/'><img loading=\"lazy\" decoding=\"async\" width=\"150\" height=\"150\" src=\"https:\/\/www.professores.uff.br\/tiberio\/wp-content\/uploads\/sites\/89\/2017\/08\/DSC03775-150x150.jpg\" class=\"attachment-thumbnail size-thumbnail\" alt=\"\" \/><\/a>\n\t\t\t<\/dt><\/dl><dl class='gallery-item'>\n\t\t\t<dt class='gallery-icon landscape'>\n\t\t\t\t<a href='https:\/\/www.professores.uff.br\/tiberio\/projeto-de-extensao-ii\/dsc03777\/'><img loading=\"lazy\" decoding=\"async\" width=\"150\" height=\"150\" src=\"https:\/\/www.professores.uff.br\/tiberio\/wp-content\/uploads\/sites\/89\/2017\/08\/DSC03777-150x150.jpg\" class=\"attachment-thumbnail size-thumbnail\" alt=\"\" \/><\/a>\n\t\t\t<\/dt><\/dl><dl class='gallery-item'>\n\t\t\t<dt class='gallery-icon landscape'>\n\t\t\t\t<a href='https:\/\/www.professores.uff.br\/tiberio\/projeto-de-extensao-ii\/dsc03778\/'><img loading=\"lazy\" decoding=\"async\" width=\"150\" height=\"150\" src=\"https:\/\/www.professores.uff.br\/tiberio\/wp-content\/uploads\/sites\/89\/2017\/08\/DSC03778-150x150.jpg\" class=\"attachment-thumbnail size-thumbnail\" alt=\"\" \/><\/a>\n\t\t\t<\/dt><\/dl><br style=\"clear: both\" \/><dl class='gallery-item'>\n\t\t\t<dt class='gallery-icon landscape'>\n\t\t\t\t<a href='https:\/\/www.professores.uff.br\/tiberio\/projeto-de-extensao-ii\/dsc03779\/'><img loading=\"lazy\" decoding=\"async\" width=\"150\" height=\"150\" src=\"https:\/\/www.professores.uff.br\/tiberio\/wp-content\/uploads\/sites\/89\/2017\/08\/DSC03779-150x150.jpg\" class=\"attachment-thumbnail size-thumbnail\" alt=\"\" \/><\/a>\n\t\t\t<\/dt><\/dl><dl class='gallery-item'>\n\t\t\t<dt class='gallery-icon landscape'>\n\t\t\t\t<a href='https:\/\/www.professores.uff.br\/tiberio\/projeto-de-extensao-ii\/dsc03780\/'><img loading=\"lazy\" decoding=\"async\" width=\"150\" height=\"150\" src=\"https:\/\/www.professores.uff.br\/tiberio\/wp-content\/uploads\/sites\/89\/2017\/08\/DSC03780-150x150.jpg\" class=\"attachment-thumbnail size-thumbnail\" alt=\"\" \/><\/a>\n\t\t\t<\/dt><\/dl><dl class='gallery-item'>\n\t\t\t<dt class='gallery-icon landscape'>\n\t\t\t\t<a href='https:\/\/www.professores.uff.br\/tiberio\/projeto-de-extensao-ii\/dsc03781\/'><img loading=\"lazy\" decoding=\"async\" width=\"150\" height=\"150\" src=\"https:\/\/www.professores.uff.br\/tiberio\/wp-content\/uploads\/sites\/89\/2017\/08\/DSC03781-150x150.jpg\" class=\"attachment-thumbnail size-thumbnail\" alt=\"\" \/><\/a>\n\t\t\t<\/dt><\/dl><dl class='gallery-item'>\n\t\t\t<dt class='gallery-icon landscape'>\n\t\t\t\t<a href='https:\/\/www.professores.uff.br\/tiberio\/projeto-de-extensao-ii\/dsc03782\/'><img loading=\"lazy\" decoding=\"async\" width=\"150\" height=\"150\" src=\"https:\/\/www.professores.uff.br\/tiberio\/wp-content\/uploads\/sites\/89\/2017\/08\/DSC03782-150x150.jpg\" class=\"attachment-thumbnail size-thumbnail\" alt=\"\" \/><\/a>\n\t\t\t<\/dt><\/dl><br style=\"clear: both\" \/>\n\t\t<\/div>\n\n","protected":false},"excerpt":{"rendered":"<p>Usando a metodologia Amateur Telescope Making (ATM) no ensino de Astronomia e F\u00edsica Atualmente desenvolvo trabalho de estudo dirigido com 4 alunos de Ensino M\u00e9dio atrav\u00e9s de bolsa do Programa Jovens Talentos da FAPERJ. Neste projeto os alunos estudam os conceitos mais b\u00e1sicos da Astronomia, como o movimento das estrelas na esfera celeste, o movimento [&hellip;]<\/p>\n","protected":false},"author":70,"featured_media":0,"parent":0,"menu_order":0,"comment_status":"closed","ping_status":"closed","template":"","meta":{"_exactmetrics_skip_tracking":false,"_exactmetrics_sitenote_active":false,"_exactmetrics_sitenote_note":"","_exactmetrics_sitenote_category":0,"footnotes":""},"categories":[],"tags":[],"class_list":["post-101","page","type-page","status-publish","hentry"],"_links":{"self":[{"href":"https:\/\/www.professores.uff.br\/tiberio\/wp-json\/wp\/v2\/pages\/101","targetHints":{"allow":["GET"]}}],"collection":[{"href":"https:\/\/www.professores.uff.br\/tiberio\/wp-json\/wp\/v2\/pages"}],"about":[{"href":"https:\/\/www.professores.uff.br\/tiberio\/wp-json\/wp\/v2\/types\/page"}],"author":[{"embeddable":true,"href":"https:\/\/www.professores.uff.br\/tiberio\/wp-json\/wp\/v2\/users\/70"}],"replies":[{"embeddable":true,"href":"https:\/\/www.professores.uff.br\/tiberio\/wp-json\/wp\/v2\/comments?post=101"}],"version-history":[{"count":3,"href":"https:\/\/www.professores.uff.br\/tiberio\/wp-json\/wp\/v2\/pages\/101\/revisions"}],"predecessor-version":[{"id":216,"href":"https:\/\/www.professores.uff.br\/tiberio\/wp-json\/wp\/v2\/pages\/101\/revisions\/216"}],"wp:attachment":[{"href":"https:\/\/www.professores.uff.br\/tiberio\/wp-json\/wp\/v2\/media?parent=101"}],"wp:term":[{"taxonomy":"category","embeddable":true,"href":"https:\/\/www.professores.uff.br\/tiberio\/wp-json\/wp\/v2\/categories?post=101"},{"taxonomy":"post_tag","embeddable":true,"href":"https:\/\/www.professores.uff.br\/tiberio\/wp-json\/wp\/v2\/tags?post=101"}],"curies":[{"name":"wp","href":"https:\/\/api.w.org\/{rel}","templated":true}]}}