{"id":14,"date":"2017-08-16T15:36:55","date_gmt":"2017-08-16T18:36:55","guid":{"rendered":"http:\/\/www.professores.uff.br\/tiberio\/?page_id=14"},"modified":"2021-05-31T15:38:13","modified_gmt":"2021-05-31T18:38:13","slug":"curriculum-vitae","status":"publish","type":"page","link":"https:\/\/www.professores.uff.br\/tiberio\/curriculum-vitae\/","title":{"rendered":"Curriculum vitae"},"content":{"rendered":"<p>Tib\u00e9rio Borges Vale possui gradua\u00e7\u00e3o de Bacharelado em Fisica pela Universidade Federal de Juiz de Fora &#8211; UFJF (2002), mestrado em F\u00edsica pela Universidade Federal de Juiz de Fora UFJF (2005) e doutorado em Ci\u00eancias (com \u00eanfase em Astrof\u00edsica) pela Universidade Federal do Rio Grande do Sul &#8211; UFRGS (2010). Tem experi\u00eancia na \u00e1rea de F\u00edsica, com \u00eanfase em Gravita\u00e7\u00e3o Qu\u00e2ntica e Astrof\u00edsica Extragal\u00e1ctica, atuando principalmente nos seguintes temas: evapora\u00e7\u00e3o de buracos negros, interpreta\u00e7\u00e3o causal da mec\u00e2nica qu\u00e2ntica, relatividade geral, forma\u00e7\u00e3o de gal\u00e1xias, modelos de brilho superficial de discos em gal\u00e1xias late-type (espirais), influ\u00eancia ambiental sobre par\u00e2metros estruturais de discos de gal\u00e1xias, n\u00facleos ativos de gal\u00e1xias (AGNs), e ensino de astronomia. Exerceu a fun\u00e7\u00e3o de Diretor do Instituto do Noroeste Fluminense de Ensino Superior (INFES) em Santo Ant\u00f4nio de P\u00e1dua\/RJ entre 2017 e 2021. Atualmente \u00e9 Professor Associado da Universidade Federal Fluminense.<\/p>\n<p><a href=\"http:\/\/buscatextual.cnpq.br\/buscatextual\/visualizacv.do?id=K4702087A0\" target=\"_blank\" rel=\"noopener noreferrer\">Curr\u00edculo Lattes (Portugu\u00eas)<\/a><br \/>\n<a href=\"http:\/\/buscatextual.cnpq.br\/buscatextual\/visualizacv.do?id=K4702087A0&amp;idiomaExibicao=2\" target=\"_blank\" rel=\"noopener noreferrer\">Curr\u00edculo Lattes (English)<\/a><\/p>\n","protected":false},"excerpt":{"rendered":"<p>Tib\u00e9rio Borges Vale possui gradua\u00e7\u00e3o de Bacharelado em Fisica pela Universidade Federal de Juiz de Fora &#8211; UFJF (2002), mestrado em F\u00edsica pela Universidade Federal de Juiz de Fora UFJF (2005) e doutorado em Ci\u00eancias (com \u00eanfase em Astrof\u00edsica) pela Universidade Federal do Rio Grande do Sul &#8211; UFRGS (2010). Tem experi\u00eancia na \u00e1rea de [&hellip;]<\/p>\n","protected":false},"author":70,"featured_media":0,"parent":0,"menu_order":0,"comment_status":"closed","ping_status":"closed","template":"","meta":{"_exactmetrics_skip_tracking":false,"_exactmetrics_sitenote_active":false,"_exactmetrics_sitenote_note":"","_exactmetrics_sitenote_category":0,"footnotes":""},"categories":[],"tags":[],"class_list":["post-14","page","type-page","status-publish","hentry"],"_links":{"self":[{"href":"https:\/\/www.professores.uff.br\/tiberio\/wp-json\/wp\/v2\/pages\/14","targetHints":{"allow":["GET"]}}],"collection":[{"href":"https:\/\/www.professores.uff.br\/tiberio\/wp-json\/wp\/v2\/pages"}],"about":[{"href":"https:\/\/www.professores.uff.br\/tiberio\/wp-json\/wp\/v2\/types\/page"}],"author":[{"embeddable":true,"href":"https:\/\/www.professores.uff.br\/tiberio\/wp-json\/wp\/v2\/users\/70"}],"replies":[{"embeddable":true,"href":"https:\/\/www.professores.uff.br\/tiberio\/wp-json\/wp\/v2\/comments?post=14"}],"version-history":[{"count":4,"href":"https:\/\/www.professores.uff.br\/tiberio\/wp-json\/wp\/v2\/pages\/14\/revisions"}],"predecessor-version":[{"id":271,"href":"https:\/\/www.professores.uff.br\/tiberio\/wp-json\/wp\/v2\/pages\/14\/revisions\/271"}],"wp:attachment":[{"href":"https:\/\/www.professores.uff.br\/tiberio\/wp-json\/wp\/v2\/media?parent=14"}],"wp:term":[{"taxonomy":"category","embeddable":true,"href":"https:\/\/www.professores.uff.br\/tiberio\/wp-json\/wp\/v2\/categories?post=14"},{"taxonomy":"post_tag","embeddable":true,"href":"https:\/\/www.professores.uff.br\/tiberio\/wp-json\/wp\/v2\/tags?post=14"}],"curies":[{"name":"wp","href":"https:\/\/api.w.org\/{rel}","templated":true}]}}

<p>Tibério Borges Vale possui graduação de Bacharelado em Fisica pela Universidade Federal de Juiz de Fora &#8211; UFJF (2002), mestrado em Física pela Universidade Federal de Juiz de Fora UFJF (2005) e doutorado em Ciências (com ênfase em Astrofísica) pela Universidade Federal do Rio Grande do Sul &#8211; UFRGS (2010). Tem experiência na área de Física, com ênfase em Gravitação Quântica e Astrofísica Extragaláctica, atuando principalmente nos seguintes temas: evaporação de buracos negros, interpretação causal da mecânica quântica, relatividade geral, formação de galáxias, modelos de brilho superficial de discos em galáxias late-type (espirais), influência ambiental sobre parâmetros estruturais de discos de galáxias, núcleos ativos de galáxias (AGNs), e ensino de astronomia. Exerceu a função de Diretor do Instituto do Noroeste Fluminense de Ensino Superior (INFES) em Santo Antônio de Pádua/RJ entre 2017 e 2021. Atualmente é Professor Associado da Universidade Federal Fluminense.</p>
<p><a href="http://buscatextual.cnpq.br/buscatextual/visualizacv.do?id=K4702087A0" target="_blank" rel="noopener noreferrer">Currículo Lattes (Português)</a><br />
<a href="http://buscatextual.cnpq.br/buscatextual/visualizacv.do?id=K4702087A0&amp;idiomaExibicao=2" target="_blank" rel="noopener noreferrer">Currículo Lattes (English)</a></p>

<p>Tibério Borges Vale possui graduação de Bacharelado em Fisica pela Universidade Federal de Juiz de Fora &#8211; UFJF (2002), mestrado em Física pela Universidade Federal de Juiz de Fora UFJF (2005) e doutorado em Ciências (com ênfase em Astrofísica) pela Universidade Federal do Rio Grande do Sul &#8211; UFRGS (2010). Tem experiência na área de [&hellip;]</p>
