{"id":190,"date":"2020-05-22T19:53:42","date_gmt":"2020-05-22T22:53:42","guid":{"rendered":"http:\/\/www.professores.uff.br\/tiberio\/?page_id=190"},"modified":"2020-06-12T23:01:59","modified_gmt":"2020-06-13T02:01:59","slug":"analise-covid-padua-e-regiao","status":"publish","type":"page","link":"https:\/\/www.professores.uff.br\/tiberio\/analise-covid-padua-e-regiao\/","title":{"rendered":"An\u00e1lise da evolu\u00e7\u00e3o da COVID-19 em Santo Ant\u00f4nio de P\u00e1dua e regi\u00e3o"},"content":{"rendered":"\n<p>Apresento a seguir o trabalho de an\u00e1lise da evolu\u00e7\u00e3o da epidemia de COVID-19 em Santo Ant\u00f4nio de P\u00e1dua e munic\u00edpios pr\u00f3ximos. Este \u00e9 um trabalho em constru\u00e7\u00e3o permanente e portanto apresentarei as diferentes vers\u00f5es do documento e n\u00e3o apenas a vers\u00e3o final.<br><br>Agrade\u00e7o aos colegas que contribu\u00edram neste processo com coment\u00e1rios e sugest\u00f5es, Profa. Dra. Nicole Brand Ederli, Prof. Dr. Cleber Correia de Almeida Junior, Prof. Dr. Marcelo Ferreira da Costa Gomes e Prof. Dr. Anderson Mululo Sato.<\/p>\n\n\n\n<p>As vers\u00f5es seguem sequ\u00eancia de modo que a X.YY, onde YY define se houve manuten\u00e7\u00e3o de metodologia com pequenas altera\u00e7\u00f5es de corre\u00e7\u00e3o de texto, tabelas ou figuras e X define se houve mudan\u00e7a de metodologia e novas an\u00e1lises.<br><\/p>\n\n\n\n<p><strong>Arquivos PDF:<\/strong><br><a href=\"http:\/\/www.professores.uff.br\/tiberio\/wp-content\/uploads\/sites\/89\/2020\/06\/apresentacao-INFES-11-06-2020.pdf\">Apresenta\u00e7\u00e3o da Palestra realizada em 11\/06\/2020 por video-confer\u00eancia<\/a><br><br>Vers\u00e3o 2.0 (em prepara\u00e7\u00e3o)<br><a href=\"http:\/\/www.professores.uff.br\/tiberio\/wp-content\/uploads\/sites\/89\/2020\/05\/analise-COVID19-no-Noroeste-Fluminense-v1.0.pdf\">Vers\u00e3o 1.0 (original)<\/a><\/p>\n\n\n\n<p><strong>Programas:<\/strong><br><a href=\"https:\/\/github.com\/tibavale\/analise-covid-padua-e-regiao\">https:\/\/github.com\/tibavale\/analise-covid-padua-e-regiao<\/a><\/p>\n","protected":false},"excerpt":{"rendered":"<p>Apresento a seguir o trabalho de an\u00e1lise da evolu\u00e7\u00e3o da epidemia de COVID-19 em Santo Ant\u00f4nio de P\u00e1dua e munic\u00edpios pr\u00f3ximos. Este \u00e9 um trabalho em constru\u00e7\u00e3o permanente e portanto apresentarei as diferentes vers\u00f5es do documento e n\u00e3o apenas a vers\u00e3o final. Agrade\u00e7o aos colegas que contribu\u00edram neste processo com coment\u00e1rios e sugest\u00f5es, Profa. Dra. [&hellip;]<\/p>\n","protected":false},"author":93,"featured_media":0,"parent":0,"menu_order":0,"comment_status":"closed","ping_status":"closed","template":"","meta":{"_exactmetrics_skip_tracking":false,"_exactmetrics_sitenote_active":false,"_exactmetrics_sitenote_note":"","_exactmetrics_sitenote_category":0,"footnotes":""},"categories":[],"tags":[],"class_list":["post-190","page","type-page","status-publish","hentry"],"_links":{"self":[{"href":"https:\/\/www.professores.uff.br\/tiberio\/wp-json\/wp\/v2\/pages\/190","targetHints":{"allow":["GET"]}}],"collection":[{"href":"https:\/\/www.professores.uff.br\/tiberio\/wp-json\/wp\/v2\/pages"}],"about":[{"href":"https:\/\/www.professores.uff.br\/tiberio\/wp-json\/wp\/v2\/types\/page"}],"author":[{"embeddable":true,"href":"https:\/\/www.professores.uff.br\/tiberio\/wp-json\/wp\/v2\/users\/93"}],"replies":[{"embeddable":true,"href":"https:\/\/www.professores.uff.br\/tiberio\/wp-json\/wp\/v2\/comments?post=190"}],"version-history":[{"count":6,"href":"https:\/\/www.professores.uff.br\/tiberio\/wp-json\/wp\/v2\/pages\/190\/revisions"}],"predecessor-version":[{"id":226,"href":"https:\/\/www.professores.uff.br\/tiberio\/wp-json\/wp\/v2\/pages\/190\/revisions\/226"}],"wp:attachment":[{"href":"https:\/\/www.professores.uff.br\/tiberio\/wp-json\/wp\/v2\/media?parent=190"}],"wp:term":[{"taxonomy":"category","embeddable":true,"href":"https:\/\/www.professores.uff.br\/tiberio\/wp-json\/wp\/v2\/categories?post=190"},{"taxonomy":"post_tag","embeddable":true,"href":"https:\/\/www.professores.uff.br\/tiberio\/wp-json\/wp\/v2\/tags?post=190"}],"curies":[{"name":"wp","href":"https:\/\/api.w.org\/{rel}","templated":true}]}}

Análise da evolução da COVID-19 em Santo Antônio de Pádua e região

<p>Apresento a seguir o trabalho de análise da evolução da epidemia de COVID-19 em Santo Antônio de Pádua e municípios próximos. Este é um trabalho em construção permanente e portanto apresentarei as diferentes versões do documento e não apenas a versão final.<br><br>Agradeço aos colegas que contribuíram neste processo com comentários e sugestões, Profa. Dra. Nicole Brand Ederli, Prof. Dr. Cleber Correia de Almeida Junior, Prof. Dr. Marcelo Ferreira da Costa Gomes e Prof. Dr. Anderson Mululo Sato.</p>



<p>As versões seguem sequência de modo que a X.YY, onde YY define se houve manutenção de metodologia com pequenas alterações de correção de texto, tabelas ou figuras e X define se houve mudança de metodologia e novas análises.<br></p>



<p><strong>Arquivos PDF:</strong><br><a href="http://www.professores.uff.br/tiberio/wp-content/uploads/sites/89/2020/06/apresentacao-INFES-11-06-2020.pdf">Apresentação da Palestra realizada em 11/06/2020 por video-conferência</a><br><br>Versão 2.0 (em preparação)<br><a href="http://www.professores.uff.br/tiberio/wp-content/uploads/sites/89/2020/05/analise-COVID19-no-Noroeste-Fluminense-v1.0.pdf">Versão 1.0 (original)</a></p>



<p><strong>Programas:</strong><br><a href="https://github.com/tibavale/analise-covid-padua-e-regiao">https://github.com/tibavale/analise-covid-padua-e-regiao</a></p>

<p>Apresento a seguir o trabalho de análise da evolução da epidemia de COVID-19 em Santo Antônio de Pádua e municípios próximos. Este é um trabalho em construção permanente e portanto apresentarei as diferentes versões do documento e não apenas a versão final. Agradeço aos colegas que contribuíram neste processo com comentários e sugestões, Profa. Dra. [&hellip;]</p>
