{"id":201,"date":"2020-06-02T19:36:43","date_gmt":"2020-06-02T22:36:43","guid":{"rendered":"http:\/\/www.professores.uff.br\/tiberio\/?page_id=201"},"modified":"2020-06-02T19:48:29","modified_gmt":"2020-06-02T22:48:29","slug":"projeto-de-pesquisa-ii","status":"publish","type":"page","link":"https:\/\/www.professores.uff.br\/tiberio\/projeto-de-pesquisa-ii\/","title":{"rendered":"Projeto de Pesquisa II"},"content":{"rendered":"\n<h4 class=\"wp-block-heading\">Lentes gravitacionais na m\u00e9trica de Kerr<\/h4>\n\n\n\n<p>Neste projeto o aluno estudar\u00e1 a teoria da Relatividade Geral, proposta por Albert Einstein, para aplica\u00e7\u00e3o em um caso espec\u00edfico dentro da teoria: as lentes gravitacionais causadas por objetos compactos. Apesar de n\u00e3o serem observ\u00e1veis diretamente com os telesc\u00f3pios atuais, o processo de an\u00e1lise se aplica a lentes gravitacionais observ\u00e1veis em aglomerados de gal\u00e1xias. No processo de estudo da Relatividade Geral, ser\u00e1 dada profunda aten\u00e7\u00e3o ao contato da teoria com as observa\u00e7\u00f5es astron\u00f4micas, estimulando o senso cr\u00edtico do aluno e mostrando a profunda rela\u00e7\u00e3o entre teoria e experimenta\u00e7\u00e3o\/observa\u00e7\u00e3o, baseado no m\u00e9todo cient\u00edfico. Espera-se que o aluno termine o projeto com um dom\u00ednio b\u00e1sico da Relatividade Geral, al\u00e9m de ter uma vis\u00e3o ampla de suas aplica\u00e7\u00f5es no cen\u00e1rio cient\u00edfico atual dentro da astrof\u00edsica e da cosmologia.<\/p>\n","protected":false},"excerpt":{"rendered":"<p>Lentes gravitacionais na m\u00e9trica de Kerr Neste projeto o aluno estudar\u00e1 a teoria da Relatividade Geral, proposta por Albert Einstein, para aplica\u00e7\u00e3o em um caso espec\u00edfico dentro da teoria: as lentes gravitacionais causadas por objetos compactos. Apesar de n\u00e3o serem observ\u00e1veis diretamente com os telesc\u00f3pios atuais, o processo de an\u00e1lise se aplica a lentes gravitacionais [&hellip;]<\/p>\n","protected":false},"author":93,"featured_media":0,"parent":0,"menu_order":0,"comment_status":"closed","ping_status":"closed","template":"","meta":{"_exactmetrics_skip_tracking":false,"_exactmetrics_sitenote_active":false,"_exactmetrics_sitenote_note":"","_exactmetrics_sitenote_category":0,"footnotes":""},"categories":[],"tags":[],"class_list":["post-201","page","type-page","status-publish","hentry"],"_links":{"self":[{"href":"https:\/\/www.professores.uff.br\/tiberio\/wp-json\/wp\/v2\/pages\/201","targetHints":{"allow":["GET"]}}],"collection":[{"href":"https:\/\/www.professores.uff.br\/tiberio\/wp-json\/wp\/v2\/pages"}],"about":[{"href":"https:\/\/www.professores.uff.br\/tiberio\/wp-json\/wp\/v2\/types\/page"}],"author":[{"embeddable":true,"href":"https:\/\/www.professores.uff.br\/tiberio\/wp-json\/wp\/v2\/users\/93"}],"replies":[{"embeddable":true,"href":"https:\/\/www.professores.uff.br\/tiberio\/wp-json\/wp\/v2\/comments?post=201"}],"version-history":[{"count":7,"href":"https:\/\/www.professores.uff.br\/tiberio\/wp-json\/wp\/v2\/pages\/201\/revisions"}],"predecessor-version":[{"id":219,"href":"https:\/\/www.professores.uff.br\/tiberio\/wp-json\/wp\/v2\/pages\/201\/revisions\/219"}],"wp:attachment":[{"href":"https:\/\/www.professores.uff.br\/tiberio\/wp-json\/wp\/v2\/media?parent=201"}],"wp:term":[{"taxonomy":"category","embeddable":true,"href":"https:\/\/www.professores.uff.br\/tiberio\/wp-json\/wp\/v2\/categories?post=201"},{"taxonomy":"post_tag","embeddable":true,"href":"https:\/\/www.professores.uff.br\/tiberio\/wp-json\/wp\/v2\/tags?post=201"}],"curies":[{"name":"wp","href":"https:\/\/api.w.org\/{rel}","templated":true}]}}

<h4 class="wp-block-heading">Lentes gravitacionais na métrica de Kerr</h4>



<p>Neste projeto o aluno estudará a teoria da Relatividade Geral, proposta por Albert Einstein, para aplicação em um caso específico dentro da teoria: as lentes gravitacionais causadas por objetos compactos. Apesar de não serem observáveis diretamente com os telescópios atuais, o processo de análise se aplica a lentes gravitacionais observáveis em aglomerados de galáxias. No processo de estudo da Relatividade Geral, será dada profunda atenção ao contato da teoria com as observações astronômicas, estimulando o senso crítico do aluno e mostrando a profunda relação entre teoria e experimentação/observação, baseado no método científico. Espera-se que o aluno termine o projeto com um domínio básico da Relatividade Geral, além de ter uma visão ampla de suas aplicações no cenário científico atual dentro da astrofísica e da cosmologia.</p>

<p>Lentes gravitacionais na métrica de Kerr Neste projeto o aluno estudará a teoria da Relatividade Geral, proposta por Albert Einstein, para aplicação em um caso específico dentro da teoria: as lentes gravitacionais causadas por objetos compactos. Apesar de não serem observáveis diretamente com os telescópios atuais, o processo de análise se aplica a lentes gravitacionais [&hellip;]</p>
