{"id":37,"date":"2017-08-17T09:48:36","date_gmt":"2017-08-17T12:48:36","guid":{"rendered":"http:\/\/www.professores.uff.br\/tiberio\/?page_id=37"},"modified":"2020-06-02T19:48:03","modified_gmt":"2020-06-02T22:48:03","slug":"projeto-de-extensao-i","status":"publish","type":"page","link":"https:\/\/www.professores.uff.br\/tiberio\/projeto-de-extensao-i\/","title":{"rendered":"Projeto de Extens\u00e3o I"},"content":{"rendered":"<h4><strong>O uso da Astronomia como elemento did\u00e1tico no ensino de Ci\u00eancias e de F\u00edsica<\/strong><\/h4>\n<p>Acesse a<a href=\"http:\/\/www.uff.br\/astronomiapadua\/\" target=\"_blank\" rel=\"noopener noreferrer\"> homepage<\/a> do projeto!<\/p>\n<p><strong>Resumo<\/strong><br \/>\nNeste projeto propomos a elabora\u00e7\u00e3o de um amplo trabalho de uso da Astronomia como ferramenta para o aprendizado de Ci\u00eancias e F\u00edsica nos Ensinos Fundamental e M\u00e9dio, na regi\u00e3o de Santo Ant\u00f4nio de P\u00e1dua\/RJ. Este trabalho prop\u00f5e:<br \/>\n(i) curso de forma\u00e7\u00e3o continuada, na \u00e1rea de Astronomia, para professores de Ci\u00eancias e F\u00edsica;<br \/>\n(ii) diversas oficinas junto aos professores e alunos, inclusive para montagem de telesc\u00f3pios para as escolas atendidas no projeto;<br \/>\n(iii) mini-cursos sobre Astronomia para os alunos das escolas atendidas;<br \/>\n(iv) palestras sobre Astronomia e temas afins, para os alunos e professores das escolas atendidas, e abertos ao p\u00fablico em geral;<br \/>\n(v) palestras de convidados externos, pesquisadores na \u00e1rea de Astronomia e divulgadores de ci\u00eancia, para os alunos e professores das escolas atendidas, e abertos ao p\u00fablico em geral;<br \/>\n(vi) exibi\u00e7\u00e3o e discuss\u00e3o sobre filmes e document\u00e1rios com temas ligados \u00e0 Astronomia, para alunos, professores e p\u00fablico em geral; e<br \/>\n(vii) visita\u00e7\u00e3o a museus de ci\u00eancia e institui\u00e7\u00f5es cient\u00edficas, para os professores de Ensino Fundamental e M\u00e9dio, atendidos no projeto.<br \/>\nAssim, pretendemos contribuir para a melhor capacita\u00e7\u00e3o e\/ou atualiza\u00e7\u00e3o dos professores locais, mostrando-os como explorar dentro de sala de aula os elementos atrativos e interdisciplinares da Astronomia, no sentido de despertar o interesse em seus alunos pelas \u00e1reas cient\u00edficas, como a F\u00edsica, a Matem\u00e1tica, a Qu\u00edmica e a Biologia. Por fim, intencionamos estimular a cria\u00e7\u00e3o de grupos de astr\u00f4nomos amadores nas escolas, com o intuito de difundir o conhecimento cient\u00edfico, numa das regi\u00f5es mais pobres e menos desenvolvidas do estado do Rio de Janeiro.<\/p>\n<p><strong>Objetivos<\/strong><br \/>\nDentre os objetivos a serem alcan\u00e7ados com o projeto, destacamos em ordem de prioridade:<\/p>\n<p># organizar atividades de forma\u00e7\u00e3o continuada na \u00e1rea de Astronomia para professores de Ensino Fundamental e M\u00e9dio do munic\u00edpio de Santo Ant\u00f4nio de P\u00e1dua\/RJ, com enfoque na apresenta\u00e7\u00e3o de conte\u00fados e atualiza\u00e7\u00e3o de conceitos astron\u00f4micos, fazendo uso de exemplos did\u00e1ticos que conectem a Astronomia aos Ensinos de Ci\u00eancias e F\u00edsica, a fim de incrementar a habilidade interdisciplinar do docente;<\/p>\n<p># despertar o interesse dos alunos de Ensino Fundamental e M\u00e9dio pelas Ci\u00eancias, em especial por F\u00edsica e Astronomia;<\/p>\n<p># realizar visitas ao Museu de Astronomia e Ci\u00eancias Afins (MAST) do Observat\u00f3rio Nacional, na cidade no Rio de Janeiro, com professores selecionados no curso de capacita\u00e7\u00e3o;<\/p>\n<p># organizar mini-cursos e palestras para alunos da rede p\u00fablica do munic\u00edpio de Santo Ant\u00f4nio de P\u00e1dua\/RJ, apresentando a Astronomia atrav\u00e9s de um processo de alfabetiza\u00e7\u00e3o cient\u00edfica;<\/p>\n<p># organizar atividades que priorizem a difus\u00e3o<\/p>\n","protected":false},"excerpt":{"rendered":"<p>O uso da Astronomia como elemento did\u00e1tico no ensino de Ci\u00eancias e de F\u00edsica Acesse a homepage do projeto! Resumo Neste projeto propomos a elabora\u00e7\u00e3o de um amplo trabalho de uso da Astronomia como ferramenta para o aprendizado de Ci\u00eancias e F\u00edsica nos Ensinos Fundamental e M\u00e9dio, na regi\u00e3o de Santo Ant\u00f4nio de P\u00e1dua\/RJ. Este [&hellip;]<\/p>\n","protected":false},"author":70,"featured_media":0,"parent":0,"menu_order":0,"comment_status":"closed","ping_status":"closed","template":"","meta":{"_exactmetrics_skip_tracking":false,"_exactmetrics_sitenote_active":false,"_exactmetrics_sitenote_note":"","_exactmetrics_sitenote_category":0,"footnotes":""},"categories":[],"tags":[],"class_list":["post-37","page","type-page","status-publish","hentry"],"_links":{"self":[{"href":"https:\/\/www.professores.uff.br\/tiberio\/wp-json\/wp\/v2\/pages\/37","targetHints":{"allow":["GET"]}}],"collection":[{"href":"https:\/\/www.professores.uff.br\/tiberio\/wp-json\/wp\/v2\/pages"}],"about":[{"href":"https:\/\/www.professores.uff.br\/tiberio\/wp-json\/wp\/v2\/types\/page"}],"author":[{"embeddable":true,"href":"https:\/\/www.professores.uff.br\/tiberio\/wp-json\/wp\/v2\/users\/70"}],"replies":[{"embeddable":true,"href":"https:\/\/www.professores.uff.br\/tiberio\/wp-json\/wp\/v2\/comments?post=37"}],"version-history":[{"count":4,"href":"https:\/\/www.professores.uff.br\/tiberio\/wp-json\/wp\/v2\/pages\/37\/revisions"}],"predecessor-version":[{"id":217,"href":"https:\/\/www.professores.uff.br\/tiberio\/wp-json\/wp\/v2\/pages\/37\/revisions\/217"}],"wp:attachment":[{"href":"https:\/\/www.professores.uff.br\/tiberio\/wp-json\/wp\/v2\/media?parent=37"}],"wp:term":[{"taxonomy":"category","embeddable":true,"href":"https:\/\/www.professores.uff.br\/tiberio\/wp-json\/wp\/v2\/categories?post=37"},{"taxonomy":"post_tag","embeddable":true,"href":"https:\/\/www.professores.uff.br\/tiberio\/wp-json\/wp\/v2\/tags?post=37"}],"curies":[{"name":"wp","href":"https:\/\/api.w.org\/{rel}","templated":true}]}}

Projeto de Extensão I

<h4><strong>O uso da Astronomia como elemento didático no ensino de Ciências e de Física</strong></h4>
<p>Acesse a<a href="http://www.uff.br/astronomiapadua/" target="_blank" rel="noopener noreferrer"> homepage</a> do projeto!</p>
<p><strong>Resumo</strong><br />
Neste projeto propomos a elaboração de um amplo trabalho de uso da Astronomia como ferramenta para o aprendizado de Ciências e Física nos Ensinos Fundamental e Médio, na região de Santo Antônio de Pádua/RJ. Este trabalho propõe:<br />
(i) curso de formação continuada, na área de Astronomia, para professores de Ciências e Física;<br />
(ii) diversas oficinas junto aos professores e alunos, inclusive para montagem de telescópios para as escolas atendidas no projeto;<br />
(iii) mini-cursos sobre Astronomia para os alunos das escolas atendidas;<br />
(iv) palestras sobre Astronomia e temas afins, para os alunos e professores das escolas atendidas, e abertos ao público em geral;<br />
(v) palestras de convidados externos, pesquisadores na área de Astronomia e divulgadores de ciência, para os alunos e professores das escolas atendidas, e abertos ao público em geral;<br />
(vi) exibição e discussão sobre filmes e documentários com temas ligados à Astronomia, para alunos, professores e público em geral; e<br />
(vii) visitação a museus de ciência e instituições científicas, para os professores de Ensino Fundamental e Médio, atendidos no projeto.<br />
Assim, pretendemos contribuir para a melhor capacitação e/ou atualização dos professores locais, mostrando-os como explorar dentro de sala de aula os elementos atrativos e interdisciplinares da Astronomia, no sentido de despertar o interesse em seus alunos pelas áreas científicas, como a Física, a Matemática, a Química e a Biologia. Por fim, intencionamos estimular a criação de grupos de astrônomos amadores nas escolas, com o intuito de difundir o conhecimento científico, numa das regiões mais pobres e menos desenvolvidas do estado do Rio de Janeiro.</p>
<p><strong>Objetivos</strong><br />
Dentre os objetivos a serem alcançados com o projeto, destacamos em ordem de prioridade:</p>
<p># organizar atividades de formação continuada na área de Astronomia para professores de Ensino Fundamental e Médio do município de Santo Antônio de Pádua/RJ, com enfoque na apresentação de conteúdos e atualização de conceitos astronômicos, fazendo uso de exemplos didáticos que conectem a Astronomia aos Ensinos de Ciências e Física, a fim de incrementar a habilidade interdisciplinar do docente;</p>
<p># despertar o interesse dos alunos de Ensino Fundamental e Médio pelas Ciências, em especial por Física e Astronomia;</p>
<p># realizar visitas ao Museu de Astronomia e Ciências Afins (MAST) do Observatório Nacional, na cidade no Rio de Janeiro, com professores selecionados no curso de capacitação;</p>
<p># organizar mini-cursos e palestras para alunos da rede pública do município de Santo Antônio de Pádua/RJ, apresentando a Astronomia através de um processo de alfabetização científica;</p>
<p># organizar atividades que priorizem a difusão</p>

<p>O uso da Astronomia como elemento didático no ensino de Ciências e de Física Acesse a homepage do projeto! Resumo Neste projeto propomos a elaboração de um amplo trabalho de uso da Astronomia como ferramenta para o aprendizado de Ciências e Física nos Ensinos Fundamental e Médio, na região de Santo Antônio de Pádua/RJ. Este [&hellip;]</p>
