{"id":86,"date":"2020-03-16T16:41:03","date_gmt":"2020-03-16T19:41:03","guid":{"rendered":"http:\/\/www.professores.uff.br\/tlmartins\/?page_id=86"},"modified":"2021-09-20T09:24:31","modified_gmt":"2021-09-20T12:24:31","slug":"math-links","status":"publish","type":"page","link":"https:\/\/www.professores.uff.br\/tlmartins\/?page_id=86","title":{"rendered":"Math links"},"content":{"rendered":"\n<div style=\"height:20px\" aria-hidden=\"true\" class=\"wp-block-spacer\"><\/div>\n\n\n\n<p style=\"font-size: 14px;line-height: 1.5\">For the latest results in combinatorics, check <a href=\"https:\/\/arxiv.org\/list\/math.CO\/new\">arXiv<\/a>.<\/p>\n\n\n\n<div style=\"height:20px\" aria-hidden=\"true\" class=\"wp-block-spacer\"><\/div>\n\n\n\n<h3 class=\"has-text-align-right wp-block-heading\"><strong>Women in maths<\/strong><\/h3>\n\n\n\n<hr class=\"wp-block-separator is-style-wide\" \/>\n\n\n\n<ul style=\"font-size: 14px;line-height: 2.0\"><li><a href=\"http:\/\/mulheresnamatematica.sites.uff.br\/\">Mulheres na matem\u00e1tica &#8211; UFF<\/a><\/li><li><a href=\"https:\/\/sites.google.com\/view\/womenincombinatoricstemporary\/home\">Women in combinatorics<\/a><\/li><\/ul>\n\n\n\n<h3 class=\"has-text-align-right wp-block-heading\"><strong>Seminars<\/strong><\/h3>\n\n\n\n<hr class=\"wp-block-separator is-style-wide\" \/>\n\n\n\n<ul style=\"font-size: 14px;line-height: 2.0\"><li><a href=\"https:\/\/homepages.dcc.ufmg.br\/~viniciussantos\/seminarios\/\">Semin\u00e1rios online de Grafos, Algoritmos e Combinat\u00f3ria<\/a><\/li><li><a href=\"http:\/\/www.antenabrasil.uff.br\/index.php\/pt-br\/acoes\/seminario-combinatoria\">Semin\u00e1rios de combinat\u00f3ria na UFF<\/a><\/li><li><a href=\"https:\/\/web.math.princeton.edu\/~pds\/onlinetalks\/talks.html\">Combinatorics Lectures Online<\/a><\/li><li><a href=\"https:\/\/researchseminars.org\/\">Online seminars<\/a><\/li><\/ul>\n\n\n\n<h3 class=\"has-text-align-right wp-block-heading\"><strong>Math career advice<\/strong><\/h3>\n\n\n\n<hr class=\"wp-block-separator is-style-wide\" \/>\n\n\n\n<ul style=\"font-size: 14px;line-height: 2.0\"><li>&nbsp;<a rel=\"noreferrer noopener\" href=\"http:\/\/press.princeton.edu\/chapters\/gowers\/gowers_VIII_6.pdf\" target=\"_blank\">Advice to a Young Mathematician<\/a><\/li><\/ul>\n\n\n\n<h3 class=\"has-text-align-right wp-block-heading\"><strong>Other interesting stuff<\/strong><\/h3>\n\n\n\n<hr class=\"wp-block-separator is-style-wide\" \/>\n\n\n\n<ul style=\"font-size: 14px;line-height: 2.0\">\n<li>Minicurso: <a href=\"https:\/\/www.youtube.com\/watch?v=lPGxLgvGqUE&amp;list=PLvvfpeSf1IRL_wJWzxfGNfQofrv7B2k5V\">Uma introdu\u00e7\u00e3o \u00e0 combinat\u00f3ria extremal<\/a> (33\u00ba CBM)<\/li>\n<li>Curso de <a href=\"https:\/\/www.youtube.com\/watch?v=p5tLFkFHByY&amp;list=PLo4jXE-LdDTSkmHd3xNGhcObfWXvpwmCL\">Combinat\u00f3ria I<\/a> (Rob Morris &#8211; IMPA)<\/li><li>Gil Kalai&#8217;s blog:&nbsp;<a rel=\"noreferrer noopener\" href=\"https:\/\/gilkalai.wordpress.com\/\" target=\"_blank\">Combinatorics and more<\/a>.<\/li><\/ul>\n\n\n\n<div style=\"height:20px\" aria-hidden=\"true\" class=\"wp-block-spacer\"><\/div>\n\n\n\n<p><\/p>\n","protected":false},"excerpt":{"rendered":"<p>For the latest results in combinatorics, check arXiv. Women in maths Mulheres na matem\u00e1tica &#8211; UFF Women in combinatorics Seminars Semin\u00e1rios online de Grafos, Algoritmos e Combinat\u00f3ria Semin\u00e1rios de combinat\u00f3ria na UFF Combinatorics Lectures Online Online seminars Math career advice &nbsp;Advice to a Young Mathematician Other interesting stuff Minicurso: Uma introdu\u00e7\u00e3o \u00e0 combinat\u00f3ria extremal (33\u00ba [&hellip;]<\/p>\n","protected":false},"author":233,"featured_media":0,"parent":0,"menu_order":0,"comment_status":"closed","ping_status":"closed","template":"","meta":{"_exactmetrics_skip_tracking":false,"_exactmetrics_sitenote_active":false,"_exactmetrics_sitenote_note":"","_exactmetrics_sitenote_category":0,"footnotes":""},"categories":[],"tags":[],"class_list":["post-86","page","type-page","status-publish","hentry"],"_links":{"self":[{"href":"https:\/\/www.professores.uff.br\/tlmartins\/index.php?rest_route=\/wp\/v2\/pages\/86","targetHints":{"allow":["GET"]}}],"collection":[{"href":"https:\/\/www.professores.uff.br\/tlmartins\/index.php?rest_route=\/wp\/v2\/pages"}],"about":[{"href":"https:\/\/www.professores.uff.br\/tlmartins\/index.php?rest_route=\/wp\/v2\/types\/page"}],"author":[{"embeddable":true,"href":"https:\/\/www.professores.uff.br\/tlmartins\/index.php?rest_route=\/wp\/v2\/users\/233"}],"replies":[{"embeddable":true,"href":"https:\/\/www.professores.uff.br\/tlmartins\/index.php?rest_route=%2Fwp%2Fv2%2Fcomments&post=86"}],"version-history":[{"count":19,"href":"https:\/\/www.professores.uff.br\/tlmartins\/index.php?rest_route=\/wp\/v2\/pages\/86\/revisions"}],"predecessor-version":[{"id":427,"href":"https:\/\/www.professores.uff.br\/tlmartins\/index.php?rest_route=\/wp\/v2\/pages\/86\/revisions\/427"}],"wp:attachment":[{"href":"https:\/\/www.professores.uff.br\/tlmartins\/index.php?rest_route=%2Fwp%2Fv2%2Fmedia&parent=86"}],"wp:term":[{"taxonomy":"category","embeddable":true,"href":"https:\/\/www.professores.uff.br\/tlmartins\/index.php?rest_route=%2Fwp%2Fv2%2Fcategories&post=86"},{"taxonomy":"post_tag","embeddable":true,"href":"https:\/\/www.professores.uff.br\/tlmartins\/index.php?rest_route=%2Fwp%2Fv2%2Ftags&post=86"}],"curies":[{"name":"wp","href":"https:\/\/api.w.org\/{rel}","templated":true}]}}