{"id":167,"date":"2018-11-12T15:23:27","date_gmt":"2018-11-12T17:23:27","guid":{"rendered":"http:\/\/www.professores.uff.br\/vitorbalestro\/?page_id=167"},"modified":"2018-11-12T15:27:00","modified_gmt":"2018-11-12T17:27:00","slug":"address-and-contact","status":"publish","type":"page","link":"https:\/\/www.professores.uff.br\/vitorbalestro\/address-and-contact\/","title":{"rendered":"Contact"},"content":{"rendered":"<section id=\"h.p_lImmUU7lLZv2\" class=\"yaqOZd\">\n<div class=\"mYVXT\"><\/div>\n<\/section>\n<section id=\"h.p_Aj6ouLX4UHDX\" class=\"yaqOZd\">\n<div class=\"mYVXT\">\n<div class=\"LS81yb VICjCf\">\n<div class=\"hJDwNd-AhqUyc-uQSCkd purZT-AhqUyc-II5mzb pSzOP-AhqUyc-qWD73c JNdkSc\">\n<div class=\"oKdM2c\">\n<div id=\"h.p_H_w7XaabUHCX\" class=\"hJDwNd-AhqUyc-uQSCkd jXK9ad D2fZ2 OjCsFc wHaque GNzUNc\">\n<div class=\"jXK9ad-SmKAyb jXK9ad-SmKAyb-c4YZDc\">\n<div class=\"tyJCtd mGzaTb baZpAe\">\n<p id=\"h.p_pd4WteneWwO5\" class=\"zfr3Q\">Departamento de An\u00e1lise &#8211; Instituto de Matem\u00e1tica e Estat\u00edstica &#8211; Universidade Federal Fluminense<\/p>\n<p id=\"h.p_c3NmOXK4W-Ae\" class=\"zfr3Q\"><em>Campus<\/em> Gragoat\u00e1 &#8211; Bloco G &#8211; 5\u00ba andar &#8211; Sala 22<\/p>\n<p id=\"h.p_XY--o54IW6d2\" class=\"zfr3Q\">vitorbalestro@id.uff.br<\/p>\n<\/div>\n<\/div>\n<\/div>\n<\/div>\n<\/div>\n<\/div>\n<\/div>\n<\/section>\n","protected":false},"excerpt":{"rendered":"<p>Departamento de An\u00e1lise &#8211; Instituto de Matem\u00e1tica e Estat\u00edstica &#8211; Universidade Federal Fluminense Campus Gragoat\u00e1 &#8211; Bloco G &#8211; 5\u00ba andar &#8211; Sala 22 vitorbalestro@id.uff.br<\/p>\n","protected":false},"author":205,"featured_media":0,"parent":0,"menu_order":0,"comment_status":"closed","ping_status":"closed","template":"","meta":{"_exactmetrics_skip_tracking":false,"_exactmetrics_sitenote_active":false,"_exactmetrics_sitenote_note":"","_exactmetrics_sitenote_category":0,"footnotes":""},"categories":[],"tags":[],"class_list":["post-167","page","type-page","status-publish","hentry"],"_links":{"self":[{"href":"https:\/\/www.professores.uff.br\/vitorbalestro\/wp-json\/wp\/v2\/pages\/167","targetHints":{"allow":["GET"]}}],"collection":[{"href":"https:\/\/www.professores.uff.br\/vitorbalestro\/wp-json\/wp\/v2\/pages"}],"about":[{"href":"https:\/\/www.professores.uff.br\/vitorbalestro\/wp-json\/wp\/v2\/types\/page"}],"author":[{"embeddable":true,"href":"https:\/\/www.professores.uff.br\/vitorbalestro\/wp-json\/wp\/v2\/users\/205"}],"replies":[{"embeddable":true,"href":"https:\/\/www.professores.uff.br\/vitorbalestro\/wp-json\/wp\/v2\/comments?post=167"}],"version-history":[{"count":2,"href":"https:\/\/www.professores.uff.br\/vitorbalestro\/wp-json\/wp\/v2\/pages\/167\/revisions"}],"predecessor-version":[{"id":172,"href":"https:\/\/www.professores.uff.br\/vitorbalestro\/wp-json\/wp\/v2\/pages\/167\/revisions\/172"}],"wp:attachment":[{"href":"https:\/\/www.professores.uff.br\/vitorbalestro\/wp-json\/wp\/v2\/media?parent=167"}],"wp:term":[{"taxonomy":"category","embeddable":true,"href":"https:\/\/www.professores.uff.br\/vitorbalestro\/wp-json\/wp\/v2\/categories?post=167"},{"taxonomy":"post_tag","embeddable":true,"href":"https:\/\/www.professores.uff.br\/vitorbalestro\/wp-json\/wp\/v2\/tags?post=167"}],"curies":[{"name":"wp","href":"https:\/\/api.w.org\/{rel}","templated":true}]}}